000
CDUS43 KFSD 120632
CLIMHE


CLIMATE REPORT
NATIONAL WEATHER SERVICE SIOUX FALLS SD
1232 AM CST FRI JAN 12 2018


...................................

...THE MITCHELL SD CLIMATE SUMMARY FOR JANUARY 11 2018...

CLIMATE NORMAL PERIOD 1981 TO 2010
CLIMATE RECORD PERIOD 1893 TO 2018


WEATHER ITEM   OBSERVED TIME   RECORD YEAR NORMAL DEPARTURE LAST
                VALUE   (LST)  VALUE       VALUE  FROM      YEAR
                                                  NORMAL
..................................................................
TEMPERATURE (F)
 YESTERDAY
  MAXIMUM         13   1220 AM  65    1990  28    -15        9
  MINIMUM         -3   1159 PM -29    1918   9    -12        6
  AVERAGE          5                        18    -13        8

PRECIPITATION (IN)
  YESTERDAY        0.01          0.40 1905   0.01   0.00     0.00
  MONTH TO DATE    0.07                      0.08  -0.01     0.10
  SINCE DEC 1      0.69                      0.53   0.16     1.21
  SINCE JAN 1      0.07                      0.08  -0.01     0.10

SNOWFALL (IN)
  YESTERDAY        0.2           5.0  1964  MM     MM        0.0
  MONTH TO DATE    1.0                      MM     MM        1.4
  SINCE DEC 1     11.5                      MM     MM        9.5
  SINCE JUL 1     12.7                      MM     MM       15.0
  SNOW DEPTH       4

DEGREE DAYS
 HEATING
  YESTERDAY       60                        47     13       57
  MONTH TO DATE  558                       514     44      593
  SINCE DEC 1   1852                      1881    -29     1981
  SINCE JUL 1   3241                      3449   -208     3075

 COOLING
  YESTERDAY        0                         0      0        0
  MONTH TO DATE    0                         0      0        0
  SINCE DEC 1      0                         0      0        0
  SINCE JAN 1      0                         0      0        0
..................................................................


WIND (MPH)
  HIGHEST WIND SPEED    36   HIGHEST WIND DIRECTION    NW (320)
  HIGHEST GUST SPEED    43   HIGHEST GUST DIRECTION    NW (320)
  AVERAGE WIND SPEED    23.9


SKY COVER
  POSSIBLE SUNSHINE  MM
  AVERAGE SKY COVER 0.5


WEATHER CONDITIONS
 THE FOLLOWING WEATHER WAS RECORDED YESTERDAY.
  SNOW
  LIGHT SNOW
  FOG
  BLOWING SNOW


RELATIVE HUMIDITY (PERCENT)
 HIGHEST    92          1200 AM
 LOWEST     63           300 PM
 AVERAGE    78

..........................................................


THE MITCHELL SD CLIMATE NORMALS FOR TODAY
                         NORMAL    RECORD    YEAR
 MAXIMUM TEMPERATURE (F)   28        53      1987
                                             1953
 MINIMUM TEMPERATURE (F)    9       -37      1912


SUNRISE AND SUNSET
JANUARY 12 2018.......SUNRISE   804 AM CST   SUNSET   517 PM CST
JANUARY 13 2018.......SUNRISE   804 AM CST   SUNSET   518 PM CST


-  INDICATES NEGATIVE NUMBERS.
R  INDICATES RECORD WAS SET OR TIED.
MM INDICATES DATA IS MISSING.
T  INDICATES TRACE AMOUNT.




$$
