000
CDUS43 KFSD 200622
CLIMHE


CLIMATE REPORT
NATIONAL WEATHER SERVICE SIOUX FALLS SD
122 AM CDT FRI OCT 20 2017


...................................

...THE MITCHELL SD CLIMATE SUMMARY FOR OCTOBER 19 2017...

CLIMATE NORMAL PERIOD 1981 TO 2010
CLIMATE RECORD PERIOD 1893 TO 2017


WEATHER ITEM   OBSERVED TIME   RECORD YEAR NORMAL DEPARTURE LAST
                VALUE   (LST)  VALUE       VALUE  FROM      YEAR
                                                  NORMAL
..................................................................
TEMPERATURE (F)
 YESTERDAY
  MAXIMUM         79    347 PM  88    2000  61     18       52
  MINIMUM         38    633 AM  10    1917  37      1       35
  AVERAGE         59                        49     10       44

PRECIPITATION (IN)
  YESTERDAY        0.00          0.95 1984   0.05  -0.05      T
  MONTH TO DATE    3.06                      1.16   1.90     1.93
  SINCE SEP 1      5.67                      3.48   2.19     4.08
  SINCE JAN 1     19.49                     19.83  -0.34    23.49

SNOWFALL (IN)
  YESTERDAY        0.0           4.0  1898  MM     MM        0.0
  MONTH TO DATE    0.0                      MM     MM         T
  SINCE SEP 1      0.0                      MM     MM         T
  SINCE JUL 1      0.0                      MM     MM         T
  SNOW DEPTH       0

DEGREE DAYS
 HEATING
  YESTERDAY        6                        16    -10       21
  MONTH TO DATE  216                       251    -35      205
  SINCE SEP 1    310                       392    -82      281
  SINCE JUL 1    312                       409    -97      289

 COOLING
  YESTERDAY        0                         0      0        0
  MONTH TO DATE    5                         7     -2        4
  SINCE SEP 1    118                        79     39      103
  SINCE JAN 1    888                       824     64     1035
..................................................................


WIND (MPH)
  HIGHEST WIND SPEED    23   HIGHEST WIND DIRECTION     S (170)
  HIGHEST GUST SPEED    29   HIGHEST GUST DIRECTION     S (170)
  AVERAGE WIND SPEED    13.1


SKY COVER
  POSSIBLE SUNSHINE  MM
  AVERAGE SKY COVER 0.0


WEATHER CONDITIONS
 THE FOLLOWING WEATHER WAS RECORDED YESTERDAY.
  NO SIGNIFICANT WEATHER WAS OBSERVED.


RELATIVE HUMIDITY (PERCENT)
 HIGHEST    85           100 AM
 LOWEST     28           400 PM
 AVERAGE    57

..........................................................


THE MITCHELL SD CLIMATE NORMALS FOR TODAY
                         NORMAL    RECORD    YEAR
 MAXIMUM TEMPERATURE (F)   60        88      1947
 MINIMUM TEMPERATURE (F)   36        12      1917


SUNRISE AND SUNSET
OCTOBER 20 2017.......SUNRISE   753 AM CDT   SUNSET   640 PM CDT
OCTOBER 21 2017.......SUNRISE   754 AM CDT   SUNSET   638 PM CDT


-  INDICATES NEGATIVE NUMBERS.
R  INDICATES RECORD WAS SET OR TIED.
MM INDICATES DATA IS MISSING.
T  INDICATES TRACE AMOUNT.




$$
