000
CDUS43 KFSD 280646
CLIMHE


CLIMATE REPORT
NATIONAL WEATHER SERVICE SIOUX FALLS SD
145 AM CDT SUN JUN 28 2015


...................................

...THE MITCHELL SD CLIMATE SUMMARY FOR JUNE 27 2015...

CLIMATE NORMAL PERIOD 1981 TO 2010
CLIMATE RECORD PERIOD 1893 TO 2015


WEATHER ITEM   OBSERVED TIME   RECORD YEAR NORMAL DEPARTURE LAST
                VALUE   (LST)  VALUE       VALUE  FROM      YEAR
                                                  NORMAL
..................................................................
TEMPERATURE (F)
 YESTERDAY
  MAXIMUM         88    416 PM 108    1931  85      3       85
  MINIMUM         60    523 AM  41    1898  62     -2       66
  AVERAGE         74                        73      1       76

PRECIPITATION (IN)
  YESTERDAY        0.15          2.67 1953   0.09   0.06     0.32
  MONTH TO DATE    2.72                      3.84  -1.12     4.16
  SINCE JUN 1      2.72                      3.84  -1.12     4.16
  SINCE JAN 1      9.81                     10.57  -0.76     8.89

SNOWFALL (IN)
  YESTERDAY        0.0           0.0    MM  MM     MM        0.0
  MONTH TO DATE    0.0                      MM     MM        0.0
  SINCE JUN 1      0.0                      MM     MM        0.0
  SINCE JUL 1     22.6                      MM     MM       30.8
  SNOW DEPTH       0

DEGREE DAYS
 HEATING
  YESTERDAY        0                         0      0        0
  MONTH TO DATE    3                        33    -30       26
  SINCE JUN 1      3                        33    -30       26
  SINCE JUL 1   6876                      7243   -367     7791

 COOLING
  YESTERDAY        9                         9      0       11
  MONTH TO DATE  172                       142     30      132
  SINCE JUN 1    172                       142     30      132
  SINCE JAN 1    203                       182     21      210
..................................................................


WIND (MPH)
  HIGHEST WIND SPEED    29   HIGHEST WIND DIRECTION    NW (330)
  HIGHEST GUST SPEED    37   HIGHEST GUST DIRECTION     N (340)
  AVERAGE WIND SPEED     6.5


SKY COVER
  POSSIBLE SUNSHINE  MM
  AVERAGE SKY COVER 0.2


WEATHER CONDITIONS
 THE FOLLOWING WEATHER WAS RECORDED YESTERDAY.
  THUNDERSTORM
  HEAVY RAIN
  RAIN
  LIGHT RAIN
  FOG


RELATIVE HUMIDITY (PERCENT)
 HIGHEST    90           500 AM
 LOWEST     32           200 PM
 AVERAGE    61

..........................................................


THE MITCHELL SD CLIMATE NORMALS FOR TODAY
                         NORMAL    RECORD    YEAR
 MAXIMUM TEMPERATURE (F)   85       110      1931
 MINIMUM TEMPERATURE (F)   62        44      1898
                                             1896


SUNRISE AND SUNSET
JUNE 28 2015..........SUNRISE   552 AM CDT   SUNSET   918 PM CDT
JUNE 29 2015..........SUNRISE   553 AM CDT   SUNSET   918 PM CDT


-  INDICATES NEGATIVE NUMBERS.
R  INDICATES RECORD WAS SET OR TIED.
MM INDICATES DATA IS MISSING.
T  INDICATES TRACE AMOUNT.




$$
