000
CDUS43 KFSD 292234
CLIMHE


CLIMATE REPORT
NATIONAL WEATHER SERVICE SIOUX FALLS SD
434 PM CST THU JAN 29 2015


...................................

...THE MITCHELL SD CLIMATE SUMMARY FOR JANUARY 29 2015...
VALID TODAY AS OF 0400 PM LOCAL TIME.

CLIMATE NORMAL PERIOD 1981 TO 2010
CLIMATE RECORD PERIOD 1893 TO 2015


WEATHER ITEM   OBSERVED TIME   RECORD YEAR NORMAL DEPARTURE LAST
                VALUE   (LST)  VALUE       VALUE  FROM      YEAR
                                                  NORMAL
..................................................................
TEMPERATURE (F)
 TODAY
  MAXIMUM         35    453 AM  67    1931  30      5       50
  MINIMUM         32    359 PM -31    1966  10     22        3
  AVERAGE         34                        20     14       27

PRECIPITATION (IN)
  TODAY            0.00          1.30 2001   0.01  -0.01     0.00
  MONTH TO DATE    0.40                      0.21   0.19     0.06
  SINCE DEC 1      1.62                      0.66   0.96     0.71
  SINCE JAN 1      0.40                      0.21   0.19     0.06

SNOWFALL (IN)
  TODAY            0.0          13.0  2001  MM     MM        0.0
  MONTH TO DATE    5.2                      MM     MM        0.4
  SINCE DEC 1     12.9                      MM     MM       11.8
  SINCE JUL 1     18.5                      MM     MM       15.8
  SNOW DEPTH       0

DEGREE DAYS
 HEATING
  TODAY           31                        45    -14       38
  MONTH TO DATE 1232                      1343   -111     1353
  SINCE DEC 1   2457                      2710   -253     2959
  SINCE JUL 1   4113                      4278   -165     4467

 COOLING
  TODAY            0                         0      0        0
  MONTH TO DATE    0                         0      0        0
  SINCE DEC 1      0                         0      0        0
  SINCE JAN 1      0                         0      0        0
..................................................................


WIND (MPH)
  HIGHEST WIND SPEED    28   HIGHEST WIND DIRECTION    NW (330)
  HIGHEST GUST SPEED    36   HIGHEST GUST DIRECTION     N (340)
  AVERAGE WIND SPEED    19.7


SKY COVER
  POSSIBLE SUNSHINE  MM
  AVERAGE SKY COVER 1.0


WEATHER CONDITIONS
 THE FOLLOWING WEATHER WAS RECORDED TODAY.
  NO SIGNIFICANT WEATHER WAS OBSERVED.


RELATIVE HUMIDITY (PERCENT)
 HIGHEST    82          1200 AM
 LOWEST     61           200 PM
 AVERAGE    72

..........................................................


THE MITCHELL SD CLIMATE NORMALS FOR TOMORROW
                         NORMAL    RECORD    YEAR
 MAXIMUM TEMPERATURE (F)   30        62      1989
 MINIMUM TEMPERATURE (F)   10       -26      1966


SUNRISE AND SUNSET
JANUARY 29 2015.......SUNRISE   752 AM CST   SUNSET   539 PM CST
JANUARY 30 2015.......SUNRISE   751 AM CST   SUNSET   540 PM CST


-  INDICATES NEGATIVE NUMBERS.
R  INDICATES RECORD WAS SET OR TIED.
MM INDICATES DATA IS MISSING.
T  INDICATES TRACE AMOUNT.




$$
