000
CDUS43 KFSD 020624
CLIMHE


CLIMATE REPORT
NATIONAL WEATHER SERVICE SIOUX FALLS SD
123 AM CDT SAT AUG 2 2014


...................................

...THE MITCHELL SD CLIMATE SUMMARY FOR AUGUST 1 2014...

CLIMATE NORMAL PERIOD 1981 TO 2010
CLIMATE RECORD PERIOD 1893 TO 2014


WEATHER ITEM   OBSERVED TIME   RECORD YEAR NORMAL DEPARTURE LAST
                VALUE   (LST)  VALUE       VALUE  FROM      YEAR
                                                  NORMAL
..................................................................
TEMPERATURE (F)
 YESTERDAY
  MAXIMUM         84    425 PM 109    1901  85     -1       86
  MINIMUM         56    546 AM  46    1904  63     -7       59
  AVERAGE         70                        74     -4       73

PRECIPITATION (IN)
  YESTERDAY        0.00          2.24 1921   0.06  -0.06     0.00
  MONTH TO DATE    0.00                      0.06  -0.06     0.00
  SINCE JUN 1      5.55                      7.30  -1.75     6.00
  SINCE JAN 1     10.28                     14.03  -3.75    15.95

SNOWFALL (IN)
  YESTERDAY        0.0           0.0    MM  MM     MM        0.0
  MONTH TO DATE    0.0                      MM     MM        0.0
  SINCE JUN 1      0.0                      MM     MM        0.0
  SINCE JUL 1      0.0                      MM     MM        0.0
  SNOW DEPTH       0

DEGREE DAYS
 HEATING
  YESTERDAY        0                         0      0        0
  MONTH TO DATE    0                         0      0        0
  SINCE JUN 1     35                        40     -5       70
  SINCE JUL 1      9                         5      4       20

 COOLING
  YESTERDAY        5                         9     -4        8
  MONTH TO DATE    5                         9     -4        8
  SINCE JUN 1    379                       487   -108      463
  SINCE JAN 1    457                       527    -70      520
..................................................................


WIND (MPH)
  HIGHEST WIND SPEED    14   HIGHEST WIND DIRECTION     W (250)
  HIGHEST GUST SPEED    17   HIGHEST GUST DIRECTION    SW (240)
  AVERAGE WIND SPEED     5.4


SKY COVER
  POSSIBLE SUNSHINE  MM
  AVERAGE SKY COVER 0.0


WEATHER CONDITIONS
 THE FOLLOWING WEATHER WAS RECORDED YESTERDAY.
  FOG


RELATIVE HUMIDITY (PERCENT)
 HIGHEST   100           400 AM
 LOWEST     40           300 PM
 AVERAGE    70

..........................................................


THE MITCHELL SD CLIMATE NORMALS FOR TODAY
                         NORMAL    RECORD    YEAR
 MAXIMUM TEMPERATURE (F)   85       108      1938
 MINIMUM TEMPERATURE (F)   63        43      1950
                                             1907


SUNRISE AND SUNSET
AUGUST  2 2014........SUNRISE   622 AM CDT   SUNSET   854 PM CDT
AUGUST  3 2014........SUNRISE   623 AM CDT   SUNSET   853 PM CDT


-  INDICATES NEGATIVE NUMBERS.
R  INDICATES RECORD WAS SET OR TIED.
MM INDICATES DATA IS MISSING.
T  INDICATES TRACE AMOUNT.




$$
