000
CDUS43 KFSD 050631
CLIMHE


CLIMATE REPORT
NATIONAL WEATHER SERVICE SIOUX FALLS SD
130 AM CDT SAT SEP 5 2015


...................................

...THE MITCHELL SD CLIMATE SUMMARY FOR SEPTEMBER 4 2015...

CLIMATE NORMAL PERIOD 1981 TO 2010
CLIMATE RECORD PERIOD 1893 TO 2015


WEATHER ITEM   OBSERVED TIME   RECORD YEAR NORMAL DEPARTURE LAST
                VALUE   (LST)  VALUE       VALUE  FROM      YEAR
                                                  NORMAL
..................................................................
TEMPERATURE (F)
 YESTERDAY
  MAXIMUM         92    202 PM 104    1931  80     12       78
  MINIMUM         73    622 AM  35    1974  55     18       56
  AVERAGE         83                        68     15       67

PRECIPITATION (IN)
  YESTERDAY        T             3.00 1999   0.08  -0.08      T
  MONTH TO DATE    T                         0.38  -0.38     0.39
  SINCE SEP 1      T                         0.38  -0.38     0.39
  SINCE JAN 1     16.93                     16.73   0.20    15.49

SNOWFALL (IN)
  YESTERDAY        0.0           0.0    MM  MM     MM        0.0
  MONTH TO DATE    0.0                      MM     MM        0.0
  SINCE SEP 1      0.0                      MM     MM        0.0
  SINCE JUL 1      0.0                      MM     MM        0.0
  SNOW DEPTH       0

DEGREE DAYS
 HEATING
  YESTERDAY        0                         2     -2        0
  MONTH TO DATE    0                         7     -7        0
  SINCE SEP 1      0                         7     -7        0
  SINCE JUL 1     28                        24      4       12

 COOLING
  YESTERDAY       18                         5     13        2
  MONTH TO DATE   56                        20     36       18
  SINCE SEP 1     56                        20     36       18
  SINCE JAN 1    780                       765     15      664
..................................................................


WIND (MPH)
  HIGHEST WIND SPEED    22   HIGHEST WIND DIRECTION    SE (140)
  HIGHEST GUST SPEED    30   HIGHEST GUST DIRECTION     S (180)
  AVERAGE WIND SPEED    11.4


SKY COVER
  POSSIBLE SUNSHINE  MM
  AVERAGE SKY COVER 0.1


WEATHER CONDITIONS
 THE FOLLOWING WEATHER WAS RECORDED YESTERDAY.
  THUNDERSTORM


RELATIVE HUMIDITY (PERCENT)
 HIGHEST    87           100 AM
 LOWEST     44           200 PM
 AVERAGE    66

..........................................................


THE MITCHELL SD CLIMATE NORMALS FOR TODAY
                         NORMAL    RECORD    YEAR
 MAXIMUM TEMPERATURE (F)   80       106      1933
 MINIMUM TEMPERATURE (F)   55        36      1909


SUNRISE AND SUNSET
SEPTEMBER  5 2015.....SUNRISE   700 AM CDT   SUNSET   801 PM CDT
SEPTEMBER  6 2015.....SUNRISE   701 AM CDT   SUNSET   759 PM CDT


-  INDICATES NEGATIVE NUMBERS.
R  INDICATES RECORD WAS SET OR TIED.
MM INDICATES DATA IS MISSING.
T  INDICATES TRACE AMOUNT.




$$
