000
CXUS53 KFSD 020212
CLMMHE
CLIMATE REPORT
NATIONAL WEATHER SERVICE SIOUX FALLS SD
912 PM CDT SAT JUL 01 2023
...................................
...THE MITCHELL SD CLIMATE SUMMARY FOR THE MONTH OF JUNE 2023...
CLIMATE NORMAL PERIOD: 1991 TO 2020
CLIMATE RECORD PERIOD: 1893 TO 2023
WEATHER OBSERVED NORMAL DEPART LAST YEAR`S
VALUE DATE(S) VALUE FROM VALUE DATE(S)
NORMAL
................................................................
TEMPERATURE (F)
RECORD
HIGH 111 06/25/1936
LOW 31 06/02/1946
06/07/1901
HIGHEST 100 06/19 MM MM 103 06/29
LOWEST 49 06/12 MM MM 42 06/03
AVG. MAXIMUM 86.5 81.2 5.3 83.6
AVG. MINIMUM 62.1 58.5 3.6 59.3
MEAN 74.3 69.9 4.4 71.6
DAYS MAX >= 90 13 5.0 8.0 8
DAYS MAX <= 32 0 0.0 0.0 0
DAYS MIN <= 32 0 0.0 0.0 0
DAYS MIN <= 0 0 0.0 0.0 0
PRECIPITATION (INCHES)
RECORD
MAXIMUM 11.11 1984
MINIMUM 0.41 1988
TOTALS 2.12 3.51 -1.39 1.28
DAILY AVG. 0.07 0.12 -0.05 0.04
DAYS >= .01 7 11.3 -4.3 10
DAYS >= .10 5 6.2 -1.2 3
DAYS >= .50 1 2.6 -1.6 1
DAYS >= 1.00 0 0.8 -0.8 0
GREATEST
24 HR. TOTAL 0.99 06/09 TO 06/09
SNOWFALL (INCHES)
RECORDS
TOTAL MM MM
TOTALS 0.0 MM MM 0.0
SINCE 7/1 58.7 MM MM MM
SNOWDEPTH AVG. 0 0
DAYS >= 1.0 0 MM MM 0
GREATEST
SNOW DEPTH 0 0 MM
24 HR TOTAL MM
DEGREE DAYS
HEATING TOTAL 1 33 -32 30
SINCE 7/1 7549 7155 394 MM
COOLING TOTAL 287 178 109 233
SINCE 1/1 399 224 175 MM
................................................................
WIND (MPH)
AVERAGE WIND SPEED 8.3
HIGHEST WIND SPEED/DIRECTION 36/300 DATE 06/25
HIGHEST GUST SPEED/DIRECTION 55/290 DATE 06/25
SKY COVER
POSSIBLE SUNSHINE (PERCENT) MM
AVERAGE SKY COVER 0.20
NUMBER OF DAYS FAIR 22
NUMBER OF DAYS PC 7
NUMBER OF DAYS CLOUDY 1
AVERAGE RH (PERCENT) 60
WEATHER CONDITIONS. NUMBER OF DAYS WITH
THUNDERSTORM 10 MIXED PRECIP 0
HEAVY RAIN 3 RAIN 5
LIGHT RAIN 12 FREEZING RAIN 0
LT FREEZING RAIN 0 HAIL 0
HEAVY SNOW 0 SNOW 0
LIGHT SNOW 0 SLEET 0
FOG 12 FOG W/VIS <= 1/4 MILE 0
HAZE 6
- INDICATES NEGATIVE NUMBERS.
R INDICATES RECORD WAS SET OR TIED.
MM INDICATES DATA IS MISSING.
T INDICATES TRACE AMOUNT.
$$