000
CXUS53 KFSD 022033
CLMMHE

CLIMATE REPORT
NATIONAL WEATHER SERVICE SIOUX FALLS SD
333 PM CDT MON JUN 2 2014

...................................

...THE MITCHELL SD CLIMATE SUMMARY FOR THE MONTH OF MAY 2014...

CLIMATE NORMAL PERIOD 1981 TO 2010
CLIMATE RECORD PERIOD 1893 TO 2014

WEATHER         OBSERVED          NORMAL  DEPART  LAST YEAR`S
                 VALUE   DATE(S)  VALUE   FROM    VALUE  DATE(S)
                                          NORMAL
................................................................
TEMPERATURE (F)
RECORD
 HIGH             108   05/30/1934
 LOW               18   05/03/1967
HIGHEST            92   05/30        MM      MM       95  05/14
LOWEST             27   05/15        MM      MM       20  05/03
AVG. MAXIMUM     71.6              71.1     0.5     70.0
AVG. MINIMUM     47.1              47.8    -0.7     47.8
MEAN             59.3              59.5    -0.2     58.9
DAYS MAX >= 90      1               1.1    -0.1        2
DAYS MAX <= 32      0               0.0     0.0        0
DAYS MIN <= 32      3               1.0     2.0        3
DAYS MIN <= 0       0               0.0     0.0        0

PRECIPITATION (INCHES)
RECORD
 MAXIMUM           MM   MM
 MINIMUM           MM   MM
TOTALS           2.66              2.93   -0.27     4.92
DAILY AVG.       0.09              0.09    0.00     0.16
DAYS >= .01        10                MM      MM       13
DAYS >= .10         6                MM      MM        8
DAYS >= .50         2                MM      MM        4
DAYS >= 1.00        0                MM      MM        1
GREATEST
 24 HR. TOTAL    0.99   05/31 TO 05/31
                        05/30 TO 05/31
                        05/31 TO 05/31

SNOWFALL (INCHES)
RECORDS
 TOTAL             MM   MM
TOTALS            0.0                MM      MM      0.0
SINCE 7/1        30.8                MM      MM     54.5
SNOWDEPTH AVG.      0                MM      MM        0
DAYS >= 1.0         0                MM      MM        0
GREATEST
 SNOW DEPTH         0   MM                             0  MM
 24 HR TOTAL      0.0   05/31 TO 05/31

DEGREE_DAYS
HEATING TOTAL     242               210      32      237
 SINCE 7/1       7765              7210     555     7601
COOLING TOTAL      78                38      40       57
 SINCE 1/1         78                40      38       57
.................................................................

WIND (MPH)
AVERAGE WIND SPEED              11.1
HIGHEST WIND SPEED/DIRECTION    39/010    DATE  05/27
HIGHEST GUST SPEED/DIRECTION    48/360    DATE  05/27

SKY COVER
POSSIBLE SUNSHINE (PERCENT)   MM
AVERAGE SKY COVER           0.30
NUMBER OF DAYS FAIR           22
NUMBER OF DAYS PC              5
NUMBER OF DAYS CLOUDY          4

AVERAGE RH (PERCENT)     62

WEATHER CONDITIONS. NUMBER OF DAYS WITH
THUNDERSTORM              0     MIXED PRECIP               0
HEAVY RAIN                4     RAIN                       2
LIGHT RAIN               17     FREEZING RAIN              0
LT FREEZING RAIN          0     HAIL                       0
HEAVY SNOW                0     SNOW                       0
LIGHT SNOW                0     SLEET                      0
FOG                       7     FOG W/VIS <= 1/4 MILE      1
HAZE                      0

-  INDICATES NEGATIVE NUMBERS.
R  INDICATES RECORD WAS SET OR TIED.
MM INDICATES DATA IS MISSING.
T  INDICATES TRACE AMOUNT.

$$
