000
CXUS53 KFSD 011744 RRA
CLMMHE
CLIMATE REPORT
NATIONAL WEATHER SERVICE SIOUX FALLS SD
1138 AM CST FRI DEC 01 2023
...................................
...THE MITCHELL SD CLIMATE SUMMARY FOR THE MONTH OF NOVEMBER 2023...
CLIMATE NORMAL PERIOD: 1991 TO 2020
CLIMATE RECORD PERIOD: 1893 TO 2023
WEATHER OBSERVED NORMAL DEPART LAST YEAR`S
VALUE DATE(S) VALUE FROM VALUE DATE(S)
NORMAL
................................................................
TEMPERATURE (F)
RECORD
HIGH 84 11/06/2020
LOW -22 11/14/1959
HIGHEST 70 11/05 MM MM 79 11/01
LOWEST 11 11/24 MM MM 7 11/18
AVG. MAXIMUM 52.3 45.6 6.7 43.6
AVG. MINIMUM 25.1 24.2 0.9 21.0
MEAN 38.7 34.9 3.8 32.3
DAYS MAX >= 90 0 0.0 0.0 0
DAYS MAX <= 32 4 5.1 -1.1 11
DAYS MIN <= 32 27 22.7 4.3 26
DAYS MIN <= 0 0 0.4 -0.4 0
PRECIPITATION (INCHES)
RECORD
MAXIMUM 3.74 1983
MINIMUM 0.00 1912
TOTALS 0.10 0.55 -0.45 0.48
DAILY AVG. 0.01 0.02 -0.01 0.02
DAYS >= .01 3 3.6 -0.6 4
DAYS >= .10 1 1.4 -0.4 2
DAYS >= .50 0 0.2 -0.2 0
DAYS >= 1.00 0 0.0 0.0 0
GREATEST
24 HR. TOTAL 0.10 11/19 TO 11/19
SNOWFALL (INCHES)
RECORDS
TOTAL 20.0 1909
TOTALS 1.1 MM MM 0.5
SINCE 7/1 1.3 MM MM MM
SNOWDEPTH AVG. 0 -1
DAYS >= 1.0 0 MM MM MM
GREATEST
SNOW DEPTH 1 11/26 MM 11/18
11/19
11/29
24 HR TOTAL 1.0R 11/25 TO 11/26
DEGREE DAYS
HEATING TOTAL 782 903 -121 975
SINCE 7/1 1308 1522 -214 MM
COOLING TOTAL 0 0 0 0
SINCE 1/1 1113 879 234 MM
WIND (MPH)
AVERAGE WIND SPEED 9.6
HIGHEST WIND SPEED/DIRECTION 38/300 DATE 11/09
HIGHEST GUST SPEED/DIRECTION 50/300 DATE 11/09
SKY COVER
POSSIBLE SUNSHINE (PERCENT) MM
AVERAGE SKY COVER 0.20
NUMBER OF DAYS FAIR 22
NUMBER OF DAYS PC 5
NUMBER OF DAYS CLOUDY 3
AVERAGE RH (PERCENT) 63
WEATHER CONDITIONS. NUMBER OF DAYS WITH
THUNDERSTORM 0 MIXED PRECIP 0
HEAVY RAIN 0 RAIN 1
LIGHT RAIN 2 FREEZING RAIN 0
LT FREEZING RAIN 0 HAIL 0
HEAVY SNOW 0 SNOW 1
LIGHT SNOW 3 SLEET 0
FOG 11 FOG W/VIS <= 1/4 MILE 1
HAZE 0
- INDICATES NEGATIVE NUMBERS.
R INDICATES RECORD WAS SET OR TIED.
MM INDICATES DATA IS MISSING.
T INDICATES TRACE AMOUNT.
$$