809
CXUS53 KFSD 011651
CLMMHE

CLIMATE REPORT
NATIONAL WEATHER SERVICE SIOUX FALLS SD
1045 AM CST FRI DEC 1 2017

...................................

...THE MITCHELL SD CLIMATE SUMMARY FOR THE MONTH OF NOVEMBER 2017...

CLIMATE NORMAL PERIOD 1981 TO 2010
CLIMATE RECORD PERIOD 1893 TO 2017

WEATHER         OBSERVED          NORMAL  DEPART  LAST YEAR`S
                 VALUE   DATE(S)  VALUE   FROM    VALUE  DATE(S)
                                          NORMAL
................................................................
TEMPERATURE (F)
RECORD
 HIGH              81   11/08/1999
                        11/15/1953
 LOW              -22   11/14/1959
HIGHEST            72   11/27        MM      MM       76  11/05
                                                          11/04
LOWEST             12   11/22        MM      MM       17  11/19
AVG. MAXIMUM     48.3              44.3     4.0     54.3
AVG. MINIMUM     24.6              23.9     0.7     32.3
MEAN             36.4              34.1     2.3     43.3
DAYS MAX >= 90      0               0.0     0.0        0
DAYS MAX <= 32      4               6.2    -2.2        1
DAYS MIN <= 32     24              23.8     0.2       12
DAYS MIN <= 0       0               0.5    -0.5        0

PRECIPITATION (INCHES)
RECORD
 MAXIMUM           MM   MM
 MINIMUM           MM   MM
TOTALS           0.10              0.78   -0.68     1.70
DAILY AVG.       0.00              0.03   -0.03     0.06
DAYS >= .01         3                MM      MM        7
DAYS >= .10         0                MM      MM        3
DAYS >= .50         0                MM      MM        1
DAYS >= 1.00        0                MM      MM        0
GREATEST
 24 HR. TOTAL    0.08   11/06 TO 11/06

SNOWFALL (INCHES)
RECORDS
 TOTAL             MM   MM
TOTALS            1.2                MM      MM      5.5
SINCE 7/1         1.2                MM      MM      5.5
SNOWDEPTH AVG.      0                MM      MM        0
DAYS >= 1.0         1                MM      MM        1
GREATEST
 SNOW DEPTH         1   11/07                          4  11/19
 24 HR TOTAL      1.0   11/06 TO 11/06

DEGREE_DAYS
HEATING TOTAL     849               927     -78      643
 SINCE 7/1       1389              1568    -179     1094
COOLING TOTAL       0                 0       0        0
 SINCE 1/1        890               824      66     1036
.................................................................

WIND (MPH)
AVERAGE WIND SPEED              10.8
HIGHEST WIND SPEED/DIRECTION    39/310    DATE  11/24
HIGHEST GUST SPEED/DIRECTION    51/310    DATE  11/24

SKY COVER
POSSIBLE SUNSHINE (PERCENT)   MM
AVERAGE SKY COVER           0.30
NUMBER OF DAYS FAIR           20
NUMBER OF DAYS PC              6
NUMBER OF DAYS CLOUDY          4

AVERAGE RH (PERCENT)     66

WEATHER CONDITIONS. NUMBER OF DAYS WITH
THUNDERSTORM              0     MIXED PRECIP               0
HEAVY RAIN                0     RAIN                       0
LIGHT RAIN                5     FREEZING RAIN              0
LT FREEZING RAIN          0     HAIL                       0
HEAVY SNOW                1     SNOW                       1
LIGHT SNOW                5     SLEET                      0
FOG                       7     FOG W/VIS <= 1/4 MILE      1
HAZE                      0

-  INDICATES NEGATIVE NUMBERS.
R  INDICATES RECORD WAS SET OR TIED.
MM INDICATES DATA IS MISSING.
T  INDICATES TRACE AMOUNT.

$$
