000
CXUS53 KFSD 011508
CLMMHE

CLIMATE REPORT
NATIONAL WEATHER SERVICE SIOUX FALLS SD
1008 AM CDT THU MAY 1 2014

...................................

...THE MITCHELL SD CLIMATE SUMMARY FOR THE MONTH OF APRIL 2014...

CLIMATE NORMAL PERIOD 1981 TO 2010
CLIMATE RECORD PERIOD 1893 TO 2014

WEATHER         OBSERVED          NORMAL  DEPART  LAST YEAR`S
                 VALUE   DATE(S)  VALUE   FROM    VALUE  DATE(S)
                                          NORMAL
................................................................
TEMPERATURE (F)
RECORD
 HIGH              97   04/21/1980
                        04/25/1962
 LOW                1   04/01/1924
HIGHEST            85   04/09        MM      MM       MM  MM
LOWEST             16   04/01        MM      MM       MM  MM
AVG. MAXIMUM     60.3              60.2     0.1       MM
AVG. MINIMUM     34.2              35.3    -1.1       MM
MEAN             47.2              47.8    -0.6       MM
DAYS MAX >= 90      0               0.0     0.0       MM
DAYS MAX <= 32      1               0.7     0.3       MM
DAYS MIN <= 32     13              10.6     2.4       MM
DAYS MIN <= 0       0               0.0     0.0       MM

PRECIPITATION (INCHES)
RECORD
 MAXIMUM           MM   MM
 MINIMUM           MM   MM
TOTALS           0.53              2.18   -1.65       MM
DAILY AVG.       0.02              0.07   -0.05       MM
DAYS >= .01         6                MM      MM       MM
DAYS >= .10         2                MM      MM       MM
DAYS >= .50         0                MM      MM       MM
DAYS >= 1.00        0                MM      MM       MM
GREATEST
 24 HR. TOTAL    0.37   04/28 TO 04/29

SNOWFALL (INCHES)
RECORDS
 TOTAL             MM   MM
TOTALS              T                MM      MM       MM
SINCE 7/1        30.8                MM      MM       MM
SNOWDEPTH AVG.      0                MM      MM       MM
DAYS >= 1.0         0                MM      MM       MM
GREATEST
 SNOW DEPTH         0   MM                            MM  MM
 24 HR TOTAL        T   04/16 TO 04/16

DEGREE_DAYS
HEATING TOTAL     527               520       7       MM
 SINCE 7/1       7523              7000     523       MM
COOLING TOTAL       0                 2      -2       MM
 SINCE 1/1          0                 2      -2       MM
.................................................................

WIND (MPH)
AVERAGE WIND SPEED              14.7
HIGHEST WIND SPEED/DIRECTION    41/110    DATE  04/26
HIGHEST GUST SPEED/DIRECTION    53/120    DATE  04/26

SKY COVER
POSSIBLE SUNSHINE (PERCENT)   MM
AVERAGE SKY COVER           0.40
NUMBER OF DAYS FAIR           19
NUMBER OF DAYS PC              6
NUMBER OF DAYS CLOUDY          5

AVERAGE RH (PERCENT)     61

WEATHER CONDITIONS. NUMBER OF DAYS WITH
THUNDERSTORM              0     MIXED PRECIP               0
HEAVY RAIN                0     RAIN                       1
LIGHT RAIN               15     FREEZING RAIN              0
LT FREEZING RAIN          0     HAIL                       0
HEAVY SNOW                0     SNOW                       0
LIGHT SNOW                3     SLEET                      0
FOG                       8     FOG W/VIS <= 1/4 MILE      0
HAZE                      0

-  INDICATES NEGATIVE NUMBERS.
R  INDICATES RECORD WAS SET OR TIED.
MM INDICATES DATA IS MISSING.
T  INDICATES TRACE AMOUNT.

$$
