000
CXUS53 KFSD 022317
CLMMHE

CLIMATE REPORT
NATIONAL WEATHER SERVICE SIOUX FALLS SD
517 PM CST MON DEC 2 2013

...................................

...THE MITCHELL SD CLIMATE SUMMARY FOR THE MONTH OF NOVEMBER 2013...

CLIMATE NORMAL PERIOD 1981 TO 2010
CLIMATE RECORD PERIOD 1893 TO 2013

WEATHER         OBSERVED          NORMAL  DEPART  LAST YEAR`S
                 VALUE   DATE(S)  VALUE   FROM    VALUE  DATE(S)
                                          NORMAL
................................................................
TEMPERATURE (F)
RECORD
 HIGH              81   11/08/1999
                        11/15/1953
 LOW              -22   11/14/1959
HIGHEST            62   11/13        MM      MM       71  11/21
LOWEST              1   11/22        MM      MM       13  11/26
AVG. MAXIMUM     46.2              44.3     1.9     47.9
AVG. MINIMUM     21.5              23.9    -2.4     24.5
MEAN             33.8              34.1    -0.3     36.2
DAYS MAX >= 90      0               0.0     0.0        0
DAYS MAX <= 32      4               6.2    -2.2        3
DAYS MIN <= 32     26              23.8     2.2       23
DAYS MIN <= 0       0               0.5    -0.5        0

PRECIPITATION (INCHES)
RECORD
 MAXIMUM           MM   MM
 MINIMUM           MM   MM
TOTALS           0.39              0.78   -0.39     0.08
DAILY AVG.       0.01              0.03   -0.02     0.00
DAYS >= .01         4                MM      MM        1
DAYS >= .10         1                MM      MM        0
DAYS >= .50         0                MM      MM        0
DAYS >= 1.00        0                MM      MM        0
GREATEST
 24 HR. TOTAL    0.28   11/05 TO 11/05

SNOWFALL (INCHES)
RECORDS
 TOTAL             MM   MM
TOTALS            4.0                MM      MM        T
SINCE 7/1         4.0                MM      MM      0.7
SNOWDEPTH AVG.      0                MM      MM        0
DAYS >= 1.0         1                MM      MM        0
GREATEST
 SNOW DEPTH         3   11/06                          0  MM
 24 HR TOTAL      2.6   11/05 TO 11/05

DEGREE_DAYS
HEATING TOTAL     925               927      -2      858
 SINCE 7/1       1508              1568     -60     1526
COOLING TOTAL       0                 0       0        0
 SINCE 1/1        946               824     122     1236
.................................................................

WIND (MPH)
AVERAGE WIND SPEED              11.2
HIGHEST WIND SPEED/DIRECTION    31/180    DATE  11/03
HIGHEST GUST SPEED/DIRECTION    41/180    DATE  11/03

SKY COVER
POSSIBLE SUNSHINE (PERCENT)   MM
AVERAGE SKY COVER           0.20
NUMBER OF DAYS FAIR           22
NUMBER OF DAYS PC              6
NUMBER OF DAYS CLOUDY          2

AVERAGE RH (PERCENT)     68

WEATHER CONDITIONS. NUMBER OF DAYS WITH
THUNDERSTORM              0     MIXED PRECIP               0
HEAVY RAIN                0     RAIN                       0
LIGHT RAIN                3     FREEZING RAIN              0
LT FREEZING RAIN          0     HAIL                       0
HEAVY SNOW                0     SNOW                       1
LIGHT SNOW                3     SLEET                      0
FOG                       6     FOG W/VIS <= 1/4 MILE      2
HAZE                      0

-  INDICATES NEGATIVE NUMBERS.
R  INDICATES RECORD WAS SET OR TIED.
MM INDICATES DATA IS MISSING.
T  INDICATES TRACE AMOUNT.

$$
