000
CXUS53 KFSD 011918 RRA
CLMMHE

CLIMATE REPORT
NATIONAL WEATHER SERVICE SIOUX FALLS SD
114 PM CST SUN MAR 1 2015

...................................

...THE MITCHELL SD CLIMATE SUMMARY FOR THE MONTH OF FEBRUARY 2015...

CLIMATE NORMAL PERIOD 1981 TO 2010
CLIMATE RECORD PERIOD 1893 TO 2015

WEATHER         OBSERVED          NORMAL  DEPART  LAST YEAR`S
                 VALUE   DATE(S)  VALUE   FROM    VALUE  DATE(S)
                                          NORMAL
................................................................
TEMPERATURE (F)
RECORD
 HIGH              72   02/21/2000
 LOW              -40   02/10/1994
                        02/09/1994
HIGHEST            56   02/07        MM      MM       58  02/19
LOWEST             -8   02/26        MM      MM      -17  02/10
AVG. MAXIMUM     30.1              33.6    -3.5     26.5
AVG. MINIMUM      6.8              13.9    -7.1      4.0
MEAN             18.4              23.7    -5.3     15.2
DAYS MAX >= 90      0               0.0     0.0        0
DAYS MAX <= 32     17              12.7     4.3       20
DAYS MIN <= 32     28              26.4     1.6       28
DAYS MIN <= 0      11               4.5     6.5       10

PRECIPITATION (INCHES)
RECORD
 MAXIMUM           MM   MM
 MINIMUM           MM   MM
TOTALS           0.24              0.34   -0.10     0.33
DAILY AVG.       0.01              0.01    0.00     0.01
DAYS >= .01         4                MM      MM        7
DAYS >= .10         1                MM      MM        1
DAYS >= .50         0                MM      MM        0
DAYS >= 1.00        0                MM      MM        0
GREATEST
 24 HR. TOTAL    0.18   02/01 TO 02/01

SNOWFALL (INCHES)
RECORDS
 TOTAL             MM   MM
TOTALS            2.8                MM      MM      6.0
SINCE 7/1        21.9                MM      MM     22.2
SNOWDEPTH AVG.      1                MM      MM        1
DAYS >= 1.0         1                MM      MM        2
GREATEST
 SNOW DEPTH         3   02/06                          3  02/25
                        02/05
                        02/04
 24 HR TOTAL      2.6   02/01 TO 02/01

DEGREE_DAYS
HEATING TOTAL    1296              1155     141     1387
 SINCE 7/1       5490              5522     -32     5950
COOLING TOTAL       0                 0       0        0
 SINCE 1/1          0                 0       0        0
.................................................................

WIND (MPH)
AVERAGE WIND SPEED              12.1
HIGHEST WIND SPEED/DIRECTION    36/330    DATE  02/10
HIGHEST GUST SPEED/DIRECTION    43/330    DATE  02/10

SKY COVER
POSSIBLE SUNSHINE (PERCENT)   MM
AVERAGE SKY COVER           0.50
NUMBER OF DAYS FAIR           13
NUMBER OF DAYS PC              7
NUMBER OF DAYS CLOUDY          8

AVERAGE RH (PERCENT)     69

WEATHER CONDITIONS. NUMBER OF DAYS WITH
THUNDERSTORM              0     MIXED PRECIP               0
HEAVY RAIN                0     RAIN                       0
LIGHT RAIN                3     FREEZING RAIN              0
LT FREEZING RAIN          0     HAIL                       0
HEAVY SNOW                0     SNOW                       1
LIGHT SNOW                9     SLEET                      0
FOG                       9     FOG W/VIS <= 1/4 MILE      0
HAZE                      1

-  INDICATES NEGATIVE NUMBERS.
R  INDICATES RECORD WAS SET OR TIED.
MM INDICATES DATA IS MISSING.
T  INDICATES TRACE AMOUNT.

$$
