000
CXUS53 KFSD 011556
CLMMHE

CLIMATE REPORT
NATIONAL WEATHER SERVICE SIOUX FALLS SD
1047 AM CDT FRI JUL 1 2016

...................................

...THE MITCHELL SD CLIMATE SUMMARY FOR THE MONTH OF JUNE 2016...

CLIMATE NORMAL PERIOD 1981 TO 2010
CLIMATE RECORD PERIOD 1893 TO 2016

WEATHER         OBSERVED          NORMAL  DEPART  LAST YEAR`S
                 VALUE   DATE(S)  VALUE   FROM    VALUE  DATE(S)
                                          NORMAL
................................................................
TEMPERATURE (F)
RECORD
 HIGH             111   06/25/1936
 LOW               31   06/02/1946
                        06/01/1946
                        06/07/1901
HIGHEST           100   06/11        MM      MM       99  06/09
LOWEST             49   06/07        MM      MM       52  06/12
AVG. MAXIMUM     86.5              80.8     5.7     81.8
AVG. MINIMUM     61.8              58.2     3.6     60.6
MEAN             74.2              69.5     4.7     71.2
DAYS MAX >= 90     10               3.6     6.4        1
DAYS MAX <= 32      0               0.0     0.0        0
DAYS MIN <= 32      0               0.0     0.0        0
DAYS MIN <= 0       0               0.0     0.0        0

PRECIPITATION (INCHES)
RECORD
 MAXIMUM           MM   MM
 MINIMUM           MM   MM
TOTALS           2.04              4.13   -2.09     3.91
DAILY AVG.       0.07              0.14   -0.07     0.13
DAYS >= .01         5                MM      MM       10
DAYS >= .10         4                MM      MM        7
DAYS >= .50         2                MM      MM        4
DAYS >= 1.00        0                MM      MM        1
GREATEST
 24 HR. TOTAL    0.81   06/22 TO 06/22
                        06/21 TO 06/22
                        06/22 TO 06/22

SNOWFALL (INCHES)
RECORDS
 TOTAL             MM   MM
TOTALS            0.0                MM      MM      0.0
SINCE 7/1        46.3                MM      MM     22.6
SNOWDEPTH AVG.      0                MM      MM        0
DAYS >= 1.0         0                MM      MM        0
GREATEST
 SNOW DEPTH         0   MM                             0  MM
 24 HR TOTAL      0.0   06/30 TO 06/30

DEGREE_DAYS
HEATING TOTAL       4                35     -31        3
 SINCE 7/1       6149              7245   -1096     6876
COOLING TOTAL     284               170     114      197
 SINCE 1/1        328               210     118      228
.................................................................

WIND (MPH)
AVERAGE WIND SPEED              10.5
HIGHEST WIND SPEED/DIRECTION    37/130    DATE  06/17
HIGHEST GUST SPEED/DIRECTION    43/140    DATE  06/17

SKY COVER
POSSIBLE SUNSHINE (PERCENT)   MM
AVERAGE SKY COVER           0.10
NUMBER OF DAYS FAIR           30
NUMBER OF DAYS PC              0
NUMBER OF DAYS CLOUDY          0

AVERAGE RH (PERCENT)     62

WEATHER CONDITIONS. NUMBER OF DAYS WITH
THUNDERSTORM              9     MIXED PRECIP               0
HEAVY RAIN                3     RAIN                       2
LIGHT RAIN                8     FREEZING RAIN              0
LT FREEZING RAIN          0     HAIL                       0
HEAVY SNOW                0     SNOW                       0
LIGHT SNOW                0     SLEET                      0
FOG                       3     FOG W/VIS <= 1/4 MILE      0
HAZE                      0

-  INDICATES NEGATIVE NUMBERS.
R  INDICATES RECORD WAS SET OR TIED.
MM INDICATES DATA IS MISSING.
T  INDICATES TRACE AMOUNT.

$$
