000
CXUS53 KFSD 011405 RRA
CLMMHE

CLIMATE REPORT NATIONAL WEATHER SERVICE SIOUX FALLS SD

900 AM CDT WED JUL 1 2015

...................................

...THE MITCHELL SD CLIMATE SUMMARY FOR THE MONTH OF JUNE 2015...

CLIMATE NORMAL PERIOD 1981 TO 2010
CLIMATE RECORD PERIOD 1893 TO 2015

WEATHER         OBSERVED          NORMAL  DEPART  LAST YEAR`S
                 VALUE   DATE(S)  VALUE   FROM    VALUE  DATE(S)
                                          NORMAL
................................................................
TEMPERATURE (F)
RECORD
 HIGH             111   06/25/1936
 LOW               31   06/02/1946
                        06/01/1946
                        06/07/1901
HIGHEST            99   06/09        MM      MM       91  06/20
LOWEST             52   06/12        MM      MM       44  06/13
AVG. MAXIMUM     81.8              80.8     1.0     80.3
AVG. MINIMUM     60.6              58.2     2.4     57.9
MEAN             71.2              69.5     1.7     69.1
DAYS MAX >= 90      1               3.6    -2.6        1
DAYS MAX <= 32      0               0.0     0.0        0
DAYS MIN <= 32      0               0.0     0.0        0
DAYS MIN <= 0       0               0.0     0.0        0

PRECIPITATION (INCHES)
RECORD
 MAXIMUM           MM   MM
 MINIMUM           MM   MM
TOTALS           3.91              4.13   -0.22     4.19
DAILY AVG.       0.13              0.14   -0.01     0.14
DAYS >= .01        10                MM      MM       18
DAYS >= .10         7                MM      MM        8
DAYS >= .50         4                MM      MM        3
DAYS >= 1.00        1                MM      MM        1
GREATEST
 24 HR. TOTAL    1.05   06/07 TO 06/07
                        06/06 TO 06/07
                        06/07 TO 06/07

SNOWFALL (INCHES)
RECORDS
 TOTAL             MM   MM
TOTALS            0.0                MM      MM      0.0
SINCE 7/1        22.6                MM      MM     30.8
SNOWDEPTH AVG.      0                MM      MM        0
DAYS >= 1.0         0                MM      MM        0
GREATEST
 SNOW DEPTH         0   MM                             0  MM
 24 HR TOTAL      0.0   06/30 TO 06/30

DEGREE_DAYS
HEATING TOTAL       3                35     -32       26
 SINCE 7/1       6876              7245    -369     7791
COOLING TOTAL     197               170      27      158
 SINCE 1/1        228               210      18      236
.................................................................

WIND (MPH)
AVERAGE WIND SPEED              8.9
HIGHEST WIND SPEED/DIRECTION    43/030    DATE  06/22
HIGHEST GUST SPEED/DIRECTION    53/030    DATE  06/22

SKY COVER
POSSIBLE SUNSHINE (PERCENT)   MM
AVERAGE SKY COVER           0.30
NUMBER OF DAYS FAIR           19
NUMBER OF DAYS PC             10
NUMBER OF DAYS CLOUDY          1

AVERAGE RH (PERCENT)     68

WEATHER CONDITIONS. NUMBER OF DAYS WITH
THUNDERSTORM              0     MIXED PRECIP               0
HEAVY RAIN                6     RAIN                       6
LIGHT RAIN               17     FREEZING RAIN              0
LT FREEZING RAIN          0     HAIL                       0
HEAVY SNOW                0     SNOW                       0
LIGHT SNOW                0     SLEET                      0
FOG                      14     FOG W/VIS <= 1/4 MILE      1
HAZE                      2

-  INDICATES NEGATIVE NUMBERS.
R  INDICATES RECORD WAS SET OR TIED.
MM INDICATES DATA IS MISSING.
T  INDICATES TRACE AMOUNT.

$$
