000
CXUS53 KIND 011503
CLMMIE
CLIMATE REPORT
NATIONAL WEATHER SERVICE INDIANAPOLIS IN
1103 AM EDT THU JUN 01 2023
...................................
...THE MUNCIE IN CLIMATE SUMMARY FOR THE MONTH OF MAY 2023...
CLIMATE NORMAL PERIOD 1991 TO 2020
CLIMATE RECORD PERIOD 9999 TO 9999
WEATHER OBSERVED NORMAL DEPART LAST YEAR`S
VALUE DATE(S) VALUE FROM VALUE DATE(S)
NORMAL
................................................................
TEMPERATURE (F)
HIGHEST 90 05/31 91 05/31
LOWEST 36 05/04 42 05/08
AVG. MAXIMUM 75.5 74.6 0.9 77.2
AVG. MINIMUM 51.7 54.2 -2.5 57.0
MEAN 63.6 64.4 -0.8 67.1
DAYS MAX >= 90 1 0.8 0.2 1
DAYS MAX <= 32 0 0.0 0.0 0
DAYS MIN <= 32 0 0.3 -0.3 0
DAYS MIN <= 0 0 0.0 0.0 0
PRECIPITATION (INCHES)
TOTALS 2.15R 4.36 -2.21 4.10
DAILY AVG. 0.07 0.14 -0.07 0.13
DAYS >= .01 7 13.4 -6.4 13
DAYS >= .10 4 8.6 -4.6 10
DAYS >= .50 2 3.1 -1.1 2
DAYS >= 1.00 0 1.0 -1.0 0
GREATEST
24 HR. TOTAL 0.75 05/07 TO 05/07
DEGREE DAYS
HEATING TOTAL 115 124 -9 72
SINCE 7/1 4678 5247 -569 MM
COOLING TOTAL 80 106 -26 146
SINCE 1/1 98 127 -29 MM
................................................................
WIND (MPH)
AVERAGE WIND SPEED 7.7
HIGHEST WIND SPEED/DIRECTION 26/290 DATE 05/01
HIGHEST GUST SPEED/DIRECTION 38/280 DATE 05/01
SKY COVER
AVERAGE SKY COVER 0.28
AVERAGE RH (PERCENT) 56
WEATHER CONDITIONS. NUMBER OF DAYS WITH
THUNDERSTORM 2 MIXED PRECIP 0
HEAVY RAIN 3 RAIN 3
LIGHT RAIN 11 FREEZING RAIN 0
LT FREEZING RAIN 0 HAIL 0
HEAVY SNOW 0 SNOW 0
LIGHT SNOW 0 SLEET 0
FOG 6 FOG W/VIS <= 1/4 MILE 0
HAZE 6
- INDICATES NEGATIVE NUMBERS.
R INDICATES RECORD WAS SET OR TIED.
MM INDICATES DATA IS MISSING.
T INDICATES TRACE AMOUNT.
$$