000
CXUS53 KEAX 010736
CF6MKC
PRELIMINARY LOCAL CLIMATOLOGICAL DATA (WS FORM: F-6)
STATION: DOWNTOWN KANSAS CITY MO
MONTH: OCTOBER
YEAR: 2022
LATITUDE: 39 7 N
LONGITUDE: 94 36 W
TEMPERATURE IN F: :PCPN: SNOW: WIND :SUNSHINE: SKY :PK WND
================================================================================
1 2 3 4 5 6A 6B 7 8 9 10 11 12 13 14 15 16 17 18
12Z AVG MX 2MIN
DY MAX MIN AVG DEP HDD CDD WTR SNW DPTH SPD SPD DIR MIN PSBL S-S WX SPD DR
================================================================================
1 79 52 66 1 0 1 0.00 M M 5.0 13 80 M M 0 18 60
2 80 51 66 2 0 1 0.00 M M 4.3 12 60 M M 0 16 110
3 82 54 68 4 0 3 0.00 M M 4.6 10 100 M M 0 15 150
4 83 59 71 7 0 6 0.00 M M 5.6 12 120 M M 0 16 140
5 82 59 71 8 0 6 T M M 5.1 15 290 M M 4 22 310
6 82 53 68 5 0 3 0.00 M M 6.8 21 360 M M 1 32 360
7 61 46 54 -8 11 0 T M M 7.5 15 20 M M 2 21 340
8 64 38 51 -11 14 0 0.00 M M 3.6 12 310 M M 0 15 310
9 77 45 61 -1 4 0 0.00 M M 4.7 17 240 M M 0 24 220
10 82 47 65 4 0 0 0.00 M M 3.9 14 190 M M 0 18 22 170
11 81 64 73 12 0 8 0.01 M M 15.6 32 210 M M 5 1 46 210
12 73 50 62 2 3 0 0.31 M M 11.1 24 320 M M 3 13 38 200
13 65 44 55 -5 10 0 0.00 M M 10.3 29 280 M M 0 42 260
14 75 40 58 -1 7 0 T M M 8.9 24 240 M M 2 36 280
15 69 39 54 -5 11 0 0.00 M M 2.0 12 230 M M 0 16 230
16 66 44 55 -3 10 0 0.00 M M 7.1 21 340 M M 1 30 320
17 51 35 43 -15 22 0 0.00 M M 10.7 23 340 M M 0 33 360
18 45 27 36 -22 29 0 0.00 M M 6.8 16 350 M M 0 22 310
19 57 22 40 -17 25 0 0.00 M M 3.0 13 260 M M 0 16 250
20 77 39 58 1 7 0 0.00 M M 3.6 14 270 M M 0 20 280
21 87 47 67 11 0 2 0.00 M M 9.5 24 210 M M 0 36 210
22 81 62 72 16 0 7 0.00 M M 12.6 23 170 M M 0 34 210
23 86 68 77 22 0 12 T M M 16.4 29 200 M M 0 44 160
24 76 47 62 7 3 0 0.70 M M 9.6 23 280 M M 8 13 36 260
25 55 42 49 -5 16 0 0.00 M M 8.0 24 330 M M 1 34 320
26 64 37 51 -3 14 0 0.00 M M 3.7 10 100 M M 0 18 110
27 64 45 55 1 10 0 0.00 M M 7.6 16 120 M M 0 24 140
28 68 47 58 5 7 0 0.00 M M 4.5 13 90 M M 2 20 120
29 69 40 55 2 10 0 0.00 M M 4.1 10 50 M M 0 14 90
30 66 51 59 7 6 0 0.00 M M 3.1 12 360 M M 5 16 360
31 70 46 58 6 7 0 0.00 M M 2.3 12 290 M M 1 17 280
================================================================================
SM 2217 1440 226 49 1.02 M 211.6 M 35
================================================================================
AV 71.5 46.5 6.8 FASTST M M 1 MAX(MPH)
MISC ----> 32 210 46 210
================================================================================
NOTES:
# LAST OF SEVERAL OCCURRENCES
COLUMN 17 PEAK WIND IN M.P.H.
PRELIMINARY LOCAL CLIMATOLOGICAL DATA (WS FORM: F-6) , PAGE 2
STATION: DOWNTOWN KANSAS CITY MO
MONTH: OCTOBER
YEAR: 2022
LATITUDE: 39 7 N
LONGITUDE: 94 36 W
[TEMPERATURE DATA] [PRECIPITATION DATA] SYMBOLS USED IN COLUMN 16
AVERAGE MONTHLY: 59.0 TOTAL FOR MONTH: 1.02 1 = FOG OR MIST
DPTR FM NORMAL: 0.6 DPTR FM NORMAL: -2.22 2 = FOG REDUCING VISIBILITY
HIGHEST: 87 ON 21 GRTST 24HR 0.70 ON 24-24 TO 1/4 MILE OR LESS
LOWEST: 22 ON 19 3 = THUNDER
SNOW, ICE PELLETS, HAIL 4 = ICE PELLETS
TOTAL MONTH: M 5 = HAIL
GRTST 24HR M ON M 6 = FREEZING RAIN OR DRIZZLE
GRTST DEPTH: M ON M 7 = DUSTSTORM OR SANDSTORM:
VSBY 1/2 MILE OR LESS
8 = SMOKE OR HAZE
[NO. OF DAYS WITH] [WEATHER - DAYS WITH] 9 = BLOWING SNOW
X = TORNADO
MAX 32 OR BELOW: 0 0.01 INCH OR MORE: 3
MAX 90 OR ABOVE: 0 0.10 INCH OR MORE: 2
MIN 32 OR BELOW: 2 0.50 INCH OR MORE: 1
MIN 0 OR BELOW: 0 1.00 INCH OR MORE: 0
[HDD (BASE 65) ]
TOTAL THIS MO. 226 CLEAR (SCALE 0-3) 27
DPTR FM NORMAL -20 PTCLDY (SCALE 4-7) 4
TOTAL FM JUL 1 242 CLOUDY (SCALE 8-10) 0
DPTR FM NORMAL -43
[CDD (BASE 65) ]
TOTAL THIS MO. 49
DPTR FM NORMAL 6 [PRESSURE DATA]
TOTAL FM JAN 1 1862 HIGHEST SLP M ON M
DPTR FM NORMAL 157 LOWEST SLP 29.50 ON 23
[REMARKS]
#FINAL-10-22#