000
CXUS55 KEAX 010736
CF6MKC
PRELIMINARY LOCAL CLIMATOLOGICAL DATA (WS FORM: F-6)
STATION: DOWNTOWN KANSAS CITY MO
MONTH: APRIL
YEAR: 2021
LATITUDE: 39 7 N
LONGITUDE: 94 36 W
TEMPERATURE IN F: :PCPN: SNOW: WIND :SUNSHINE: SKY :PK WND
================================================================================
1 2 3 4 5 6A 6B 7 8 9 10 11 12 13 14 15 16 17 18
12Z AVG MX 2MIN
DY MAX MIN AVG DEP HDD CDD WTR SNW DPTH SPD SPD DIR MIN PSBL S-S WX SPD DR
================================================================================
1 53 28 41 -11 24 0 0.00 M M 5.6 13 140 M M 0 20 130
2 69 39 54 2 11 0 0.00 M M 12.2 23 200 M M 0 8 32 170
3 75 49 62 10 3 0 0.00 M M 12.9 23 210 M M 0 31 210
4 81 53 67 14 0 2 0.00 M M 12.5 24 200 M M 0 31 200
5 81 55 68 15 0 3 0.00 M M 14.5 28 200 M M 1 37 220
6 79 61 70 17 0 5 0.00 M M 14.8 25 180 M M 2 40 200
7 70 47 59 5 6 0 0.20 M M 13.1 25 240 M M 9 13 36 240
8 53 47 50 -4 15 0 M M M 9.9 17 260 M M 8 1 25 290
9 73 37 55 1 10 0 0.22 M M 7.1 20 360 M M 2 12 27 310
10 58 47 53 -2 12 0 0.33 M M 10.9 23 290 M M 6 1 33 300
11 76 37 57 2 8 0 0.00 M M 5.0 17 320 M M 0 27 310
12 61 45 53 -3 12 0 0.00 M M 7.9 17 330 M M 3 26 320
13 62 41 52 -4 13 0 0.00 M M 4.9 16 320 M M 1 23 280
14 59 42 51 -5 14 0 0.00 M M 8.5 17 310 M M 1 24 340
15 60 36 48 -8 17 0 0.00 M M 6.3 12 60 M M 1 21 20
16 53 44 49 -8 16 0 0.04 M M 7.2 13 20 M M 8 18 50
17 57 42 50 -7 15 0 0.05 M M 6.4 15 360 M M 10 20 340
18 62 41 52 -6 13 0 T M M 6.1 17 260 M M 6 25 270
19 55 35 45 -13 20 0 0.00 M M 10.1 21 10 M M 2 30 10
20 45 32 39 -19 26 0 0.08 M M 7.0 17 310 M M 7 1 24 300
21 48 32 40 -18 25 0 0.00 M M 8.5 22 300 M M 4 31 300
22 59 30 45 -14 20 0 T M M 6.5 18 180 M M 3 26 170
23 58 45 52 -7 13 0 0.12 M M 7.2 12 160 M M 10 1 17 140
24 67 47 57 -3 8 0 T M M 7.4 18 360 M M 3 1 26 360
25 76 46 61 1 4 0 0.00 M M 9.2 23 160 M M 0 35 200
26 86 61 74 14 0 9 0.00 M M 19.7 32 200 M M 0 48 200
27 81 66 74 14 0 9 0.00 M M 17.2 26 200 M M 1 39 200
28 78 59 69 8 0 4 M M M 5.0 20 340 M M 8 13 27 340
29 77 57 67 6 0 2 0.00 M M 7.6 20 350 M M 3 26 330
30 81 48 65 3 0 0 0.00 M M 5.8 15 210 M M 0 21 220
================================================================================
SM 1993 1349 305 34 1.04 M 277.0 M 99
================================================================================
AV 66.4 45.0 9.2 FASTST M M 3 MAX(MPH)
MISC ----> 32 200 48 200
================================================================================
NOTES:
# LAST OF SEVERAL OCCURRENCES
COLUMN 17 PEAK WIND IN M.P.H.
PRELIMINARY LOCAL CLIMATOLOGICAL DATA (WS FORM: F-6) , PAGE 2
STATION: DOWNTOWN KANSAS CITY MO
MONTH: APRIL
YEAR: 2021
LATITUDE: 39 7 N
LONGITUDE: 94 36 W
[TEMPERATURE DATA] [PRECIPITATION DATA] SYMBOLS USED IN COLUMN 16
AVERAGE MONTHLY: 55.7 TOTAL FOR MONTH: 1.04 1 = FOG OR MIST
DPTR FM NORMAL: -0.9 DPTR FM NORMAL: -2.67 2 = FOG REDUCING VISIBILITY
HIGHEST: 86 ON 26 GRTST 24HR 0.55 ON 9-10 TO 1/4 MILE OR LESS
LOWEST: 28 ON 1 3 = THUNDER
SNOW, ICE PELLETS, HAIL 4 = ICE PELLETS
TOTAL MONTH: M 5 = HAIL
GRTST 24HR M ON M 6 = FREEZING RAIN OR DRIZZLE
GRTST DEPTH: M ON M 7 = DUSTSTORM OR SANDSTORM:
VSBY 1/2 MILE OR LESS
8 = SMOKE OR HAZE
[NO. OF DAYS WITH] [WEATHER - DAYS WITH] 9 = BLOWING SNOW
X = TORNADO
MAX 32 OR BELOW: 0 0.01 INCH OR MORE: 7
MAX 90 OR ABOVE: 0 0.10 INCH OR MORE: 4
MIN 32 OR BELOW: 4 0.50 INCH OR MORE: 0
MIN 0 OR BELOW: 0 1.00 INCH OR MORE: 0
[HDD (BASE 65) ]
TOTAL THIS MO. 305 CLEAR (SCALE 0-3) 19
DPTR FM NORMAL 21 PTCLDY (SCALE 4-7) 6
TOTAL FM JUL 1 4591 CLOUDY (SCALE 8-10) 5
DPTR FM NORMAL -15
[CDD (BASE 65) ]
TOTAL THIS MO. 34
DPTR FM NORMAL 1 [PRESSURE DATA]
TOTAL FM JAN 1 35 HIGHEST SLP M ON M
DPTR FM NORMAL -3 LOWEST SLP 29.46 ON 8
[REMARKS]
#FINAL-04-21#