000
CXUS55 KEAX 010736
CF6MKC
PRELIMINARY LOCAL CLIMATOLOGICAL DATA (WS FORM: F-6)
STATION: DOWNTOWN KANSAS CITY MO
MONTH: JUNE
YEAR: 2020
LATITUDE: 39 7 N
LONGITUDE: 94 36 W
TEMPERATURE IN F: :PCPN: SNOW: WIND :SUNSHINE: SKY :PK WND
================================================================================
1 2 3 4 5 6A 6B 7 8 9 10 11 12 13 14 15 16 17 18
12Z AVG MX 2MIN
DY MAX MIN AVG DEP HDD CDD WTR SNW DPTH SPD SPD DIR MIN PSBL S-S WX SPD DR
================================================================================
1 86 68 77 5 0 12 0.00 M M 12.5 23 190 M M 0 33 210
2 89 69 79 7 0 14 0.00 M M 11.8 21 230 M M 0 30 230
3 92 74 83 11 0 18 0.00 M M 10.4 17 240 M M 1 26 230
4 90 67 79 7 0 14 0.29 M M 7.4 29 310 M M 2 13 41 310
5 93 68 81 8 0 16 0.29 M M 7.0 32 310 M M 2 3 55 300
6 94 76 85 12 0 20 0.00 M M 7.3 16 150 M M 1 21 150
7 92 76 84 11 0 19 0.00 M M 9.9 17 150 M M 0 24 150
8 92 77 85 11 0 20 0.00 M M 10.4 21 150 M M 0 30 150
9 91 68 80 6 0 15 0.00 M M 10.7 30 210 M M 3 41 220
10 77 61 69 -5 0 4 T M M 13.1 33 330 M M 5 49 290
11 88 57 73 -2 0 8 0.00 M M 7.0 17 240 M M 0 23 240
12 91 68 80 5 0 15 0.00 M M 4.6 13 220 M M 1 19 240
13 92 71 82 7 0 17 0.00 M M 8.0 15 130 M M 0 22 170
14 92 75 84 8 0 19 0.00 M M 8.7 16 140 M M 0 23 130
15 93 74 84 8 0 19 0.00 M M 8.1 15 140 M M 1 23 130
16 91 73 82 6 0 17 0.00 M M 8.5 16 130 M M 1 24 120
17 90 72 81 5 0 16 0.00 M M 10.5 18 130 M M 1 26 120
18 92 74 83 6 0 18 0.00 M M 11.0 20 160 M M 0 28 130
19 81 71 76 -1 0 11 0.31 M M 5.3 16 250 M M 6 18 22 280
20 85 69 77 0 0 12 0.00 M M 5.0 12 200 M M 3 15 200
21 88 70 79 1 0 14 0.00 M M 9.2 16 190 M M 0 22 200
22 88 71 80 2 0 15 T M M 9.0 16 320 M M 2 25 330
23 82 64 73 -5 0 8 0.00 M M 7.5 20 10 M M 3 29 10
24 85 61 73 -5 0 8 0.00 M M 4.3 13 310 M M 1 19 300
25 92 67 80 1 0 15 0.18 M M 8.3 18 190 M M 3 38 28 160
26 92 74 83 4 0 18 0.00 M M 11.5 18 200 M M 0 28 220
27 82 68 75 -4 0 10 1.07 M M 5.3 23 340 M M 6 138 35 340
28 91 75 83 4 0 18 0.00 M M 11.3 22 160 M M 3 32 170
29 88 78 83 4 0 18 0.00 M M 12.0 20 180 M M 7 29 140
30 93 78 86 6 0 21 T M M 11.1 22 200 M M 5 33 200
================================================================================
SM 2672 2114 0 449 2.14 M 266.7 M 57
================================================================================
AV 89.1 70.5 8.9 FASTST M M 2 MAX(MPH)
MISC ----> 33 330 55 300
================================================================================
NOTES:
# LAST OF SEVERAL OCCURRENCES
COLUMN 17 PEAK WIND IN M.P.H.
PRELIMINARY LOCAL CLIMATOLOGICAL DATA (WS FORM: F-6) , PAGE 2
STATION: DOWNTOWN KANSAS CITY MO
MONTH: JUNE
YEAR: 2020
LATITUDE: 39 7 N
LONGITUDE: 94 36 W
[TEMPERATURE DATA] [PRECIPITATION DATA] SYMBOLS USED IN COLUMN 16
AVERAGE MONTHLY: 79.8 TOTAL FOR MONTH: 2.14 1 = FOG OR MIST
DPTR FM NORMAL: 4.0 DPTR FM NORMAL: -3.38 2 = FOG REDUCING VISIBILITY
HIGHEST: 94 ON 6 GRTST 24HR 1.07 ON 27-27 TO 1/4 MILE OR LESS
LOWEST: 57 ON 11 3 = THUNDER
SNOW, ICE PELLETS, HAIL 4 = ICE PELLETS
TOTAL MONTH: M 5 = HAIL
GRTST 24HR M ON M 6 = FREEZING RAIN OR DRIZZLE
GRTST DEPTH: M ON M 7 = DUSTSTORM OR SANDSTORM:
VSBY 1/2 MILE OR LESS
8 = SMOKE OR HAZE
[NO. OF DAYS WITH] [WEATHER - DAYS WITH] 9 = BLOWING SNOW
X = TORNADO
MAX 32 OR BELOW: 0 0.01 INCH OR MORE: 5
MAX 90 OR ABOVE: 18 0.10 INCH OR MORE: 5
MIN 32 OR BELOW: 0 0.50 INCH OR MORE: 1
MIN 0 OR BELOW: 0 1.00 INCH OR MORE: 1
[HDD (BASE 65) ]
TOTAL THIS MO. 0 CLEAR (SCALE 0-3) 25
DPTR FM NORMAL -5 PTCLDY (SCALE 4-7) 5
TOTAL FM JUL 1 4588 CLOUDY (SCALE 8-10) 0
DPTR FM NORMAL -96
[CDD (BASE 65) ]
TOTAL THIS MO. 449
DPTR FM NORMAL 119 [PRESSURE DATA]
TOTAL FM JAN 1 553 HIGHEST SLP M ON M
DPTR FM NORMAL 65 LOWEST SLP 29.36 ON 9
[REMARKS]
#FINAL-06-20#