000
CXUS53 KMKX 041627 CCA
CLSMKE
CLIMATE REPORT
NATIONAL WEATHER SERVICE IN MILWAUKEE
1030 AM CST SUN DEC 4 2019
...................................
...THE MILWAUKEE WI CLIMATE SUMMARY FOR THE SEASON, FROM
9/1/2019 TO 11/30/2019...UPDATED
CLIMATE NORMAL PERIOD 1981 TO 2010
CLIMATE RECORD PERIOD 1871 TO 2019
WEATHER OBSERVED NORMAL DEPART LAST YEAR`S
VALUE DATE(S) VALUE FROM VALUE DATE(S)
NORMAL
................................................................
TEMPERATURE (F)
RECORD
HIGH 99 09/15/1939
LOW -14 11/29/1875
HIGHEST 89 09/11 88 1 91 09/17
LOWEST 9 11/12 13 -4 17 11/14
AVG. MAXIMUM 57.4 58.9 -1.5 57.4
AVG. MINIMUM 43.8 43.3 0.5 43.9
MEAN 50.6 51.1 -0.5 50.7
DAYS MAX >= 90 0 0.4 -0.4 2
DAYS MAX <= 32 6 2.6 3.4 5
DAYS MIN <= 32 22 16.7 5.3 23
DAYS MIN <= 0 0 0.0 0.0 0
PRECIPITATION (INCHES)
RECORD
MAXIMUM 15.94 1985
MINIMUM 2.07 1956
TOTALS 15.65 8.54 7.11 13.46
DAILY AVG. 0.17 0.09 0.08 0.15
DAYS >= .01 41 30.1 10.9 37
DAYS >= .10 28 16.8 11.2 20
DAYS >= .50 10 5.4 4.6 8
DAYS >= 1.00 5 1.9 3.1 4
GREATEST
24 HR. TOTAL 1.72 10/01 TO 10/01 2.13
SNOWFALL (INCHES)
RECORDS
TOTAL 18.7 1896
TOTALS 13.4 2.7 10.7 6.6
SINCE 7/1 13.4 2.7 10.7 6.6
SNOWDEPTH AVG. 0 MM MM MM
DAYS >= 1.0 3 0.7 2.3 2
GREATEST
SNOW DEPTH 4 11/01 2 11/09
24 HR TOTAL 5.4 10/31 TO 10/31 3.1
DEGREE_DAYS
HEATING TOTAL 1407 1339 68 1429
SINCE 7/1 MM 1365 MM MM
COOLING TOTAL 121 76 45 146
SINCE 1/1 727 641 86 929
FREEZE DATES
RECORD
EARLIEST 09/20/1956
LATEST 05/27/1961
EARLIEST 10/17
LATEST 04/27
.................................................................
WIND (MPH)
AVERAGE WIND SPEED 9.5
RESULTANT WIND SPEED/DIRECTION MM
HIGHEST WIND SPEED/DIRECTION 36/150 DATE 10/21
HIGHEST GUST SPEED/DIRECTION 53/280 DATE 11/27
SKY COVER
POSSIBLE SUNSHINE (PERCENT) MM
AVERAGE SKY COVER 0.70
NUMBER OF DAYS FAIR 8
NUMBER OF DAYS PC 38
NUMBER OF DAYS CLOUDY 45
AVERAGE RH (PERCENT) 71
- INDICATES NEGATIVE NUMBERS.
R INDICATES RECORD WAS SET OR TIED.
MM INDICATES DATA IS MISSING.
T INDICATES TRACE AMOUNT.
&&
2ND WETTEST
8TH SNOWIEST
$$