000
CXUS53 KMKX 141457 CCB
CLSMKE
CLIMATE REPORT
NATIONAL WEATHER SERVICE MILWAUKEE/SULLIVAN WI
1046 AM CST FRI DEC 01 2023
...................................
...THE MILWAUKEE WI CLIMATE SUMMARY FOR THE SEASON, FROM
9/1/2023 TO 11/30/2023...
CLIMATE NORMAL PERIOD 1991 TO 2020
CLIMATE RECORD PERIOD 1871 TO 2023
WEATHER OBSERVED NORMAL DEPART LAST YEAR`S
VALUE DATE(S) VALUE FROM VALUE DATE(S)
NORMAL
................................................................
TEMPERATURE (F)
RECORD
HIGH 99 09/15/1939
LOW -14 11/29/1875
HIGHEST 95 09/03 88 7 89 09/01
LOWEST 15 11/28 13 2 13 11/20
AVG. MAXIMUM 62.8 60.9 1.9 62.6
AVG. MINIMUM 47.8 44.7 3.1 45.3
MEAN 55.3 52.8 2.5 54.0
DAYS MAX >= 90 3 0.7 2.3 0
DAYS MAX <= 32 2 2.5 -0.5 3
DAYS MIN <= 32 15 16.5 -1.5 13
DAYS MIN <= 0 0 0.0 0.0 0
PRECIPITATION (INCHES)
RECORD
MAXIMUM 15.94 1985
MINIMUM 2.07 1956
TOTALS 9.57 8.18 1.39 9.08
DAILY AVG. 0.11 0.09 0.02 0.10
DAYS >= .01 27 29.1 -2.1 26
DAYS >= .10 19 16.3 2.7 12
DAYS >= .50 9 5.2 3.8 4
DAYS >= 1.00 2 1.8 0.2 1
GREATEST
24 HR. TOTAL 1.61 10/13 TO 10/14 5.57 09/11 TO 09/12
SNOWFALL (INCHES)
RECORDS
TOTAL 18.7 1896
TOTALS 4.4 2.7 1.7 2.1
SINCE 7/1 4.4 2.7 1.7 2.1
SNOWDEPTH AVG. 0
DAYS >= 1.0 2 1 1 0
GREATEST
SNOW DEPTH 2 11/01 0
24 HR TOTAL 3.3 10/31 TO 10/31 0.7 11/15 TO 11/15
DEGREE DAYS
HEATING TOTAL 1029 1214 -185 1124
SINCE 7/1 1035 1227 -192 1124
COOLING TOTAL 173 104 69 140
SINCE 1/1 875 780 95 944
FREEZE DATES
RECORD
EARLIEST 09/20/1956
LATEST 05/27/1961
EARLIEST 10/30
LATEST 04/17
................................................................
WIND (MPH)
AVERAGE WIND SPEED 9.4
RESULTANT WIND SPEED/DIRECTION 2/240
HIGHEST WIND SPEED/DIRECTION 31/080 DATE 10/13
HIGHEST GUST SPEED/DIRECTION 45/350 DATE 10/31
SKY COVER
AVERAGE SKY COVER 0.60
NUMBER OF DAYS FAIR 20
NUMBER OF DAYS PC 40
NUMBER OF DAYS CLOUDY 31
AVERAGE RH (PERCENT) 66
WEATHER CONDITIONS. NUMBER OF DAYS WITH
THUNDERSTORM 6 MIXED PRECIP 0
HEAVY RAIN 10 RAIN 24
LIGHT RAIN 32 FREEZING RAIN 0
LT FREEZING RAIN 0 HAIL 0
HEAVY SNOW 1 SNOW 4
LIGHT SNOW 4 SLEET 0
FOG 29 FOG W/VIS <= 1/4 MILE 1
HAZE 19
- INDICATES NEGATIVE NUMBERS.
R INDICATES RECORD WAS SET OR TIED.
MM INDICATES DATA IS MISSING.
T INDICATES TRACE AMOUNT.
$$