000
CXUS53 KMKX 071644 CCB
CLSMKE
CLIMATE REPORT
NATIONAL WEATHER SERVICE MILWAUKEE/SULLIVAN WI
120 PM CST FRI MAR 01 2024
...................................
...THE MILWAUKEE WI CLIMATE SUMMARY FOR THE SEASON, FROM
12/1/2023 TO 2/29/2024...
CLIMATE NORMAL PERIOD 1991 TO 2020
CLIMATE RECORD PERIOD 1871 TO 2024
WEATHER OBSERVED NORMAL DEPART LAST YEAR`S
VALUE DATE(S) VALUE FROM VALUE DATE(S)
NORMAL
................................................................
TEMPERATURE (F)
RECORD
HIGH 74 02/27/2024
LOW -26 02/03/1996
01/17/1982
HIGHEST 74R 02/27 55 19 60 12/29
LOWEST -5 01/15 -13 8 -7 12/23
01/16
AVG. MAXIMUM 40.7 33.7 7.0 37.6
AVG. MINIMUM 28.6 20.1 8.5 24.7
MEAN 34.7 26.9 7.8 31.1
DAYS MAX >= 90 0 0.0 0.0 0
DAYS MAX <= 32 11 42.8 -31.8 21
DAYS MIN <= 32 52 79.0 -27.0 63
DAYS MIN <= 0 3 6.4 -3.4 4
PRECIPITATION (INCHES)
RECORD
MAXIMUM 11.13 1876
MINIMUM 1.53 2003
TOTALS 6.33 5.36 0.97 8.61
DAILY AVG. 0.07 0.06 0.01 0.10
DAYS >= .01 31 31.7 -0.7 36
DAYS >= .10 16 13.9 2.1 13
DAYS >= .50 3 2.7 0.3 6
DAYS >= 1.00 0 0.5 -0.5 2
GREATEST
24 HR. TOTAL 0.99 01/12 TO 01/13 2.06 02/27 TO 02/27
SNOWFALL (INCHES)
RECORDS
TOTAL 89.8 1886
TOTALS 19.5 37.1 -17.6 26.4
SINCE 7/1 23.9 39.9 -16.0 28.5
SNOWDEPTH AVG. 1 1
DAYS >= 1.0 6 10.5 -4.5 9
GREATEST
SNOW DEPTH 6 01/21 8 01/29
01/22
01/23
01/30
24 HR TOTAL 7.3 01/12 TO 01/13 7.9 01/28 TO 01/29
DEGREE DAYS
HEATING TOTAL 2742 3429 -687 3025
SINCE 7/1 3777 4725 -948 2742
COOLING TOTAL 0 0 0 0
SINCE 1/1 0 0 0 0
FREEZE DATES
RECORD
EARLIEST 09/20/1956
LATEST 05/27/1961
EARLIEST 10/30
LATEST 04/17
................................................................
WIND (MPH)
AVERAGE WIND SPEED 9.5
RESULTANT WIND SPEED/DIRECTION 3/280
HIGHEST WIND SPEED/DIRECTION 35/090 DATE 01/12
HIGHEST GUST SPEED/DIRECTION 48/100 DATE 01/12
SKY COVER
AVERAGE SKY COVER 0.72
NUMBER OF DAYS FAIR 12
NUMBER OF DAYS PC 28
NUMBER OF DAYS CLOUDY 51
AVERAGE RH (PERCENT) 69
WEATHER CONDITIONS. NUMBER OF DAYS WITH
THUNDERSTORM 2 MIXED PRECIP 0
HEAVY RAIN 0 RAIN 7
LIGHT RAIN 28 FREEZING RAIN 0
LT FREEZING RAIN 2 HAIL 0
HEAVY SNOW 1 SNOW 9
LIGHT SNOW 26 SLEET 2
FOG 39 FOG W/VIS <= 1/4 MILE 11
HAZE 31
- INDICATES NEGATIVE NUMBERS.
R INDICATES RECORD WAS SET OR TIED.
MM INDICATES DATA IS MISSING.
T INDICATES TRACE AMOUNT.
74 DEGREES ON 2/27/24 ESTABLISHES A NEW ALL-TIME WINTER SEASON
HIGH TEMPERATURE RECORD.
$$
2%