000
CXHW52 PHFO 011250
CF6MKK
PRELIMINARY LOCAL CLIMATOLOGICAL DATA (WS FORM: F-6)
STATION: MOLOKAI HI
MONTH: JULY
YEAR: 2021
LATITUDE: 21 8 N
LONGITUDE: 157 6 W
TEMPERATURE IN F: :PCPN: SNOW: WIND :SUNSHINE: SKY :PK WND
================================================================================
1 2 3 4 5 6A 6B 7 8 9 10 11 12 13 14 15 16 17 18
12Z AVG MX 2MIN
DY MAX MIN AVG DEP HDD CDD WTR SNW DPTH SPD SPD DIR MIN PSBL S-S WX SPD DR
================================================================================
1 85 70 78 -1 0 13 0.00 M M 12.6 25 40 M M 1 37 30
2 87 73 80 1 0 15 0.01 M M 15.1 29 50 M M 3 41 50
3 82 72 77 -2 0 12 0.10 M M 13.4 24 60 M M 7 1 34 50
4 84 71 78 -1 0 13 0.03 M M 12.4 22 30 M M 4 1 30 30
5 86 74 80 1 0 15 0.00 M M 13.2 25 60 M M 2 35 60
6 86 74 80 1 0 15 0.00 M M 13.2 22 50 M M 1 33 50
7 86 73 80 1 0 15 0.00 M M 11.4 20 50 M M 3 28 10
8 88 72 80 1 0 15 T M M 9.6 18 50 M M 4 26 50
9 88 71 80 1 0 15 0.00 M M 9.0 18 10 M M 3 26 50
10 88 71 80 1 0 15 0.00 M M 11.0 22 50 M M 3 32 50
11 87 73 80 1 0 15 0.00 M M 13.5 22 60 M M 4 32 50
12 88 71 80 1 0 15 0.00 M M 10.0 22 50 M M 3 31 40
13 86 74 80 1 0 15 0.00 M M 13.3 25 50 M M 2 36 60
14 86 73 80 1 0 15 T M M 12.3 21 30 M M 3 29 50
15 88 72 80 1 0 15 0.00 M M 11.6 25 50 M M 0 32 50
16 86 74 80 1 0 15 T M M 15.2 26 50 M M 2 39 50
17 83 72 78 -1 0 13 T M M 13.5 23 50 M M 3 8 37 40
18 85 73 79 0 0 14 T M M 14.9 28 50 M M 3 43 50
19 85 73 79 0 0 14 T M M 15.9 25 50 M M 5 8 36 50
20 86 72 79 0 0 14 0.01 M M 15.6 26 60 M M 4 8 36 50
21 86 73 80 1 0 15 T M M 15.7 28 60 M M 3 36 60
22 85 74 80 1 0 15 T M M 16.1 26 60 M M 3 40 30
23 86 73 80 1 0 15 T M M 16.9 29 50 M M 3 42 60
24 87 74 81 2 0 16 T M M 15.5 24 50 M M 3 34 50
25 87 76 82 3 0 17 0.00 M M 14.8 26 50 M M 1 35 40
26 86 73 80 1 0 15 0.00 M M 15.0 28 50 M M 2 37 50
27 86 74 80 1 0 15 0.00 M M 14.8 24 50 M M 2 35 50
28 85 75 80 1 0 15 0.00 M M 11.6 25 50 M M 2 35 50
29 85 73 79 -1 0 14 T M M 13.6 24 50 M M 1 18 35 50
30 88 71 80 0 0 15 0.00 M M 13.3 23 50 M M 2 33 50
31 85 73 79 -1 0 14 0.00 M M 16.5 28 50 M M 1 40 50
================================================================================
SM 2666 2257 0 454 0.15 M 420.5 M 83
================================================================================
AV 86.0 72.8 13.6 FASTST M M 3 MAX(MPH)
MISC ----> # 29 50 43 50
================================================================================
NOTES:
# LAST OF SEVERAL OCCURRENCES
COLUMN 17 PEAK WIND IN M.P.H.
PRELIMINARY LOCAL CLIMATOLOGICAL DATA (WS FORM: F-6) , PAGE 2
STATION: MOLOKAI HI
MONTH: JULY
YEAR: 2021
LATITUDE: 21 8 N
LONGITUDE: 157 6 W
[TEMPERATURE DATA] [PRECIPITATION DATA] SYMBOLS USED IN COLUMN 16
AVERAGE MONTHLY: 79.4 TOTAL FOR MONTH: 0.15 1 = FOG OR MIST
DPTR FM NORMAL: 0.3 DPTR FM NORMAL: -0.47 2 = FOG REDUCING VISIBILITY
HIGHEST: 88 ON 30,15 GRTST 24HR 0.11 ON 2- 3 TO 1/4 MILE OR LESS
LOWEST: 70 ON 1 3 = THUNDER
SNOW, ICE PELLETS, HAIL 4 = ICE PELLETS
TOTAL MONTH: M 5 = HAIL
GRTST 24HR M ON M 6 = FREEZING RAIN OR DRIZZLE
GRTST DEPTH: M ON M 7 = DUSTSTORM OR SANDSTORM:
VSBY 1/2 MILE OR LESS
8 = SMOKE OR HAZE
[NO. OF DAYS WITH] [WEATHER - DAYS WITH] 9 = BLOWING SNOW
X = TORNADO
MAX 32 OR BELOW: 0 0.01 INCH OR MORE: 4
MAX 90 OR ABOVE: 0 0.10 INCH OR MORE: 1
MIN 32 OR BELOW: 0 0.50 INCH OR MORE: 0
MIN 0 OR BELOW: 0 1.00 INCH OR MORE: 0
[HDD (BASE 65) ]
TOTAL THIS MO. 0 CLEAR (SCALE 0-3) 21
DPTR FM NORMAL 0 PTCLDY (SCALE 4-7) 10
TOTAL FM JUL 1 0 CLOUDY (SCALE 8-10) 0
DPTR FM NORMAL 0
[CDD (BASE 65) ]
TOTAL THIS MO. 454
DPTR FM NORMAL 17 [PRESSURE DATA]
TOTAL FM JAN 1 2167 HIGHEST SLP 30.12 ON 24
DPTR FM NORMAL 109 LOWEST SLP 29.95 ON 8
[REMARKS]
#FINAL-07-21#