000
CXUS54 KMEG 010900
CF6MKL
PRELIMINARY LOCAL CLIMATOLOGICAL DATA (WS FORM: F-6)
STATION: JACKSON
MONTH: APRIL
YEAR: 2022
LATITUDE: 35 35 N
LONGITUDE: 88 55 W
TEMPERATURE IN F: :PCPN: SNOW: WIND :SUNSHINE: SKY :PK WND
================================================================================
1 2 3 4 5 6A 6B 7 8 9 10 11 12 13 14 15 16 17 18
12Z AVG MX 2MIN
DY MAX MIN AVG DEP HDD CDD WTR SNW DPTH SPD SPD DIR MIN PSBL S-S WX SPD DR
================================================================================
1 60 37 49 -7 16 0 0.00 M M 2.9 9 10 M M 0 11 360
2 66 32 49 -7 16 0 0.00 M M 3.5 15 270 M M 3 18 260
3 67 39 53 -3 12 0 0.00 M M 3.8 15 60 M M 0 18 80
4 73 42 58 1 7 0 0.00 M M 5.8 17 350 M M 2 22 340
5 66 54 60 3 5 0 0.32 M M 4.5 15 200 M M 5 1 19 200
6 63 42 53 -4 12 0 0.06 M M 8.0 24 330 M M 6 13 31 330
7 61 44 53 -5 12 0 0.00 M M 12.7 26 280 M M 4 34 280
8 48 37 43 -15 22 0 0.00 M M 13.7 26 270 M M 9 35 300
9 62 33 48 -10 17 0 0.00 M M 9.0 23 280 M M 2 30 260
10 81 34 58 -1 7 0 0.00 M M 11.2 25 200 M M 0 34 200
11 69 59 64 5 1 0 0.57 M M 10.3 21 190 M M 5 13 29 180
12 82 64 73 14 0 8 0.31 M M 13.4 24 200 M M 6 1 34 200
13 82 52 67 7 0 2 1.43 M M 14.5 30 290 M M 7 13 41 190
14 66 42 54 -6 11 0 0.00 M M 4.9 20 320 M M 2 26 310
15 76 38 57 -3 8 0 0.69 M M 6.9 17 180 M M 2 13 26 180
16 66 56 61 1 4 0 0.14 M M 6.8 15 10 M M 9 13 18 70
17 58 49 54 -7 11 0 0.33 M M 9.3 21 340 M M 9 3 25 340
18 57 41 49 -12 16 0 0.00 M M 11.1 21 360 M M 6 1 31 360
19 61 32 47 -14 18 0 0.00 M M 3.7 15 40 M M 0 20 50
20 65 39 52 -10 13 0 0.12 M M 7.8 17 170 M M 3 27 160
21 78 57 68 6 0 3 0.00 M M 8.7 20 190 M M 7 3 29 190
22 84 54 69 7 0 4 0.00 M M 5.6 15 190 M M 0 1 24 200
23 83 65 74 11 0 9 0.00 M M 10.7 22 200 M M 0 32 200
24 82 65 74 11 0 9 0.00 M M 10.0 23 200 M M 3 30 230
25 72 54 63 0 2 0 0.50 M M 6.9 22 230 M M 6 13 30 230
26 63 39 51 -12 14 0 0.00 M M 7.3 20 40 M M 0 24 50
27 72 36 54 -10 11 0 0.00 M M 2.4 9 40 M M 0 12 50
28 78 41 60 -4 5 0 0.00 M M 3.2 12 110 M M 1 17 180
29 83 52 68 4 0 3 0.00 M M 7.8 18 230 M M 2 26 230
30 83 67 75 10 0 10 0.00 M M 11.2 22 200 M M 3 34 210
================================================================================
SM 2107 1396 240 48 4.47 M 237.6 M 102
================================================================================
AV 70.2 46.5 7.9 FASTST M M 3 MAX(MPH)
MISC ----> 30 290 41 190
================================================================================
NOTES:
# LAST OF SEVERAL OCCURRENCES
COLUMN 17 PEAK WIND IN M.P.H.
PRELIMINARY LOCAL CLIMATOLOGICAL DATA (WS FORM: F-6) , PAGE 2
STATION: JACKSON
MONTH: APRIL
YEAR: 2022
LATITUDE: 35 35 N
LONGITUDE: 88 55 W
[TEMPERATURE DATA] [PRECIPITATION DATA] SYMBOLS USED IN COLUMN 16
AVERAGE MONTHLY: 58.4 TOTAL FOR MONTH: 4.47 1 = FOG OR MIST
DPTR FM NORMAL: -1.9 DPTR FM NORMAL: -0.65 2 = FOG REDUCING VISIBILITY
HIGHEST: 84 ON 22 GRTST 24HR 1.74 ON 12-13 TO 1/4 MILE OR LESS
LOWEST: 32 ON 19, 2 3 = THUNDER
SNOW, ICE PELLETS, HAIL 4 = ICE PELLETS
TOTAL MONTH: M 5 = HAIL
GRTST 24HR M ON M 6 = FREEZING RAIN OR DRIZZLE
GRTST DEPTH: M ON M 7 = DUSTSTORM OR SANDSTORM:
VSBY 1/2 MILE OR LESS
8 = SMOKE OR HAZE
[NO. OF DAYS WITH] [WEATHER - DAYS WITH] 9 = BLOWING SNOW
X = TORNADO
MAX 32 OR BELOW: 0 0.01 INCH OR MORE: 10
MAX 90 OR ABOVE: 0 0.10 INCH OR MORE: 9
MIN 32 OR BELOW: 2 0.50 INCH OR MORE: 4
MIN 0 OR BELOW: 0 1.00 INCH OR MORE: 1
[HDD (BASE 65) ]
TOTAL THIS MO. 240 CLEAR (SCALE 0-3) 17
DPTR FM NORMAL 48 PTCLDY (SCALE 4-7) 10
TOTAL FM JUL 1 3234 CLOUDY (SCALE 8-10) 3
DPTR FM NORMAL -240
[CDD (BASE 65) ]
TOTAL THIS MO. 48
DPTR FM NORMAL -2 [PRESSURE DATA]
TOTAL FM JAN 1 59 HIGHEST SLP 30.39 ON 26
DPTR FM NORMAL -2 LOWEST SLP 29.54 ON 6
[REMARKS]
#FINAL-04-22#