000
CXUS54 KFWD 010730
CF6MKN
PRELIMINARY LOCAL CLIMATOLOGICAL DATA (WS FORM: F-6)
STATION: COMANCHE
MONTH: OCTOBER
YEAR: 2022
LATITUDE: 31 55 N
LONGITUDE: 98 36 W
TEMPERATURE IN F: :PCPN: SNOW: WIND :SUNSHINE: SKY :PK WND
================================================================================
1 2 3 4 5 6A 6B 7 8 9 10 11 12 13 14 15 16 17 18
12Z AVG MX 2MIN
DY MAX MIN AVG DEP HDD CDD WTR SNW DPTH SPD SPD DIR MIN PSBL S-S WX SPD DR
================================================================================
1 91 52 72 M 0 7 0.00 M M 4.7 12 40 M M 0 M M
2 90 53 72 M 0 7 0.00 M M 3.9 9 70 M M 0 17 70
3 90 53 72 M 0 7 0.00 M M 3.5 8 130 M M 0 M M
4 92 56 74 M 0 9 0.00 M M 4.8 9 120 M M 0 16 100
5 94 57 76 M 0 11 0.00 M M 2.5 5 160 M M 0 M M
6 95 59 77 M 0 12 0.00 M M 3.3 10 120 M M 0 M M
7 94 62 78 M 0 13 0.00 M M 3.6 8 110 M M 3 M M
8 87 61 74 M 0 9 0.00 M M 5.5 12 40 M M 2 M M
9 91 55 73 M 0 8 0.00 M M 4.7 10 270 M M 4 16 270
10 89 61 75 M 0 10 0.00 M M 7.9 16 190 M M 1 23 210
11 89 63 76 M 0 11 0.00 M M 10.4 20 190 M M 3 24 190
12 95 66 81 M 0 16 0.00 M M 11.6 16 250 M M 0 25 220
13 88 56 72 M 0 7 0.00 M M 5.6 9 40 M M 0 18 70
14 91 51 71 M 0 6 0.00 M M 5.3 10 180 M M 0 22 250
15 94 69 82 M 0 17 0.00 M M 12.2 17 160 M M 1 24 200
16 82 61 72 M 0 7 0.33 M M 8.5 15 190 M M 6 22 40
17 72 51 62 M 3 0 0.08 M M 8.3 15 360 M M 5 1 22 360
18 70 44 57 M 8 0 0.00 M M 4.7 12 10 M M 2 8 16 10
19 80 40 60 M 5 0 0.00 M M 3.6 9 220 M M 0 8 M M
20 89 56 73 M 0 8 0.00 M M 8.8 16 250 M M 0 25 250
21 91 58 75 M 0 10 0.00 M M 10.6 17 190 M M 0 24 210
22 89 62 76 M 0 11 0.00 M M 15.3 21 200 M M 0 28 210
23 87 66 77 M 0 12 0.00 M M 16.8 24 180 M M 1 35 190
24 75 58 67 M 0 2 1.01 M M 12.5 25 190 M M 8 38 190
25 73 47 60 M 5 0 0.00 M M 10.8 21 310 M M 0 39 310
26 77 44 61 M 4 0 0.00 M M 7.2 14 150 M M 0 18 150
27 80 48 64 M 1 0 0.00 M M 10.1 17 180 M M 2 23 180
28 61 51 56 M 9 0 1.46 M M 9.2 21 20 M M 9 13 35 80
29 65 51 58 M 7 0 0.00 M M 8.8 13 340 M M 7 18 330
30 76 50 63 M 2 0 0.00 M M 4.6 8 340 M M 1 M M
31 82 50 66 M 0 1 0.00 M M 2.1 6 150 M M 0 8 M M
================================================================================
SM 2619 1711 44 201 2.88 M 231.5 M 55
================================================================================
AV 84.5 55.2 7.5 FASTST M M 2 MAX(MPH)
MISC ----> 25 190 39 310
================================================================================
NOTES:
# LAST OF SEVERAL OCCURRENCES
COLUMN 17 PEAK WIND IN M.P.H.
PRELIMINARY LOCAL CLIMATOLOGICAL DATA (WS FORM: F-6) , PAGE 2
STATION: COMANCHE
MONTH: OCTOBER
YEAR: 2022
LATITUDE: 31 55 N
LONGITUDE: 98 36 W
[TEMPERATURE DATA] [PRECIPITATION DATA] SYMBOLS USED IN COLUMN 16
AVERAGE MONTHLY: 69.8 TOTAL FOR MONTH: 2.88 1 = FOG OR MIST
DPTR FM NORMAL: 0.0 DPTR FM NORMAL: 0.11 2 = FOG REDUCING VISIBILITY
HIGHEST: 95 ON 12, 6 GRTST 24HR 1.46 ON 28-28 TO 1/4 MILE OR LESS
LOWEST: 40 ON 19 3 = THUNDER
SNOW, ICE PELLETS, HAIL 4 = ICE PELLETS
TOTAL MONTH: M 5 = HAIL
GRTST 24HR M ON M 6 = FREEZING RAIN OR DRIZZLE
GRTST DEPTH: M ON M 7 = DUSTSTORM OR SANDSTORM:
VSBY 1/2 MILE OR LESS
8 = SMOKE OR HAZE
[NO. OF DAYS WITH] [WEATHER - DAYS WITH] 9 = BLOWING SNOW
X = TORNADO
MAX 32 OR BELOW: 0 0.01 INCH OR MORE: 4
MAX 90 OR ABOVE: 12 0.10 INCH OR MORE: 3
MIN 32 OR BELOW: 0 0.50 INCH OR MORE: 2
MIN 0 OR BELOW: 0 1.00 INCH OR MORE: 2
[HDD (BASE 65) ]
TOTAL THIS MO. 44 CLEAR (SCALE 0-3) 24
DPTR FM NORMAL M PTCLDY (SCALE 4-7) 5
TOTAL FM JUL 1 44 CLOUDY (SCALE 8-10) 2
DPTR FM NORMAL M
[CDD (BASE 65) ]
TOTAL THIS MO. 201
DPTR FM NORMAL M [PRESSURE DATA]
TOTAL FM JAN 1 3020 HIGHEST SLP M ON M
DPTR FM NORMAL M LOWEST SLP M ON M
[REMARKS]
#FINAL-10-22#