037
CXUS54 KFWD 010830
CF6MKN
PRELIMINARY LOCAL CLIMATOLOGICAL DATA (WS FORM: F-6)
STATION: COMANCHE
MONTH: JANUARY
YEAR: 2021
LATITUDE: 31 55 N
LONGITUDE: 98 36 W
TEMPERATURE IN F: :PCPN: SNOW: WIND :SUNSHINE: SKY :PK WND
================================================================================
1 2 3 4 5 6A 6B 7 8 9 10 11 12 13 14 15 16 17 18
12Z AVG MX 2MIN
DY MAX MIN AVG DEP HDD CDD WTR SNW DPTH SPD SPD DIR MIN PSBL S-S WX SPD DR
================================================================================
1 44 32 38 M 27 0 0.00 M M 11.4 18 330 M M 8 24 300
2 59 33 46 M 19 0 0.00 M M 6.9 14 230 M M 3 21 250
3 67 41 54 M 11 0 0.00 M M 12.2 21 230 M M 0 26 230
4 66 40 53 M 12 0 0.00 M M 4.8 14 40 M M 0 17 40
5 67 41 54 M 11 0 0.00 M M 7.2 16 180 M M 0 21 140
6 59 43 51 M 14 0 0.00 M M 14.4 29 320 M M 4 33 320
7 55 36 46 M 19 0 0.00 M M 12.4 21 340 M M 0 24 320
8 46 32 39 M 26 0 0.00 M M 5.9 10 30 M M 5 M M
9 50 28 39 M 26 0 0.00 M M 5.0 9 60 M M 3 1 M M
10 40 32 36 M 29 0 0.07 M M 7.6 15 340 M M 8 17 80
11 37 31 34 M 31 0 M M M 5.4 8 330 M M 6 1 M M
12 44 28 36 M 29 0 0.00 M M 6.0 10 250 M M 0 M M
13 63 36 50 M 15 0 0.00 M M 10.2 15 250 M M 0 21 250
14 60 40 50 M 15 0 0.00 M M 16.0 33 360 M M 0 41 360
15 55 35 45 M 20 0 0.00 M M 13.9 30 310 M M 2 8 37 310
16 61 35 48 M 17 0 0.00 M M 5.4 10 300 M M 2 8 M M
17 59 34 47 M 18 0 0.00 M M 4.7 9 50 M M 0 M M
18 74 35 55 M 10 0 0.00 M M 9.9 20 200 M M 1 26 200
19 50 44 47 M 18 0 0.08 M M 8.3 15 10 M M 10 22 10
20 47 39 43 M 22 0 0.22 M M 4.2 10 230 M M 9 1 18 230
21 56 46 51 M 14 0 0.04 M M 7.4 17 230 M M 8 21 230
22 57 46 52 M 13 0 0.01 M M 5.3 10 210 M M 9 12 M M
23 56 45 51 M 14 0 0.00 M M 5.4 10 130 M M 10 1 M M
24 65 55 60 M 5 0 0.00 M M 6.3 13 160 M M 10 12 18 160
25 67 47 57 M 8 0 0.03 M M 10.6 20 280 M M 1 28 290
26 62 35 49 M 16 0 M M M 6.7 13 350 M M 1 20 240
27 51 34 43 M 22 0 M M M 7.8 17 340 M M 1 24 340
28 51 28 40 M 25 0 0.00 M M 3.7 10 150 M M 0 M M
29 64 37 51 M 14 0 0.00 M M 9.4 17 200 M M 0 24 190
30 74 52 63 M 2 0 0.00 M M 15.5 29 280 M M 6 8 41 280
31 59 40 50 M 15 0 0.00 M M 11.8 20 350 M M 0 25 350
================================================================================
SM 1765 1180 537 0 0.45 M 261.8 M 107
================================================================================
AV 56.9 38.1 8.4 FASTST M M 3 MAX(MPH)
MISC ----> 33 360 # 41 360
================================================================================
NOTES:
# LAST OF SEVERAL OCCURRENCES
COLUMN 17 PEAK WIND IN M.P.H.
PRELIMINARY LOCAL CLIMATOLOGICAL DATA (WS FORM: F-6) , PAGE 2
STATION: COMANCHE
MONTH: JANUARY
YEAR: 2021
LATITUDE: 31 55 N
LONGITUDE: 98 36 W
[TEMPERATURE DATA] [PRECIPITATION DATA] SYMBOLS USED IN COLUMN 16
AVERAGE MONTHLY: 47.5 TOTAL FOR MONTH: 0.45 1 = FOG OR MIST
DPTR FM NORMAL: 0.0 DPTR FM NORMAL: -0.84 2 = FOG REDUCING VISIBILITY
HIGHEST: 74 ON 30,18 GRTST 24HR 0.43 ON 20-20 TO 1/4 MILE OR LESS
LOWEST: 28 ON 28, 9 3 = THUNDER
SNOW, ICE PELLETS, HAIL 4 = ICE PELLETS
TOTAL MONTH: M 5 = HAIL
GRTST 24HR M ON M 6 = FREEZING RAIN OR DRIZZLE
GRTST DEPTH: M ON M 7 = DUSTSTORM OR SANDSTORM:
VSBY 1/2 MILE OR LESS
8 = SMOKE OR HAZE
[NO. OF DAYS WITH] [WEATHER - DAYS WITH] 9 = BLOWING SNOW
X = TORNADO
MAX 32 OR BELOW: 0 0.01 INCH OR MORE: 6
MAX 90 OR ABOVE: 0 0.10 INCH OR MORE: 1
MIN 32 OR BELOW: 7 0.50 INCH OR MORE: 0
MIN 0 OR BELOW: 0 1.00 INCH OR MORE: 0
[HDD (BASE 65) ]
TOTAL THIS MO. 537 CLEAR (SCALE 0-3) 18
DPTR FM NORMAL M PTCLDY (SCALE 4-7) 8
TOTAL FM JUL 1 1334 CLOUDY (SCALE 8-10) 5
DPTR FM NORMAL M
[CDD (BASE 65) ]
TOTAL THIS MO. 0
DPTR FM NORMAL M [PRESSURE DATA]
TOTAL FM JAN 1 0 HIGHEST SLP M ON M
DPTR FM NORMAL M LOWEST SLP M ON M
[REMARKS]
#FINAL-01-21#