000
CXUS54 KTSA 010850
CF6MLC
PRELIMINARY LOCAL CLIMATOLOGICAL DATA (WS FORM: F-6)
STATION: MCALESTER OKLAHOMA
MONTH: OCTOBER
YEAR: 2023
LATITUDE: 34 52 N
LONGITUDE: 95 47 W
TEMPERATURE IN F: :PCPN: SNOW: WIND :SUNSHINE: SKY :PK WND
================================================================================
1 2 3 4 5 6A 6B 7 8 9 10 11 12 13 14 15 16 17 18
12Z AVG MX 2MIN
DY MAX MIN AVG DEP HDD CDD WTR SNW DPTH SPD SPD DIR MIN PSBL S-S WX SPD DR
================================================================================
1 90 60 75 6 0 10 0.00 0.0 M 2.5 9 130 M M 1 17 100
2 89 63 76 7 0 11 0.00 0.0 M 3.3 12 160 M M 2 19 140
3 87 63 75 7 0 10 T 0.0 M 5.2 13 140 M M 1 23 180
4 86 68 77 9 0 12 0.65 0.0 M 5.1 14 120 M M 6 13 25 360
5 83 58 71 3 0 6 0.01 0.0 M 5.7 15 10 M M 5 1 21 10
6 81 54 68 1 0 3 T 0.0 M 8.5 22 360 M M 3 32 30
7 67 42 55 -12 10 0 0.00 0.0 M 4.3 13 10 M M 3 18 10
8 77 41 59 -7 6 0 0.00 0.0 M 4.6 15 230 M M 2 22 210
9 85 50 68 2 0 3 0.00 0.0 M 2.9 10 10 M M 1 14 10
10 87 56 72 6 0 7 0.00 0.0 M 4.0 15 210 M M 1 22 200
11 80 65 73 8 0 8 0.00 0.0 M 8.2 16 170 M M 7 32 160
12 71 61 66 1 0 1 0.00 0.0 M 8.6 15 160 M M 8 27 150
13 73 53 63 -1 2 0 T 0.0 M 9.2 20 330 M M 6 30 320
14 65 49 57 -7 8 0 0.00 0.0 M 9.6 21 320 M M 5 27 360
15 62 43 53 -11 12 0 T 0.0 M 10.4 21 350 M M 9 30 360
16 66 38 52 -11 13 0 0.00 0.0 M 4.4 17 340 M M 2 25 340
17 73 36 55 -8 10 0 0.00 0.0 M 3.7 14 220 M M 2 21 220
18 79 53 66 3 0 1 0.00 0.0 M 5.9 16 210 M M 1 26 210
19 83 46 65 3 0 0 0.00 0.0 M 3.2 14 300 M M 1 8 21 330
20 86 47 67 5 0 2 0.00 0.0 M 2.8 12 10 M M 1 16 10
21 88 50 69 7 0 4 0.00 0.0 M 4.6 20 220 M M 1 28 200
22 85 56 71 10 0 6 0.00 0.0 M 5.3 13 110 M M 2 20 160
23 76 65 71 10 0 6 0.08 0.0 M 5.2 10 150 M M 6 24 150
24 75 67 71 11 0 6 0.20 0.0 M 6.8 14 150 M M 8 1 29 160
25 78 65 72 12 0 7 3.41 0.0 M 8.2 28 270 M M 9 13 39 270
26 78 66 72 12 0 7 0.37 0.0 M 7.7 14 220 M M 7 1 26 190
27 80 53 67 8 0 2 0.04 0.0 M 9.8 22 310 M M 10 1 31 310
28 53 44 49 -10 16 0 0.42 0.0 M 8.6 16 360 M M 10 1 22 360
29 44 38 41 -17 24 0 0.68 M M 14.6 24 360 M M 10 13 33 350
30 49 29 39 -19 26 0 T M M 10.6 22 10 M M 2 33 20
31 53 25 39 -19 26 0 0.00 0.0 M 6.0 20 340 M M 2 27 350
================================================================================
SM 2329 1604 153 112 5.86 0.0 199.5 M 134
================================================================================
AV 75.1 51.7 6.4 FASTST M M 4 MAX(MPH)
MISC ----> 28 270 39 270
================================================================================
NOTES:
# LAST OF SEVERAL OCCURRENCES
COLUMN 17 PEAK WIND IN M.P.H.
PRELIMINARY LOCAL CLIMATOLOGICAL DATA (WS FORM: F-6) , PAGE 2
STATION: MCALESTER OKLAHOMA
MONTH: OCTOBER
YEAR: 2023
LATITUDE: 34 52 N
LONGITUDE: 95 47 W
[TEMPERATURE DATA] [PRECIPITATION DATA] SYMBOLS USED IN COLUMN 16
AVERAGE MONTHLY: 63.4 TOTAL FOR MONTH: 5.86 1 = FOG OR MIST
DPTR FM NORMAL: 0.1 DPTR FM NORMAL: 1.69 2 = FOG REDUCING VISIBILITY
HIGHEST: 90 ON 1 GRTST 24HR 3.78 ON 25-26 TO 1/4 MILE OR LESS
LOWEST: 25 ON 31 3 = THUNDER
SNOW, ICE PELLETS, HAIL 4 = ICE PELLETS
TOTAL MONTH: 0.0 INCH 5 = HAIL
GRTST 24HR 0.0 6 = FREEZING RAIN OR DRIZZLE
GRTST DEPTH: M ON M 7 = DUSTSTORM OR SANDSTORM:
VSBY 1/2 MILE OR LESS
8 = SMOKE OR HAZE
[NO. OF DAYS WITH] [WEATHER - DAYS WITH] 9 = BLOWING SNOW
X = TORNADO
MAX 32 OR BELOW: 0 0.01 INCH OR MORE: 9
MAX 90 OR ABOVE: 1 0.10 INCH OR MORE: 6
MIN 32 OR BELOW: 2 0.50 INCH OR MORE: 3
MIN 0 OR BELOW: 0 1.00 INCH OR MORE: 1
[HDD (BASE 65) ]
TOTAL THIS MO. 153 CLEAR (SCALE 0-3) 17
DPTR FM NORMAL 13 PTCLDY (SCALE 4-7) 8
TOTAL FM JUL 1 153 CLOUDY (SCALE 8-10) 6
DPTR FM NORMAL -1
[CDD (BASE 65) ]
TOTAL THIS MO. 112
DPTR FM NORMAL 23 [PRESSURE DATA]
TOTAL FM JAN 1 2328 HIGHEST SLP 30.51 ON 31
DPTR FM NORMAL 209 LOWEST SLP 29.57 ON 12
[REMARKS]
#FINAL-10-23#