000
CXUS51 KCAR 010700
CF6MLT
PRELIMINARY LOCAL CLIMATOLOGICAL DATA (WS FORM: F-6)
STATION: MILLINOCKET ME
MONTH: JANUARY
YEAR: 2024
LATITUDE: 45 39 N
LONGITUDE: 68 41 W
TEMPERATURE IN F: :PCPN: SNOW: WIND :SUNSHINE: SKY :PK WND
================================================================================
1 2 3 4 5 6A 6B 7 8 9 10 11 12 13 14 15 16 17 18
12Z AVG MX 2MIN
DY MAX MIN AVG DEP HDD CDD WTR SNW DPTH SPD SPD DIR MIN PSBL S-S WX SPD DR
================================================================================
1 24 19 22 4 43 0 T M M 4.7 14 290 M M 9 24 290
2 31 18 25 7 40 0 0.00 M M 5.3 12 270 M M 4 8 21 270
3 34 26 30 12 35 0 0.00 M M 1.1 7 130 M M 10 9 90
4 34 13 24 7 41 0 0.03 M M 8.0 25 300 M M 7 128 42 250
5 19 9 14 -3 51 0 T M M 8.3 21 310 M M 3 8 35 290
6 20 11 16 -1 49 0 0.00 M M 5.2 14 310 M M 3 19 350
7 18 10 14 -3 51 0 0.01 M M 7.0 13 40 M M 10 1 21 10
8 24 15 20 4 45 0 0.00 M M 8.3 20 300 M M 5 33 260
9 26 16 21 5 44 0 0.03 M M 5.7 14 310 M M 3 1 19 300
10 46 22 34 18 31 0 1.20 M M 10.1 26 120 M M 8 12 46 110
11 38 26 32 16 33 0 T M M 7.5 16 290 M M 7 37 280
12 27 10 19 3 46 0 0.00 M M 6.6 18 310 M M 2 27 290
13 45 12 29 13 36 0 0.60 M M 8.1 20 90 M M 8 1268 32 290
14 35 21 28 13 37 0 0.01 M M 5.3 15 290 M M 7 12 26 250
15 28 6 17 2 48 0 0.00 M M 4.6 15 270 M M 5 1 27 260
16 23 3 13 -2 52 0 0.40 M M 5.4 17 330 M M 7 12 28 330
17 22 9 16 1 49 0 0.00 M M 11.2 26 300 M M 3 41 310
18 22 9 16 1 49 0 T M M 7.0 14 300 M M 6 27 270
19 19 4 12 -3 53 0 0.00 M M 9.6 17 300 M M 0 27 290
20 19 6 13 -1 52 0 T M M 10.6 16 300 M M 10 25 290
21 17 7 12 -2 53 0 0.00 M M 12.4 22 300 M M 5 34 290
22 32 8 20 6 45 0 0.00 M M 4.3 16 290 M M 4 30 310
23 32 6 19 5 46 0 T M M 8.5 22 330 M M 5 34 300
24 20 1 11 -3 54 0 T M M 1.5 7 180 M M 7 18 13 170
25 37 20 29 15 36 0 0.17 M M 1.9 9 20 M M 9 18 14 20
26 29 20 25 11 40 0 0.21 M M 2.5 7 30 M M 10 1 10 90
27 32 25 29 15 36 0 T M M 2.3 8 300 M M 10 18 12 300
28 33 29 31 17 34 0 0.00 M M 3.4 9 300 M M 10 17 300
29 32 15 24 10 41 0 T M M 9.6 17 40 M M 10 1 28 40
30 20 -7 7 -7 58 0 0.00 M M 2.3 12 20 M M 0 17 10
31 26 -13 7 -7 58 0 0.00 M M 0.8 7 240 M M 7 14 270
================================================================================
SM 864 376 1386 0 2.66 M 189.1 M 194
================================================================================
AV 27.9 12.1 6.1 FASTST M M 6 MAX(MPH)
MISC ----> # 26 120 46 110
================================================================================
NOTES:
# LAST OF SEVERAL OCCURRENCES
COLUMN 17 PEAK WIND IN M.P.H.
PRELIMINARY LOCAL CLIMATOLOGICAL DATA (WS FORM: F-6) , PAGE 2
STATION: MILLINOCKET ME
MONTH: JANUARY
YEAR: 2024
LATITUDE: 45 39 N
LONGITUDE: 68 41 W
[TEMPERATURE DATA] [PRECIPITATION DATA] SYMBOLS USED IN COLUMN 16
AVERAGE MONTHLY: 20.0 TOTAL FOR MONTH: 2.66 1 = FOG OR MIST
DPTR FM NORMAL: 4.5 DPTR FM NORMAL: -0.04 2 = FOG REDUCING VISIBILITY
HIGHEST: 46 ON 10 GRTST 24HR 1.20 ON 10-10 TO 1/4 MILE OR LESS
LOWEST: -13 ON 31 3 = THUNDER
SNOW, ICE PELLETS, HAIL 4 = ICE PELLETS
TOTAL MONTH: M 5 = HAIL
GRTST 24HR M ON M 6 = FREEZING RAIN OR DRIZZLE
GRTST DEPTH: M ON M 7 = DUSTSTORM OR SANDSTORM:
VSBY 1/2 MILE OR LESS
8 = SMOKE OR HAZE
[NO. OF DAYS WITH] [WEATHER - DAYS WITH] 9 = BLOWING SNOW
X = TORNADO
MAX 32 OR BELOW: 23 0.01 INCH OR MORE: 9
MAX 90 OR ABOVE: 0 0.10 INCH OR MORE: 5
MIN 32 OR BELOW: 31 0.50 INCH OR MORE: 2
MIN 0 OR BELOW: 2 1.00 INCH OR MORE: 1
[HDD (BASE 65) ]
TOTAL THIS MO. 1386 CLEAR (SCALE 0-3) 5
DPTR FM NORMAL -150 PTCLDY (SCALE 4-7) 16
TOTAL FM JUL 1 4028 CLOUDY (SCALE 8-10) 10
DPTR FM NORMAL -610
[CDD (BASE 65) ]
TOTAL THIS MO. 0
DPTR FM NORMAL 0 [PRESSURE DATA]
TOTAL FM JAN 1 0 HIGHEST SLP 30.73 ON 24
DPTR FM NORMAL 0 LOWEST SLP 28.93 ON 10
[REMARKS]
#FINAL-01-24#