000
CXUS56 KPQR 011155
CF6MMV
PRELIMINARY LOCAL CLIMATOLOGICAL DATA (WS FORM: F-6)
STATION: MCMINNVILLE OR
MONTH: OCTOBER
YEAR: 2021
LATITUDE: 45 11 N
LONGITUDE: 123 8 W
TEMPERATURE IN F: :PCPN: SNOW: WIND :SUNSHINE: SKY :PK WND
================================================================================
1 2 3 4 5 6A 6B 7 8 9 10 11 12 13 14 15 16 17 18
12Z AVG MX 2MIN
DY MAX MIN AVG DEP HDD CDD WTR SNW DPTH SPD SPD DIR MIN PSBL S-S WX SPD DR
================================================================================
1 68 40 54 -4 11 0 0.00 M M 5.0 13 20 M M 1 12 17 10
2 72 39 56 -2 9 0 0.00 M M 1.9 8 220 M M 0 1 9 230
3 73 41 57 -1 8 0 0.00 M M 3.6 10 350 M M 0 14 360
4 67 48 58 1 7 0 0.00 M M 2.6 10 150 M M 2 128 19 30
5 57 43 50 -7 15 0 0.29 M M 5.5 13 210 M M 5 1 16 30
6 61 40 51 -5 14 0 0.03 M M 3.8 13 320 M M 5 12 16 190
7 63 35 49 -7 16 0 0.00 M M 4.5 12 340 M M 1 12 14 330
8 61 37 49 -7 16 0 0.00 M M 1.1 6 230 M M 4 1 7 220
9 65 40 53 -2 12 0 0.01 M M 4.3 14 190 M M 8 12 17 190
10 61 42 52 -3 13 0 0.01 M M 8.4 21 310 M M 7 26 320
11 61 37 49 -6 16 0 0.00 M M 2.3 9 110 M M 4 1 13 20
12 54 30 42 -12 23 0 0.16 M M 3.3 15 170 M M 8 12 18 160
13 55 36 46 -8 19 0 0.13 M M 1.9 9 360 M M 9 12 13 360
14 60 44 52 -2 13 0 0.01 M M 6.1 14 160 M M 9 12 15 190
15 63 46 55 2 10 0 0.00 M M 2.4 7 270 M M 7 12 10 220
16 66 43 55 2 10 0 0.00 M M 0.4 6 110 M M 7 12 7 120
17 61 49 55 2 10 0 0.12 M M 2.8 15 260 M M 9 12 17 250
18 60 45 53 1 12 0 T M M 2.9 9 140 M M 7 12 12 210
19 58 36 47 -5 18 0 0.08 M M 1.3 9 230 M M 2 12 12 250
20 61 50 56 4 9 0 0.12 M M 9.0 25 180 M M 8 1 35 180
21 64 47 56 5 9 0 0.56 M M 5.5 17 160 M M 7 1 23 280
22 60 51 56 5 9 0 0.13 M M 7.8 16 170 M M 8 1 19 180
23 56 51 54 3 11 0 0.27 M M 6.9 17 170 M M 10 1 22 160
24 60 51 56 5 9 0 0.38 M M 13.6 29 160 M M 9 1 39 180
25 55 50 53 3 12 0 0.44 M M 16.4 29 180 M M 9 1 39 170
26 56 50 53 3 12 0 0.43 M M 11.4 26 190 M M 10 1 34 190
27 57 50 54 4 11 0 0.06 M M 6.3 12 170 M M 8 1 15 220
28 68 55 62 12 3 0 T M M 9.9 22 200 M M 8 1 31 200
29 60 45 53 4 12 0 0.34 M M 6.1 15 30 M M 6 1 20 30
30 63 45 54 5 11 0 0.00 M M 11.7 17 10 M M 0 23 10
31 65 43 54 5 11 0 0.00 M M 8.7 13 330 M M 1 16 330
================================================================================
SM 1911 1359 371 0 3.57 M 177.4 M 179
================================================================================
AV 61.6 43.8 5.7 FASTST M M 6 MAX(MPH)
MISC ----> # 29 160 # 39 180
================================================================================
NOTES:
# LAST OF SEVERAL OCCURRENCES
COLUMN 17 PEAK WIND IN M.P.H.
PRELIMINARY LOCAL CLIMATOLOGICAL DATA (WS FORM: F-6) , PAGE 2
STATION: MCMINNVILLE OR
MONTH: OCTOBER
YEAR: 2021
LATITUDE: 45 11 N
LONGITUDE: 123 8 W
[TEMPERATURE DATA] [PRECIPITATION DATA] SYMBOLS USED IN COLUMN 16
AVERAGE MONTHLY: 52.7 TOTAL FOR MONTH: 3.57 1 = FOG OR MIST
DPTR FM NORMAL: -0.5 DPTR FM NORMAL: 0.09 2 = FOG REDUCING VISIBILITY
HIGHEST: 73 ON 3 GRTST 24HR 0.63 ON 21-22 TO 1/4 MILE OR LESS
LOWEST: 30 ON 12 3 = THUNDER
SNOW, ICE PELLETS, HAIL 4 = ICE PELLETS
TOTAL MONTH: M 5 = HAIL
GRTST 24HR M ON M 6 = FREEZING RAIN OR DRIZZLE
GRTST DEPTH: M ON M 7 = DUSTSTORM OR SANDSTORM:
VSBY 1/2 MILE OR LESS
8 = SMOKE OR HAZE
[NO. OF DAYS WITH] [WEATHER - DAYS WITH] 9 = BLOWING SNOW
X = TORNADO
MAX 32 OR BELOW: 0 0.01 INCH OR MORE: 18
MAX 90 OR ABOVE: 0 0.10 INCH OR MORE: 12
MIN 32 OR BELOW: 1 0.50 INCH OR MORE: 1
MIN 0 OR BELOW: 0 1.00 INCH OR MORE: 0
[HDD (BASE 65) ]
TOTAL THIS MO. 371 CLEAR (SCALE 0-3) 8
DPTR FM NORMAL 2 PTCLDY (SCALE 4-7) 14
TOTAL FM JUL 1 477 CLOUDY (SCALE 8-10) 9
DPTR FM NORMAL -62
[CDD (BASE 65) ]
TOTAL THIS MO. 0
DPTR FM NORMAL -2 [PRESSURE DATA]
TOTAL FM JAN 1 564 HIGHEST SLP 30.32 ON 27
DPTR FM NORMAL 280 LOWEST SLP 29.05 ON 24
[REMARKS]
#FINAL-10-21#