000
CXUS54 KMOB 010638
CF6MOB
PRELIMINARY LOCAL CLIMATOLOGICAL DATA (WS FORM: F-6)
STATION: MOBILE
MONTH: MAY
YEAR: 2022
LATITUDE: 30 40 N
LONGITUDE: 88 15 W
TEMPERATURE IN F: :PCPN: SNOW: WIND :SUNSHINE: SKY :PK WND
================================================================================
1 2 3 4 5 6A 6B 7 8 9 10 11 12 13 14 15 16 17 18
12Z AVG MX 2MIN
DY MAX MIN AVG DEP HDD CDD WTR SNW DPTH SPD SPD DIR MIN PSBL S-S WX SPD DR
================================================================================
1 87 71 79 9 0 14 T 0.0 0 7.7 20 210 M M 5 138 26 210
2 87 67 77 6 0 12 0.00 0.0 0 7.7 17 170 M M 5 1 24 220
3 87 70 79 8 0 14 0.00 0.0 0 7.2 15 180 M M 5 1 21 190
4 89 68 79 8 0 14 T 0.0 0 4.9 15 190 M M 3 1 24 190
5 88 67 78 6 0 13 0.00 0.0 0 8.1 18 160 M M 5 18 28 160
6 87 63 75 3 0 10 0.50 0.0 0 6.6 23 260 M M 5 13 42 260
7 87 59 73 1 0 8 0.00 0.0 0 5.1 13 270 M M 1 21 280
8 89 61 75 3 0 10 0.00 0.0 0 4.6 13 30 M M 2 18 30
9 86 65 76 3 0 11 0.00 0.0 0 7.8 15 150 M M 3 22 120
10 88 64 76 3 0 11 0.00 0.0 0 4.6 13 70 M M 2 1 18 50
11 91 59 75 2 0 10 0.00 0.0 0 4.0 13 20 M M 0 1 18 60
12 90 63 77 4 0 12 0.02 0.0 0 2.3 18 290 M M 4 3 30 300
13 91 64 78 4 0 13 0.81 0.0 0 5.0 17 360 M M 4 138 23 360
14 89 65 77 3 0 12 0.00 0.0 0 4.6 17 10 M M 5 3 21 10
15 91 67 79 5 0 14 1.02 0.0 0 5.4 28 90 M M 6 13 39 70
16 93 66 80 6 0 15 T 0.0 0 4.1 12 330 M M 5 3 17 340
17 93 72 83 8 0 18 0.01 0.0 0 5.5 16 160 M M 6 138 20 160
18 91 75 83 8 0 18 0.00 0.0 0 5.8 14 220 M M 7 12 20 210
19 91 72 82 7 0 17 0.00 0.0 0 7.3 17 180 M M 6 1 26 210
20 90 73 82 7 0 17 T 0.0 0 10.4 21 170 M M 4 29 200
21 91 74 83 7 0 18 0.43 0.0 0 9.5 23 130 M M 5 138 30 130
22 81 70 76 0 0 11 0.34 0.0 0 6.9 15 150 M M 8 18 21 90
23 80 70 75 -1 0 10 0.75 0.0 0 5.3 29 170 M M 8 13 41 180
24 85 70 78 2 0 13 1.00 0.0 0 10.9 36 200 M M 8 138 51 210
25 85 70 78 1 0 13 1.53 0.0 0 11.2 25 180 M M 8 138 33 180
26 84 70 77 0 0 12 0.85 0.0 0 4.9 16 300 M M 7 138 29 300
27 87 64 76 -1 0 11 0.00 0.0 0 6.3 16 270 M M 1 27 290
28 88 62 75 -2 0 10 0.00 0.0 0 3.7 12 200 M M 2 15 190
29 88 64 76 -2 0 11 0.00 0.0 0 7.0 15 120 M M 5 19 130
30 89 72 81 3 0 16 0.00 0.0 0 10.3 21 140 M M 3 29 130
31 91 72 82 4 0 17 T 0.0 0 5.9 16 120 M M 5 138 20 130
================================================================================
SM 2734 2089 0 405 7.26 0.0 200.6 M 143
================================================================================
AV 88.2 67.4 6.5 FASTST M M 5 MAX(MPH)
MISC ----> 36 200 51 210
================================================================================
NOTES:
# LAST OF SEVERAL OCCURRENCES
COLUMN 17 PEAK WIND IN M.P.H.
PRELIMINARY LOCAL CLIMATOLOGICAL DATA (WS FORM: F-6) , PAGE 2
STATION: MOBILE
MONTH: MAY
YEAR: 2022
LATITUDE: 30 40 N
LONGITUDE: 88 15 W
[TEMPERATURE DATA] [PRECIPITATION DATA] SYMBOLS USED IN COLUMN 16
AVERAGE MONTHLY: 77.8 TOTAL FOR MONTH: 7.26 1 = FOG OR MIST
DPTR FM NORMAL: 3.4 DPTR FM NORMAL: 1.87 2 = FOG REDUCING VISIBILITY
HIGHEST: 93 ON 17,16 GRTST 24HR 1.76 ON 24-25 TO 1/4 MILE OR LESS
LOWEST: 59 ON 11, 7 3 = THUNDER
SNOW, ICE PELLETS, HAIL 4 = ICE PELLETS
TOTAL MONTH: 0.0 INCH 5 = HAIL
GRTST 24HR 0.0 6 = FREEZING RAIN OR DRIZZLE
GRTST DEPTH: 0 7 = DUSTSTORM OR SANDSTORM:
VSBY 1/2 MILE OR LESS
8 = SMOKE OR HAZE
[NO. OF DAYS WITH] [WEATHER - DAYS WITH] 9 = BLOWING SNOW
X = TORNADO
MAX 32 OR BELOW: 0 0.01 INCH OR MORE: 11
MAX 90 OR ABOVE: 11 0.10 INCH OR MORE: 9
MIN 32 OR BELOW: 0 0.50 INCH OR MORE: 7
MIN 0 OR BELOW: 0 1.00 INCH OR MORE: 3
[HDD (BASE 65) ]
TOTAL THIS MO. 0 CLEAR (SCALE 0-3) 8
DPTR FM NORMAL -4 PTCLDY (SCALE 4-7) 21
TOTAL FM JUL 1 1508 CLOUDY (SCALE 8-10) 2
DPTR FM NORMAL -105
[CDD (BASE 65) ]
TOTAL THIS MO. 405
DPTR FM NORMAL 111 [PRESSURE DATA]
TOTAL FM JAN 1 622 HIGHEST SLP 30.21 ON 11
DPTR FM NORMAL 145 LOWEST SLP 29.76 ON 7
[REMARKS]
#FINAL-05-22#