000
CXUS54 KMOB 011628
CF6MOB
PRELIMINARY LOCAL CLIMATOLOGICAL DATA (WS FORM: F-6)
STATION: MOBILE
MONTH: DECEMBER
YEAR: 2021
LATITUDE: 30 40 N
LONGITUDE: 88 15 W
TEMPERATURE IN F: :PCPN: SNOW: WIND :SUNSHINE: SKY :PK WND
================================================================================
1 2 3 4 5 6A 6B 7 8 9 10 11 12 13 14 15 16 17 18
12Z AVG MX 2MIN
DY MAX MIN AVG DEP HDD CDD WTR SNW DPTH SPD SPD DIR MIN PSBL S-S WX SPD DR
================================================================================
1 72 38 55 -1 10 0 0.00 0.0 0 1.7 12 190 M M 3 2 15 180
2 76 46 61 6 4 0 0.00 0.0 0 2.8 9 320 M M 3 12 14 270
3 75 48 62 7 3 0 0.00 0.0 0 2.3 10 210 M M 7 128 13 210
4 78 48 63 8 2 0 0.00 0.0 0 2.4 12 190 M M 5 12 16 300
5 77 59 68 13 0 3 0.00 0.0 0 6.1 15 150 M M 7 12 21 170
6 78 59 69 14 0 4 0.49 0.0 0 7.8 20 210 M M 7 13 29 210
7 59 50 55 1 10 0 T 0.0 0 6.4 15 40 M M 10 128 18 20
8 63 45 54 0 11 0 0.28 0.0 0 6.3 18 330 M M 7 12 25 330
9 72 42 57 3 8 0 2.11 0.0 0 5.1 16 170 M M 8 1 24 200
10 78 70 74 20 0 9 0.00 0.0 0 11.3 22 180 M M 9 1 30 200
11 77 52 65 11 0 0 0.85 0.0 0 11.4 22 200 M M 9 18 32 250
12 60 43 52 -2 13 0 0.00 0.0 0 6.6 17 360 M M 5 25 20
13 71 42 57 3 8 0 0.00 0.0 0 2.7 9 100 M M 3 11 110
14 73 55 64 10 1 0 0.00 0.0 0 3.6 8 140 M M 6 1 10 50
15 74 53 64 11 1 0 0.00 0.0 0 5.9 12 140 M M 5 1 15 160
16 76 57 67 14 0 2 0.00 0.0 0 5.6 12 140 M M 6 12 15 120
17 71 64 68 15 0 3 0.09 0.0 0 7.9 14 150 M M 10 12 20 160
18 74 64 69 16 0 4 0.77 0.0 0 6.7 15 180 M M 9 123 24 150
19 65 43 54 1 11 0 0.00 0.0 0 11.1 21 360 M M 9 27 330
20 47 40 44 -9 21 0 0.05 0.0 0 7.9 14 10 M M 7 1 18 10
21 50 40 45 -7 20 0 0.01 0.0 0 8.0 15 340 M M 8 18 20 320
22 63 36 50 -2 15 0 0.00 0.0 0 5.4 16 340 M M 0 26 300
23 66 35 51 -1 14 0 0.00 0.0 0 3.5 12 150 M M 1 8 14 150
24 72 46 59 7 6 0 0.00 0.0 0 9.7 20 190 M M 4 1 27 140
25 77 57 67 15 0 2 0.00 0.0 0 8.5 21 210 M M 3 1 31 200
26 78 58 68 16 0 3 0.00 0.0 0 5.8 17 210 M M 5 1 23 210
27 78 61 70 18 0 5 0.00 0.0 0 7.9 16 190 M M 7 18 22 180
28 78 64 71 19 0 6 T 0.0 0 11.2 22 190 M M 8 1 30 170
29 81 69 75 23 0 10 0.04 0.0 0 13.4 22 190 M M 9 18 31 190
30 82 68 75 24 0 10 0.00 0.0 0 10.7 18 220 M M 8 138 27 220
31 81 69 75 24 0 10 T 0.0 0 11.0 18 180 M M 10 18 25 200
================================================================================
SM 2222 1621 158 71 4.69 0.0 216.7 M 198
================================================================================
AV 71.7 52.3 7.0 FASTST M M 6 MAX(MPH)
MISC ----> # 22 180 32 250
================================================================================
NOTES:
# LAST OF SEVERAL OCCURRENCES
COLUMN 17 PEAK WIND IN M.P.H.
PRELIMINARY LOCAL CLIMATOLOGICAL DATA (WS FORM: F-6) , PAGE 2
STATION: MOBILE
MONTH: DECEMBER
YEAR: 2021
LATITUDE: 30 40 N
LONGITUDE: 88 15 W
[TEMPERATURE DATA] [PRECIPITATION DATA] SYMBOLS USED IN COLUMN 16
AVERAGE MONTHLY: 62.0 TOTAL FOR MONTH: 4.69 1 = FOG OR MIST
DPTR FM NORMAL: 8.7 DPTR FM NORMAL: -0.76 2 = FOG REDUCING VISIBILITY
HIGHEST: 82 ON 30 GRTST 24HR 2.11 ON 9- 9 TO 1/4 MILE OR LESS
LOWEST: 35 ON 23 3 = THUNDER
SNOW, ICE PELLETS, HAIL 4 = ICE PELLETS
TOTAL MONTH: 0.0 INCH 5 = HAIL
GRTST 24HR 0.0 6 = FREEZING RAIN OR DRIZZLE
GRTST DEPTH: 0 7 = DUSTSTORM OR SANDSTORM:
VSBY 1/2 MILE OR LESS
8 = SMOKE OR HAZE
[NO. OF DAYS WITH] [WEATHER - DAYS WITH] 9 = BLOWING SNOW
X = TORNADO
MAX 32 OR BELOW: 0 0.01 INCH OR MORE: 9
MAX 90 OR ABOVE: 0 0.10 INCH OR MORE: 5
MIN 32 OR BELOW: 0 0.50 INCH OR MORE: 3
MIN 0 OR BELOW: 0 1.00 INCH OR MORE: 1
[HDD (BASE 65) ]
TOTAL THIS MO. 158 CLEAR (SCALE 0-3) 5
DPTR FM NORMAL -222 PTCLDY (SCALE 4-7) 18
TOTAL FM JUL 1 443 CLOUDY (SCALE 8-10) 8
DPTR FM NORMAL -205
[CDD (BASE 65) ]
TOTAL THIS MO. 71
DPTR FM NORMAL 55 [PRESSURE DATA]
TOTAL FM JAN 1 2461 HIGHEST SLP 30.40 ON 14
DPTR FM NORMAL -138 LOWEST SLP 29.85 ON 29
[REMARKS]
#FINAL-12-21#