000
CXUS51 KBTV 010800
CF6MPV
PRELIMINARY LOCAL CLIMATOLOGICAL DATA (WS FORM: F-6)
STATION: MONTPELIER VT
MONTH: NOVEMBER
YEAR: 2022
LATITUDE: 44 12 N
LONGITUDE: 72 34 W
TEMPERATURE IN F: :PCPN: SNOW: WIND :SUNSHINE: SKY :PK WND
================================================================================
1 2 3 4 5 6A 6B 7 8 9 10 11 12 13 14 15 16 17 18
12Z AVG MX 2MIN
DY MAX MIN AVG DEP HDD CDD WTR SNW DPTH SPD SPD DIR MIN PSBL S-S WX SPD DR
================================================================================
1 65 46 56 16 9 0 0.01 M M 3.8 14 300 M M 8 21 290
2 60 32 46 6 19 0 0.00 M M 3.3 10 310 M M 0 18 13 310
3 68 29 49 10 16 0 0.00 M M 3.8 14 160 M M 0 18 17 160
4 72 43 58 19 7 0 0.00 M M 7.4 15 160 M M 0 19 150
5 74 58 66 28 0 1 0.00 M M 10.6 21 170 M M 4 30 170
6 74 63 69 31 0 4 T M M 11.1 18 170 M M 6 26 220
7 71 45 58 20 7 0 0.05 M M 10.2 23 310 M M 5 1 36 300
8 45 30 38 1 27 0 0.00 M M 11.5 22 330 M M 2 33 340
9 52 22 37 0 28 0 0.00 M M 3.3 13 160 M M 0 16 170
10 71 34 53 16 12 0 0.00 M M 6.3 17 170 M M 2 21 180
11 71 50 61 25 4 0 0.38 M M 7.2 16 200 M M 5 1 23 170
12 67 47 57 21 8 0 0.58 M M 8.3 22 320 M M 9 18 29 310
13 48 31 40 5 25 0 T M M 7.1 22 310 M M 10 29 310
14 36 24 30 -5 35 0 T M M 9.7 24 300 M M 8 33 330
15 36 19 28 -7 37 0 T M M 1.5 8 180 M M 2 10 180
16 36 30 33 -1 32 0 0.56 M M 2.6 14 310 M M 10 18 19 300
17 34 27 31 -3 34 0 T M M 8.2 20 280 M M 10 8 30 290
18 35 21 28 -6 37 0 T M M 6.6 17 210 M M 8 8 25 210
19 37 26 32 -1 33 0 0.00 M M 6.2 16 180 M M 5 23 170
20 30 16 23 -10 42 0 T M M 11.9 24 270 M M 8 8 38 300
21 39 8 24 -8 41 0 0.00 M M 9.2 21 270 M M 5 36 210
22 39 24 32 0 33 0 0.00 M M 5.6 24 310 M M 3 37 290
23 36 26 31 -1 34 0 T M M 3.6 10 310 M M 10 14 270
24 43 19 31 0 34 0 0.00 M M 1.7 12 160 M M 2 13 160
25 46 28 37 6 28 0 0.01 M M 8.8 26 310 M M 8 37 310
26 48 30 39 9 26 0 0.00 M M 6.3 25 320 M M 4 35 310
27 50 27 39 9 26 0 0.65 M M 2.4 13 180 M M 4 1 16 180
28 40 30 35 5 30 0 0.12 M M 9.1 18 300 M M 10 18 23 320
29 35 29 32 3 33 0 0.00 M M 3.7 10 160 M M 10 12 300
30 50 30 40 11 25 0 0.81 M M 12.8 22 190 M M 9 33 200
================================================================================
SM 1508 944 722 5 3.17 M 203.8 M 167
================================================================================
AV 50.3 31.5 6.8 FASTST M M 6 MAX(MPH)
MISC ----> 26 310 38 300
================================================================================
NOTES:
# LAST OF SEVERAL OCCURRENCES
COLUMN 17 PEAK WIND IN M.P.H.
PRELIMINARY LOCAL CLIMATOLOGICAL DATA (WS FORM: F-6) , PAGE 2
STATION: MONTPELIER VT
MONTH: NOVEMBER
YEAR: 2022
LATITUDE: 44 12 N
LONGITUDE: 72 34 W
[TEMPERATURE DATA] [PRECIPITATION DATA] SYMBOLS USED IN COLUMN 16
AVERAGE MONTHLY: 40.9 TOTAL FOR MONTH: 3.17 1 = FOG OR MIST
DPTR FM NORMAL: 6.5 DPTR FM NORMAL: 0.32 2 = FOG REDUCING VISIBILITY
HIGHEST: 74 ON 6, 5 GRTST 24HR 0.96 ON 11-12 TO 1/4 MILE OR LESS
LOWEST: 8 ON 21 3 = THUNDER
SNOW, ICE PELLETS, HAIL 4 = ICE PELLETS
TOTAL MONTH: M 5 = HAIL
GRTST 24HR M ON M 6 = FREEZING RAIN OR DRIZZLE
GRTST DEPTH: M ON M 7 = DUSTSTORM OR SANDSTORM:
VSBY 1/2 MILE OR LESS
8 = SMOKE OR HAZE
[NO. OF DAYS WITH] [WEATHER - DAYS WITH] 9 = BLOWING SNOW
X = TORNADO
MAX 32 OR BELOW: 1 0.01 INCH OR MORE: 9
MAX 90 OR ABOVE: 0 0.10 INCH OR MORE: 6
MIN 32 OR BELOW: 22 0.50 INCH OR MORE: 4
MIN 0 OR BELOW: 0 1.00 INCH OR MORE: 0
[HDD (BASE 65) ]
TOTAL THIS MO. 722 CLEAR (SCALE 0-3) 8
DPTR FM NORMAL -196 PTCLDY (SCALE 4-7) 13
TOTAL FM JUL 1 1401 CLOUDY (SCALE 8-10) 9
DPTR FM NORMAL -483
[CDD (BASE 65) ]
TOTAL THIS MO. 5
DPTR FM NORMAL 5 [PRESSURE DATA]
TOTAL FM JAN 1 436 HIGHEST SLP 30.74 ON 9
DPTR FM NORMAL 209 LOWEST SLP 29.29 ON 28
[REMARKS]
#FINAL-11-22#