000
CXUS51 KLWX 030119
CF6MRB
PRELIMINARY LOCAL CLIMATOLOGICAL DATA (WS FORM: F-6)
STATION: MARTINSBURG WV
MONTH: JULY
YEAR: 2021
LATITUDE: 39 24 N
LONGITUDE: 77 58 W
TEMPERATURE IN F: :PCPN: SNOW: WIND :SUNSHINE: SKY :PK WND
================================================================================
1 2 3 4 5 6A 6B 7 8 9 10 11 12 13 14 15 16 17 18
12Z AVG MX 2MIN
DY MAX MIN AVG DEP HDD CDD WTR SNW DPTH SPD SPD DIR MIN PSBL S-S WX SPD DR
================================================================================
1 83 68 76 1 0 11 0.71 M M 4.4 17 260 M M 6 1238 22 250
2 79 61 70 -5 0 5 0.02 M M 7.8 22 280 M M 3 1 28 290
3 80 56 68 -7 0 3 0.00 M M 7.7 18 310 M M 3 24 330
4 84 55 70 -5 0 5 0.21 M M 2.1 15 340 M M 5 12 20 330
5 89 60 75 -1 0 10 0.00 M M 3.1 9 200 M M 3 128 13 200
6 93 67 80 4 0 15 0.00 M M 5.6 15 270 M M 0 19 260
7 94 68 81 5 0 16 T M M 2.8 14 270 M M 2 13 18 270
8 85 67 76 0 0 11 0.02 M M 2.4 21 240 M M 4 13 27 240
9 87 64 76 0 0 11 0.13 M M 5.9 21 280 M M 3 24 280
10 82 64 73 -3 0 8 0.00 M M 3.8 13 300 M M 2 15 300
11 88 67 78 2 0 13 0.07 M M 6.0 17 160 M M 4 1 26 150
12 92 67 80 4 0 15 0.05 M M 1.3 21 290 M M 3 13 27 280
13 93 69 81 5 0 16 0.00 M M 4.9 17 180 M M 2 12 26 170
14 88 68 78 2 0 13 0.00 M M 4.6 14 270 M M 2 20 300
15 89 66 78 2 0 13 0.00 M M 3.8 13 170 M M 2 1 19 170
16 93 67 80 4 0 15 T M M 5.4 18 350 M M 1 138 21 350
17 92 67 80 4 0 15 1.16 M M 2.7 36 250 M M 1 138 49 240
18 79 67 73 -3 0 8 0.00 M M 8.0 18 280 M M 6 24 280
19 87 60 74 -2 0 9 0.00 M M 2.4 10 290 M M 0 18 14 310
20 88 61 75 -1 0 10 0.00 M M 1.9 8 280 M M 0 18 12 340
21 86 66 76 0 0 11 0.02 M M 6.9 25 10 M M 3 138 33 20
22 81 57 69 -7 0 4 0.00 M M 4.6 13 310 M M 1 17 310
23 81 56 69 -7 0 4 0.00 M M 1.6 8 90 M M 1 8 11 150
24 84 61 73 -3 0 8 0.00 M M 3.9 13 140 M M 4 16 140
25 90 71 81 5 0 16 T M M 6.3 15 260 M M 2 22 260
26 92 68 80 4 0 15 0.00 M M 2.6 18 10 M M 1 1 22 360
27 91 64 78 2 0 13 0.00 M M 3.7 12 320 M M 0 12 18 340
28 91 63 77 1 0 12 0.00 M M 3.1 12 40 M M 3 3 16 330
29 87 65 76 1 0 11 T M M 5.3 16 270 M M 3 128 20 270
30 88 67 78 3 0 13 0.00 M M 9.7 21 340 M M 1 26 360
31 83 58 71 -4 0 6 0.00 M M 3.3 10 260 M M 1 14 210
================================================================================
SM 2699 1985 0 335 2.39 M 137.6 M 72
================================================================================
AV 87.1 64.0 4.4 FASTST M M 2 MAX(MPH)
MISC ----> 36 250 49 240
================================================================================
NOTES:
# LAST OF SEVERAL OCCURRENCES
COLUMN 17 PEAK WIND IN M.P.H.
PRELIMINARY LOCAL CLIMATOLOGICAL DATA (WS FORM: F-6) , PAGE 2
STATION: MARTINSBURG WV
MONTH: JULY
YEAR: 2021
LATITUDE: 39 24 N
LONGITUDE: 77 58 W
[TEMPERATURE DATA] [PRECIPITATION DATA] SYMBOLS USED IN COLUMN 16
AVERAGE MONTHLY: 75.5 TOTAL FOR MONTH: 2.39 1 = FOG OR MIST
DPTR FM NORMAL: -0.2 DPTR FM NORMAL: -1.39 2 = FOG REDUCING VISIBILITY
HIGHEST: 94 ON 7 GRTST 24HR 1.16 ON 16-17 TO 1/4 MILE OR LESS
LOWEST: 55 ON 4 3 = THUNDER
SNOW, ICE PELLETS, HAIL 4 = ICE PELLETS
TOTAL MONTH: M 5 = HAIL
GRTST 24HR M ON M 6 = FREEZING RAIN OR DRIZZLE
GRTST DEPTH: M ON M 7 = DUSTSTORM OR SANDSTORM:
VSBY 1/2 MILE OR LESS
8 = SMOKE OR HAZE
[NO. OF DAYS WITH] [WEATHER - DAYS WITH] 9 = BLOWING SNOW
X = TORNADO
MAX 32 OR BELOW: 0 0.01 INCH OR MORE: 9
MAX 90 OR ABOVE: 10 0.10 INCH OR MORE: 4
MIN 32 OR BELOW: 0 0.50 INCH OR MORE: 2
MIN 0 OR BELOW: 0 1.00 INCH OR MORE: 1
[HDD (BASE 65) ]
TOTAL THIS MO. 0 CLEAR (SCALE 0-3) 25
DPTR FM NORMAL 0 PTCLDY (SCALE 4-7) 6
TOTAL FM JUL 1 0 CLOUDY (SCALE 8-10) 0
DPTR FM NORMAL 0
[CDD (BASE 65) ]
TOTAL THIS MO. 335
DPTR FM NORMAL 3 [PRESSURE DATA]
TOTAL FM JAN 1 637 HIGHEST SLP 30.21 ON 23
DPTR FM NORMAL 27 LOWEST SLP 29.76 ON 30
[REMARKS]
#FINAL-07-21#