000
CXUS54 KMAF 011110
CF6MRF
PRELIMINARY LOCAL CLIMATOLOGICAL DATA (WS FORM: F-6)
STATION: MARFA
MONTH: APRIL
YEAR: 2022
LATITUDE: 30 22 N
LONGITUDE: 104 1 W
TEMPERATURE IN F: :PCPN: SNOW: WIND :SUNSHINE: SKY :PK WND
================================================================================
1 2 3 4 5 6A 6B 7 8 9 10 11 12 13 14 15 16 17 18
12Z AVG MX 2MIN
DY MAX MIN AVG DEP HDD CDD WTR SNW DPTH SPD SPD DIR MIN PSBL S-S WX SPD DR
================================================================================
1 79 35 57 M 8 0 M M M 9.6 18 260 M M 0 28 270
2 80 43 62 M 3 0 M M M 9.4 17 10 M M 0 M M
3 84 42 63 M 2 0 M M M 6.8 16 210 M M 0 20 180
4 78 45 62 M 3 0 M M M 8.8 21 270 M M 0 30 260
5 80 36 58 M 7 0 M M M 12.2 28 240 M M 0 43 250
6 72 40 56 M 9 0 M M M 12.2 28 10 M M 0 8 36 30
7 69 36 53 M 12 0 M M M 6.9 15 40 M M 0 18 20
8 71 29 50 M 15 0 M M M 7.2 13 30 M M 0 M M
9 82 33 58 M 7 0 M M M 8.1 17 220 M M 0 25 190
10 81 47 64 M 1 0 M M M 11.0 22 250 M M 0 36 230
11 83 49 66 M 0 1 M M M 10.0 16 250 M M 0 25 220
12 83 44 64 M 1 0 M M M 11.5 30 240 M M 0 39 240
13 71 40 56 M 9 0 M M M 14.3 26 270 M M 0 37 270
14 81 34 58 M 7 0 M M M 6.4 12 180 M M 0 18 180
15 85 44 65 M 0 0 M M M 5.8 16 240 M M 0 22 99
16 85 46 66 M 0 1 M M M 4.2 10 240 M M 0 M M
17 86 41 64 M 1 0 M M M 9.4 24 280 M M 0 31 270
18 86 38 62 M 3 0 M M M 10.8 20 100 M M 0 28 100
19 87 52 70 M 0 5 M M M 10.7 18 220 M M 0 28 220
20 88 47 68 M 0 3 M M M 10.5 25 250 M M 0 36 270
21 90 46 68 M 0 3 M M M 7.0 14 180 M M 0 22 130
22 91 53 72 M 0 7 M M M 12.1 24 170 M M 0 37 170
23 86 54 70 M 0 5 M M M 8.3 23 230 M M 0 30 230
24 84 50 67 M 0 2 M M M 8.2 18 40 M M 0 25 99
25 68 52 60 M 5 0 M M M 17.8 26 20 M M 4 33 10
26 74 50 62 M 3 0 M M M 10.5 18 30 M M 6 24 30
27 84 46 65 M 0 0 T M M 9.8 18 180 M M 1 3 25 150
28 90 49 70 M 0 5 M M M 6.8 17 210 M M 0 28 99
29 85 49 67 M 0 2 M M M 10.9 24 250 M M 0 38 220
30 81 45 63 M 2 0 M M M 10.5 21 10 M M 0 25 20
================================================================================
SM 2444 1315 98 34 T M 288.0 M 11
================================================================================
AV 81.5 43.8 9.6 FASTST M M 0 MAX(MPH)
MISC ----> 30 240 43 250
================================================================================
NOTES:
# LAST OF SEVERAL OCCURRENCES
COLUMN 17 PEAK WIND IN M.P.H.
PRELIMINARY LOCAL CLIMATOLOGICAL DATA (WS FORM: F-6) , PAGE 2
STATION: MARFA
MONTH: APRIL
YEAR: 2022
LATITUDE: 30 22 N
LONGITUDE: 104 1 W
[TEMPERATURE DATA] [PRECIPITATION DATA] SYMBOLS USED IN COLUMN 16
AVERAGE MONTHLY: 62.7 TOTAL FOR MONTH: T 1 = FOG OR MIST
DPTR FM NORMAL: 0.0 DPTR FM NORMAL: M 2 = FOG REDUCING VISIBILITY
HIGHEST: 91 ON 22 GRTST 24HR T ON 27-27 TO 1/4 MILE OR LESS
LOWEST: 29 ON 8 3 = THUNDER
SNOW, ICE PELLETS, HAIL 4 = ICE PELLETS
TOTAL MONTH: M 5 = HAIL
GRTST 24HR M ON M 6 = FREEZING RAIN OR DRIZZLE
GRTST DEPTH: M ON M 7 = DUSTSTORM OR SANDSTORM:
VSBY 1/2 MILE OR LESS
8 = SMOKE OR HAZE
[NO. OF DAYS WITH] [WEATHER - DAYS WITH] 9 = BLOWING SNOW
X = TORNADO
MAX 32 OR BELOW: 0 0.01 INCH OR MORE: 0
MAX 90 OR ABOVE: 3 0.10 INCH OR MORE: 0
MIN 32 OR BELOW: 1 0.50 INCH OR MORE: 0
MIN 0 OR BELOW: 0 1.00 INCH OR MORE: 0
[HDD (BASE 65) ]
TOTAL THIS MO. 98 CLEAR (SCALE 0-3) 28
DPTR FM NORMAL M PTCLDY (SCALE 4-7) 2
TOTAL FM JUL 1 2862 CLOUDY (SCALE 8-10) 0
DPTR FM NORMAL M
[CDD (BASE 65) ]
TOTAL THIS MO. 34
DPTR FM NORMAL M [PRESSURE DATA]
TOTAL FM JAN 1 35 HIGHEST SLP M ON M
DPTR FM NORMAL M LOWEST SLP M ON M
[REMARKS]
#FINAL-04-22#