000
CXUS54 KMAF 011110
CF6MRF
PRELIMINARY LOCAL CLIMATOLOGICAL DATA (WS FORM: F-6)
STATION: MARFA
MONTH: MAY
YEAR: 2021
LATITUDE: 30 22 N
LONGITUDE: 104 1 W
TEMPERATURE IN F: :PCPN: SNOW: WIND :SUNSHINE: SKY :PK WND
================================================================================
1 2 3 4 5 6A 6B 7 8 9 10 11 12 13 14 15 16 17 18
12Z AVG MX 2MIN
DY MAX MIN AVG DEP HDD CDD WTR SNW DPTH SPD SPD DIR MIN PSBL S-S WX SPD DR
================================================================================
1 74 44 59 M 6 0 T M M 9.1 16 260 M M 4 25 260
2 87 45 66 M 0 1 M M M 17.0 38 260 M M 0 48 260
3 82 47 65 M 0 0 M M M 10.7 21 240 M M 0 37 240
4 73 45 59 M 6 0 M M M 15.9 26 30 M M 0 35 30
5 85 40 63 M 2 0 M M M 6.7 16 170 M M 0 20 170
6 86 47 67 M 0 2 M M M 8.8 18 110 M M 0 30 110
7 87 57 72 M 0 7 0.04 M M 11.4 28 250 M M 2 38 39 260
8 89 52 71 M 0 6 M M M 10.9 29 230 M M 0 39 230
9 85 49 67 M 0 2 M M M 9.0 20 270 M M 0 31 250
10 88 46 67 M 0 2 M M M 10.5 17 250 M M 0 25 250
11 86 54 70 M 0 5 0.01 M M 10.5 22 50 M M 1 3 30 280
12 66 49 58 M 7 0 M M M 14.1 17 40 M M 5 23 40
13 83 47 65 M 0 0 M M M 7.9 18 50 M M 3 3 22 160
14 82 48 65 M 0 0 0.12 M M 8.8 16 110 M M 1 3 31 170
15 85 52 69 M 0 4 T M M 8.8 21 210 M M 1 3 43 80
16 89 53 71 M 0 6 M M M 6.8 16 220 M M 3 1 36 190
17 88 50 69 M 0 4 M M M 7.9 21 250 M M 0 26 250
18 80 50 65 M 0 0 M M M 10.2 17 240 M M 0 25 230
19 82 44 63 M 2 0 M M M 7.8 22 50 M M 1 31 290
20 91 48 70 M 0 5 M M M 7.0 16 110 M M 0 23 300
21 93 51 72 M 0 7 M M M 12.0 22 190 M M 0 32 170
22 88 58 73 M 0 8 M M M 10.0 21 90 M M 0 31 110
23 89 55 72 M 0 7 0.18 M M 11.4 39 50 M M 2 54 50
24 84 61 73 M 0 8 T M M 13.5 32 50 M M 3 45 240
25 90 56 73 M 0 8 T M M 7.6 22 110 M M 1 32 100
26 91 53 72 M 0 7 T M M 10.7 20 190 M M 0 3 25 190
27 91 59 75 M 0 10 M M M 6.1 16 50 M M 1 M M
28 94 56 75 M 0 10 M M M 7.1 18 70 M M 0 8 17 180
29 90 56 73 M 0 8 M M M 9.6 28 50 M M 2 39 40
30 72 63 68 M 0 3 0.04 M M 12.6 21 100 M M 3 26 100
31 87 56 72 M 0 7 M M M 10.9 32 30 M M 4 8 44 360
================================================================================
SM 2637 1591 23 127 0.39 M 311.0 M 37
================================================================================
AV 85.1 51.3 10.0 FASTST M M 1 MAX(MPH)
MISC ----> 39 50 54 50
================================================================================
NOTES:
# LAST OF SEVERAL OCCURRENCES
COLUMN 17 PEAK WIND IN M.P.H.
PRELIMINARY LOCAL CLIMATOLOGICAL DATA (WS FORM: F-6) , PAGE 2
STATION: MARFA
MONTH: MAY
YEAR: 2021
LATITUDE: 30 22 N
LONGITUDE: 104 1 W
[TEMPERATURE DATA] [PRECIPITATION DATA] SYMBOLS USED IN COLUMN 16
AVERAGE MONTHLY: 68.2 TOTAL FOR MONTH: 0.39 1 = FOG OR MIST
DPTR FM NORMAL: 0.0 DPTR FM NORMAL: M 2 = FOG REDUCING VISIBILITY
HIGHEST: 94 ON 28 GRTST 24HR 0.18 ON 23-23 TO 1/4 MILE OR LESS
LOWEST: 40 ON 5 3 = THUNDER
SNOW, ICE PELLETS, HAIL 4 = ICE PELLETS
TOTAL MONTH: M 5 = HAIL
GRTST 24HR M ON M 6 = FREEZING RAIN OR DRIZZLE
GRTST DEPTH: M ON M 7 = DUSTSTORM OR SANDSTORM:
VSBY 1/2 MILE OR LESS
8 = SMOKE OR HAZE
[NO. OF DAYS WITH] [WEATHER - DAYS WITH] 9 = BLOWING SNOW
X = TORNADO
MAX 32 OR BELOW: 0 0.01 INCH OR MORE: 5
MAX 90 OR ABOVE: 7 0.10 INCH OR MORE: 2
MIN 32 OR BELOW: 0 0.50 INCH OR MORE: 0
MIN 0 OR BELOW: 0 1.00 INCH OR MORE: 0
[HDD (BASE 65) ]
TOTAL THIS MO. 23 CLEAR (SCALE 0-3) 27
DPTR FM NORMAL M PTCLDY (SCALE 4-7) 4
TOTAL FM JUL 1 3277 CLOUDY (SCALE 8-10) 0
DPTR FM NORMAL M
[CDD (BASE 65) ]
TOTAL THIS MO. 127
DPTR FM NORMAL M [PRESSURE DATA]
TOTAL FM JAN 1 130 HIGHEST SLP M ON M
DPTR FM NORMAL M LOWEST SLP M ON M
[REMARKS]
#FINAL-05-21#