000
CXUS54 KMAF 011110
CF6MRF
PRELIMINARY LOCAL CLIMATOLOGICAL DATA (WS FORM: F-6)
STATION: MARFA
MONTH: MARCH
YEAR: 2021
LATITUDE: 30 22 N
LONGITUDE: 104 1 W
TEMPERATURE IN F: :PCPN: SNOW: WIND :SUNSHINE: SKY :PK WND
================================================================================
1 2 3 4 5 6A 6B 7 8 9 10 11 12 13 14 15 16 17 18
12Z AVG MX 2MIN
DY MAX MIN AVG DEP HDD CDD WTR SNW DPTH SPD SPD DIR MIN PSBL S-S WX SPD DR
================================================================================
1 48 28 38 M 27 0 M M M 16.6 24 20 M M 0 30 30
2 58 14 36 M 29 0 M M M 5.1 10 200 M M 0 M M
3 75 24 50 M 15 0 M M M 5.6 9 200 M M 0 16 99
4 79 36 58 M 7 0 M M M 13.7 25 210 M M 0 38 210
5 64 37 51 M 14 0 M M M 15.0 21 20 M M 0 31 10
6 62 28 45 M 20 0 M M M 8.5 17 40 M M 0 21 50
7 68 27 48 M 17 0 M M M 5.6 12 160 M M 0 16 160
8 72 30 51 M 14 0 M M M 7.6 16 180 M M 0 23 160
9 74 38 56 M 9 0 M M M 8.2 18 190 M M 0 22 170
10 78 38 58 M 7 0 M M M 12.0 30 220 M M 2 39 190
11 70 49 60 M 5 0 M M M 7.0 15 180 M M 1 M M
12 81 43 62 M 3 0 M M M 10.5 26 190 M M 0 36 180
13 79 33 56 M 9 0 M M M 17.4 38 280 M M 3 18 49 180
14 60 21 41 M 24 0 M M M 15.0 29 250 M M 0 41 260
15 69 28 49 M 16 0 M M M 10.3 23 230 M M 0 35 250
16 77 39 58 M 7 0 M M M 14.8 29 230 M M 3 8 39 230
17 65 32 49 M 16 0 M M M 14.0 25 280 M M 0 33 280
18 66 33 50 M 15 0 M M M 9.9 17 40 M M 0 17 50
19 70 27 49 M 16 0 M M M 6.9 14 120 M M 0 8 20 10
20 74 28 51 M 14 0 M M M 8.1 16 140 M M 0 24 140
21 76 34 55 M 10 0 M M M 8.0 20 240 M M 2 M M
22 68 37 53 M 12 0 T M M 23.2 41 270 M M 5 8 53 250
23 71 22 47 M 18 0 M M M 9.8 20 230 M M 0 31 220
24 66 32 49 M 16 0 T M M 12.1 24 290 M M 1 32 290
25 65 30 48 M 17 0 M M M 10.5 20 250 M M 1 31 260
26 76 27 52 M 13 0 M M M 9.2 21 210 M M 0 31 190
27 73 31 52 M 13 0 M M M 8.7 20 250 M M 0 32 230
28 67 35 51 M 14 0 M M M 13.5 20 50 M M 0 25 40
29 74 31 53 M 12 0 M M M 8.9 18 190 M M 0 37 180
30 82 38 60 M 5 0 M M M 9.3 21 240 M M 0 25 240
31 62 39 51 M 14 0 M M M 16.8 31 20 M M 0 40 30
================================================================================
SM 2169 989 428 0 T M 341.6 M 18
================================================================================
AV 70.0 31.9 11.0 FASTST M M 1 MAX(MPH)
MISC ----> 41 270 53 250
================================================================================
NOTES:
# LAST OF SEVERAL OCCURRENCES
COLUMN 17 PEAK WIND IN M.P.H.
PRELIMINARY LOCAL CLIMATOLOGICAL DATA (WS FORM: F-6) , PAGE 2
STATION: MARFA
MONTH: MARCH
YEAR: 2021
LATITUDE: 30 22 N
LONGITUDE: 104 1 W
[TEMPERATURE DATA] [PRECIPITATION DATA] SYMBOLS USED IN COLUMN 16
AVERAGE MONTHLY: 50.9 TOTAL FOR MONTH: T 1 = FOG OR MIST
DPTR FM NORMAL: 0.0 DPTR FM NORMAL: M 2 = FOG REDUCING VISIBILITY
HIGHEST: 82 ON 30 GRTST 24HR T ON 22-22 TO 1/4 MILE OR LESS
LOWEST: 14 ON 2 3 = THUNDER
SNOW, ICE PELLETS, HAIL 4 = ICE PELLETS
TOTAL MONTH: M 5 = HAIL
GRTST 24HR M ON M 6 = FREEZING RAIN OR DRIZZLE
GRTST DEPTH: M ON M 7 = DUSTSTORM OR SANDSTORM:
VSBY 1/2 MILE OR LESS
8 = SMOKE OR HAZE
[NO. OF DAYS WITH] [WEATHER - DAYS WITH] 9 = BLOWING SNOW
X = TORNADO
MAX 32 OR BELOW: 0 0.01 INCH OR MORE: 0
MAX 90 OR ABOVE: 0 0.10 INCH OR MORE: 0
MIN 32 OR BELOW: 17 0.50 INCH OR MORE: 0
MIN 0 OR BELOW: 0 1.00 INCH OR MORE: 0
[HDD (BASE 65) ]
TOTAL THIS MO. 428 CLEAR (SCALE 0-3) 30
DPTR FM NORMAL M PTCLDY (SCALE 4-7) 1
TOTAL FM JUL 1 3065 CLOUDY (SCALE 8-10) 0
DPTR FM NORMAL M
[CDD (BASE 65) ]
TOTAL THIS MO. 0
DPTR FM NORMAL M [PRESSURE DATA]
TOTAL FM JAN 1 0 HIGHEST SLP M ON M
DPTR FM NORMAL M LOWEST SLP M ON M
[REMARKS]
#FINAL-03-21#