000
CXUS54 KMAF 011210
CF6MRF
PRELIMINARY LOCAL CLIMATOLOGICAL DATA (WS FORM: F-6)
STATION: MARFA
MONTH: FEBRUARY
YEAR: 2021
LATITUDE: 30 22 N
LONGITUDE: 104 1 W
TEMPERATURE IN F: :PCPN: SNOW: WIND :SUNSHINE: SKY :PK WND
================================================================================
1 2 3 4 5 6A 6B 7 8 9 10 11 12 13 14 15 16 17 18
12Z AVG MX 2MIN
DY MAX MIN AVG DEP HDD CDD WTR SNW DPTH SPD SPD DIR MIN PSBL S-S WX SPD DR
================================================================================
1 59 25 42 M 23 0 M M M 7.7 14 150 M M 0 22 170
2 73 28 51 M 14 0 M M M 6.1 13 240 M M 0 M M
3 76 35 56 M 9 0 M M M 7.7 22 240 M M 0 28 260
4 69 37 53 M 12 0 M M M 10.2 28 260 M M 0 35 270
5 65 34 50 M 15 0 M M M 11.9 24 270 M M 0 36 250
6 62 24 43 M 22 0 M M M 6.8 16 280 M M 0 20 350
7 69 21 45 M 20 0 M M M 7.3 18 240 M M 0 28 240
8 71 28 50 M 15 0 M M M 8.1 20 260 M M 0 30 210
9 77 27 52 M 13 0 M M M 7.8 16 210 M M 0 26 210
10 76 31 54 M 11 0 M M M 8.1 17 220 M M 0 25 220
11 67 29 48 M 17 0 M M M 8.2 23 50 M M 2 26 50
12 64 24 44 M 21 0 M M M 8.9 20 50 M M 0 22 170
13 54 25 40 M 25 0 T M M 6.8 14 50 M M 4 M M
14 28 5 17 M 48 0 T M M 17.4 26 10 M M 9 12 33 30
15 32 7 20 M 45 0 T M M 8.1 14 10 M M 10 18 10
16 55 18 37 M 28 0 T M M 15.5 29 300 M M 5 38 300
17 51 34 43 M 22 0 T M M 12.8 29 270 M M 6 45 280
18 34 12 23 M 42 0 0.08 M M 9.2 16 40 M M 7 1 M M
19 51 9 30 M 35 0 0.05 M M 5.5 12 230 M M 1 12 M M
20 68 24 46 M 19 0 M M M 6.1 20 180 M M 0 23 160
21 64 29 47 M 18 0 M M M 11.9 24 280 M M 0 33 300
22 64 19 42 M 23 0 M M M 8.3 18 250 M M 0 30 250
23 76 24 50 M 15 0 M M M 7.7 20 240 M M 0 25 200
24 76 33 55 M 10 0 M M M 7.0 17 190 M M 0 20 220
25 62 33 48 M 17 0 M M M 7.9 16 50 M M 0 M M
26 71 24 48 M 17 0 M M M 5.9 18 260 M M 0 M M
27 75 42 59 M 6 0 M M M 7.8 21 250 M M 0 31 250
28 72 42 57 M 8 0 M M M 8.2 18 40 M M 3 24 200
================================================================================
SM 1761 723 570 0 0.13 M 244.7 M 47
================================================================================
AV 62.9 25.8 8.7 FASTST M M 2 MAX(MPH)
MISC ----> # 29 300 45 280
================================================================================
NOTES:
# LAST OF SEVERAL OCCURRENCES
COLUMN 17 PEAK WIND IN M.P.H.
PRELIMINARY LOCAL CLIMATOLOGICAL DATA (WS FORM: F-6) , PAGE 2
STATION: MARFA
MONTH: FEBRUARY
YEAR: 2021
LATITUDE: 30 22 N
LONGITUDE: 104 1 W
[TEMPERATURE DATA] [PRECIPITATION DATA] SYMBOLS USED IN COLUMN 16
AVERAGE MONTHLY: 44.4 TOTAL FOR MONTH: 0.13 1 = FOG OR MIST
DPTR FM NORMAL: 0.0 DPTR FM NORMAL: 0.13 2 = FOG REDUCING VISIBILITY
HIGHEST: 77 ON 9 GRTST 24HR 0.08 ON 18-18 TO 1/4 MILE OR LESS
LOWEST: 5 ON 14 3 = THUNDER
SNOW, ICE PELLETS, HAIL 4 = ICE PELLETS
TOTAL MONTH: M 5 = HAIL
GRTST 24HR M ON M 6 = FREEZING RAIN OR DRIZZLE
GRTST DEPTH: M ON M 7 = DUSTSTORM OR SANDSTORM:
VSBY 1/2 MILE OR LESS
8 = SMOKE OR HAZE
[NO. OF DAYS WITH] [WEATHER - DAYS WITH] 9 = BLOWING SNOW
X = TORNADO
MAX 32 OR BELOW: 2 0.01 INCH OR MORE: 2
MAX 90 OR ABOVE: 0 0.10 INCH OR MORE: 0
MIN 32 OR BELOW: 20 0.50 INCH OR MORE: 0
MIN 0 OR BELOW: 0 1.00 INCH OR MORE: 0
[HDD (BASE 65) ]
TOTAL THIS MO. 570 CLEAR (SCALE 0-3) 21
DPTR FM NORMAL M PTCLDY (SCALE 4-7) 5
TOTAL FM JUL 1 2637 CLOUDY (SCALE 8-10) 2
DPTR FM NORMAL M
[CDD (BASE 65) ]
TOTAL THIS MO. 0
DPTR FM NORMAL M [PRESSURE DATA]
TOTAL FM JAN 1 0 HIGHEST SLP M ON M
DPTR FM NORMAL M LOWEST SLP M ON M
[REMARKS]
#FINAL-02-21#