000
CXUS54 KMAF 011210
CF6MRF
PRELIMINARY LOCAL CLIMATOLOGICAL DATA (WS FORM: F-6)
STATION: MARFA
MONTH: DECEMBER
YEAR: 2023
LATITUDE: 30 22 N
LONGITUDE: 104 1 W
TEMPERATURE IN F: :PCPN: SNOW: WIND :SUNSHINE: SKY :PK WND
================================================================================
1 2 3 4 5 6A 6B 7 8 9 10 11 12 13 14 15 16 17 18
12Z AVG MX 2MIN
DY MAX MIN AVG DEP HDD CDD WTR SNW DPTH SPD SPD DIR MIN PSBL S-S WX SPD DR
================================================================================
1 63 27 45 M 20 0 M M M 5.9 17 230 M M 0 24 230
2 57 24 41 M 24 0 M M M 11.4 32 260 M M 1 39 270
3 62 23 43 M 22 0 M M M 8.8 22 270 M M 0 28 250
4 68 25 47 M 18 0 M M M 4.8 9 240 M M 0 M M
5 67 29 48 M 17 0 M M M 5.7 13 40 M M 0 M M
6 67 30 49 M 16 0 M M M 6.4 13 170 M M 0 18 170
7 73 31 52 M 13 0 M M M 7.0 20 250 M M 0 25 250
8 71 33 52 M 13 0 M M M 12.0 32 240 M M 0 43 250
9 57 31 44 M 21 0 M M M 13.6 25 10 M M 0 32 10
10 52 15 34 M 31 0 M M M 8.8 17 20 M M 0 18 220
11 66 24 45 M 20 0 M M M 6.3 10 170 M M 0 M M
12 65 30 48 M 17 0 M M M 6.6 15 140 M M 2 M M
13 61 33 47 M 18 0 M M M 8.7 21 120 M M 2 25 120
14 65 42 54 M 11 0 M M M 10.6 18 150 M M 6 26 150
15 63 32 48 M 17 0 M M M 6.3 15 50 M M 2 12 M M
16 60 23 42 M 23 0 M M M 4.7 12 10 M M 0 M M
17 66 23 45 M 20 0 M M M 8.4 21 270 M M 0 26 270
18 66 27 47 M 18 0 M M M 5.5 15 20 M M 0 M M
19 64 34 49 M 16 0 M M M 6.8 14 180 M M 0 17 170
20 66 33 50 M 15 0 M M M 5.9 13 130 M M 2 M M
21 67 38 53 M 12 0 T M M 5.2 12 300 M M 2 M M
22 68 33 51 M 14 0 M M M 7.0 14 150 M M 1 20 140
23 67 35 51 M 14 0 0.06 M M 7.5 21 190 M M 6 123 32 190
24 55 29 42 M 23 0 0.01 M M 12.4 29 260 M M 0 43 260
25 52 25 39 M 26 0 M M M 5.9 15 270 M M 0 22 250
26 53 19 36 M 29 0 M M M 10.1 26 270 M M 0 37 280
27 54 18 36 M 29 0 M M M 5.8 15 10 M M 0 M M
28 56 18 37 M 28 0 M M M 6.6 18 10 M M 0 M M
29 56 18 37 M 28 0 M M M 5.8 12 360 M M 0 M M
30 60 16 38 M 27 0 M M M 5.3 15 180 M M 0 M M
31 67 22 45 M 20 0 M M M 8.8 22 250 M M 0 31 230
================================================================================
SM 1934 840 620 0 0.07 M 234.6 M 24
================================================================================
AV 62.4 27.1 7.6 FASTST M M 1 MAX(MPH)
MISC ----> # 32 260 # 43 250
================================================================================
NOTES:
# LAST OF SEVERAL OCCURRENCES
COLUMN 17 PEAK WIND IN M.P.H.
PRELIMINARY LOCAL CLIMATOLOGICAL DATA (WS FORM: F-6) , PAGE 2
STATION: MARFA
MONTH: DECEMBER
YEAR: 2023
LATITUDE: 30 22 N
LONGITUDE: 104 1 W
[TEMPERATURE DATA] [PRECIPITATION DATA] SYMBOLS USED IN COLUMN 16
AVERAGE MONTHLY: 44.7 TOTAL FOR MONTH: 0.07 1 = FOG OR MIST
DPTR FM NORMAL: 0.0 DPTR FM NORMAL: M 2 = FOG REDUCING VISIBILITY
HIGHEST: 73 ON 7 GRTST 24HR 0.06 ON 23-23 TO 1/4 MILE OR LESS
LOWEST: 15 ON 10 3 = THUNDER
SNOW, ICE PELLETS, HAIL 4 = ICE PELLETS
TOTAL MONTH: M 5 = HAIL
GRTST 24HR M ON M 6 = FREEZING RAIN OR DRIZZLE
GRTST DEPTH: M ON M 7 = DUSTSTORM OR SANDSTORM:
VSBY 1/2 MILE OR LESS
8 = SMOKE OR HAZE
[NO. OF DAYS WITH] [WEATHER - DAYS WITH] 9 = BLOWING SNOW
X = TORNADO
MAX 32 OR BELOW: 0 0.01 INCH OR MORE: 2
MAX 90 OR ABOVE: 0 0.10 INCH OR MORE: 0
MIN 32 OR BELOW: 23 0.50 INCH OR MORE: 0
MIN 0 OR BELOW: 0 1.00 INCH OR MORE: 0
[HDD (BASE 65) ]
TOTAL THIS MO. 620 CLEAR (SCALE 0-3) 29
DPTR FM NORMAL M PTCLDY (SCALE 4-7) 2
TOTAL FM JUL 1 1108 CLOUDY (SCALE 8-10) 0
DPTR FM NORMAL M
[CDD (BASE 65) ]
TOTAL THIS MO. 0
DPTR FM NORMAL M [PRESSURE DATA]
TOTAL FM JAN 1 1119 HIGHEST SLP M ON M
DPTR FM NORMAL M LOWEST SLP M ON M
[REMARKS]
#FINAL-12-23#