000
CXUS54 KMAF 011110
CF6MRF
PRELIMINARY LOCAL CLIMATOLOGICAL DATA (WS FORM: F-6)
STATION: MARFA
MONTH: APRIL
YEAR: 2020
LATITUDE: 30 22 N
LONGITUDE: 104 1 W
TEMPERATURE IN F: :PCPN: SNOW: WIND :SUNSHINE: SKY :PK WND
================================================================================
1 2 3 4 5 6A 6B 7 8 9 10 11 12 13 14 15 16 17 18
12Z AVG MX 2MIN
DY MAX MIN AVG DEP HDD CDD WTR SNW DPTH SPD SPD DIR MIN PSBL S-S WX SPD DR
================================================================================
1 77 38 58 M 7 0 M M M 7.1 22 240 M M 1 26 240
2 78 45 62 M 3 0 M M M 10.7 25 270 M M 1 32 270
3 72 39 56 M 9 0 M M M 11.3 21 50 M M 0 24 50
4 70 46 58 M 7 0 M M M 5.8 12 50 M M 0 M M
5 72 48 60 M 5 0 M M M 6.9 22 180 M M 6 28 200
6 74 45 60 M 5 0 T M M 10.1 20 170 M M 5 24 180
7 77 51 64 M 1 0 0.02 M M 7.7 15 250 M M 4 23 240
8 80 45 63 M 2 0 M M M 6.6 13 250 M M 0 20 170
9 75 51 63 M 2 0 T M M 10.4 22 220 M M 5 32 150
10 80 43 62 M 3 0 M M M 9.2 20 200 M M 2 32 200
11 77 47 62 M 3 0 M M M 9.4 20 170 M M 1 31 170
12 70 42 56 M 9 0 M M M 18.7 38 260 M M 0 49 260
13 78 35 57 M 8 0 M M M 9.8 21 220 M M 0 36 220
14 66 33 50 M 15 0 0.00 0.0 0 9.3 18 40 M M 0 23 20
15 71 30 51 M 14 0 M M M 6.5 14 220 M M 0 31 230
16 78 35 57 M 8 0 M M M 7.7 17 160 M M 0 36 190
17 M M M M M M M M M M M M M M M M M
18 M M M M M M M M M M M M M M M M M
19 M M M M M M M M M M M M M M M M M
20 M M M M M M M M M M M M M M M M M
21 M M M M M M M M M M M M M M M M M
22 M M M M M M M M M M M M M M M M M
23 M M M M M M M M M M M M M M M M M
24 87 43 65 M 0 0 M M M 13.0 20 270 M M 0 25 270
25 79 46 63 M 2 0 M M M 10.0 23 30 M M 0 30 30
26 85 39 62 M 3 0 M M M 8.9 18 190 M M 0 25 190
27 93 51 72 M 0 7 T M M 9.0 16 260 M M 0 32 250
28 89 46 68 M 0 3 M M M 9.6 23 290 M M 0 35 270
29 77 53 65 M 0 0 M M M 16.6 37 20 M M 0 47 10
30 87 42 65 M 0 0 M M M 7.6 15 200 M M 0 22 99
================================================================================
SM 1792 993 106 10 0.02 0.0 221.9 M 25
================================================================================
AV 77.9 43.2 9.6 FASTST M M 1 MAX(MPH)
MISC ----> 38 260 49 260
================================================================================
NOTES:
# LAST OF SEVERAL OCCURRENCES
COLUMN 17 PEAK WIND IN M.P.H.
PRELIMINARY LOCAL CLIMATOLOGICAL DATA (WS FORM: F-6) , PAGE 2
STATION: MARFA
MONTH: APRIL
YEAR: 2020
LATITUDE: 30 22 N
LONGITUDE: 104 1 W
[TEMPERATURE DATA] [PRECIPITATION DATA] SYMBOLS USED IN COLUMN 16
AVERAGE MONTHLY: 60.5 TOTAL FOR MONTH: 0.02 1 = FOG OR MIST
DPTR FM NORMAL: 0.0 DPTR FM NORMAL: M 2 = FOG REDUCING VISIBILITY
HIGHEST: 93 ON 27 GRTST 24HR 0.02 ON 7- 7 TO 1/4 MILE OR LESS
LOWEST: 30 ON 15 3 = THUNDER
SNOW, ICE PELLETS, HAIL 4 = ICE PELLETS
TOTAL MONTH: 0.0 INCH 5 = HAIL
GRTST 24HR 0.0 6 = FREEZING RAIN OR DRIZZLE
GRTST DEPTH: 0 7 = DUSTSTORM OR SANDSTORM:
VSBY 1/2 MILE OR LESS
8 = SMOKE OR HAZE
[NO. OF DAYS WITH] [WEATHER - DAYS WITH] 9 = BLOWING SNOW
X = TORNADO
MAX 32 OR BELOW: 0 0.01 INCH OR MORE: 1
MAX 90 OR ABOVE: 1 0.10 INCH OR MORE: 0
MIN 32 OR BELOW: 1 0.50 INCH OR MORE: 0
MIN 0 OR BELOW: 0 1.00 INCH OR MORE: 0
[HDD (BASE 65) ]
TOTAL THIS MO. 106 CLEAR (SCALE 0-3) 19
DPTR FM NORMAL M PTCLDY (SCALE 4-7) 4
TOTAL FM JUL 1 2815 CLOUDY (SCALE 8-10) 7
DPTR FM NORMAL M
[CDD (BASE 65) ]
TOTAL THIS MO. 10
DPTR FM NORMAL M [PRESSURE DATA]
TOTAL FM JAN 1 10 HIGHEST SLP M ON M
DPTR FM NORMAL M LOWEST SLP M ON M
[REMARKS]
#FINAL-04-20#