000
CXUS54 KMAF 011210
CF6MRF
PRELIMINARY LOCAL CLIMATOLOGICAL DATA (WS FORM: F-6)
STATION: MARFA
MONTH: NOVEMBER
YEAR: 2023
LATITUDE: 30 22 N
LONGITUDE: 104 1 W
TEMPERATURE IN F: :PCPN: SNOW: WIND :SUNSHINE: SKY :PK WND
================================================================================
1 2 3 4 5 6A 6B 7 8 9 10 11 12 13 14 15 16 17 18
12Z AVG MX 2MIN
DY MAX MIN AVG DEP HDD CDD WTR SNW DPTH SPD SPD DIR MIN PSBL S-S WX SPD DR
================================================================================
1 60 24 42 M 23 0 M M M 5.6 10 150 M M 0 16 170
2 69 28 49 M 16 0 M M M 5.8 15 240 M M 0 20 240
3 78 32 55 M 10 0 M M M 4.7 12 240 M M 0 20 230
4 81 39 60 M 5 0 M M M 6.7 12 280 M M 0 16 240
5 79 43 61 M 4 0 M M M 7.5 16 170 M M 0 21 180
6 85 42 64 M 1 0 M M M 5.9 13 240 M M 0 20 230
7 84 44 64 M 1 0 M M M 6.9 15 250 M M 0 21 240
8 81 47 64 M 1 0 M M M 6.8 21 280 M M 5 31 270
9 64 43 54 M 11 0 0.38 M M 11.3 22 50 M M 10 1 24 20
10 48 40 44 M 21 0 0.11 M M 11.6 18 50 M M 10 1 21 20
11 50 41 46 M 19 0 T M M 6.2 13 60 M M 10 1 M M
12 57 44 51 M 14 0 0.29 M M 5.5 12 50 M M 9 12 M M
13 57 47 52 M 13 0 0.27 M M 7.8 14 40 M M 10 1 M M
14 62 41 52 M 13 0 0.01 M M 3.7 10 150 M M 6 12 M M
15 70 40 55 M 10 0 T M M 3.0 9 270 M M 4 12 M M
16 67 42 55 M 10 0 M M M 4.7 9 250 M M 0 12 M M
17 74 55 65 M 0 0 M M M 9.8 16 290 M M 2 M M
18 74 50 62 M 3 0 T M M 5.0 13 170 M M 5 M M
19 71 45 58 M 7 0 M M M 11.5 26 250 M M 0 38 260
20 61 42 52 M 13 0 M M M 13.5 25 290 M M 0 32 290
21 50 28 39 M 26 0 M M M 16.8 26 360 M M 4 37 360
22 56 24 40 M 25 0 M M M 4.6 9 340 M M 0 M M
23 62 23 43 M 22 0 M M M 5.4 13 160 M M 0 M M
24 64 30 47 M 18 0 M M M 8.6 17 60 M M 0 20 90
25 66 32 49 M 16 0 M M M 7.7 17 170 M M 1 12 25 240
26 44 32 38 M 27 0 M M M 11.0 21 20 M M 3 1 24 20
27 51 30 41 M 24 0 M M M 3.8 9 160 M M 6 M M
28 59 30 45 M 20 0 M M M 5.8 9 150 M M 1 M M
29 65 34 50 M 15 0 M M M 5.8 17 180 M M 0 M M
30 63 33 48 M 17 0 M M M 12.1 33 250 M M 1 48 250
================================================================================
SM 1952 1125 405 0 1.06 M 225.2 M 87
================================================================================
AV 65.1 37.5 7.5 FASTST M M 3 MAX(MPH)
MISC ----> 33 250 48 250
================================================================================
NOTES:
# LAST OF SEVERAL OCCURRENCES
COLUMN 17 PEAK WIND IN M.P.H.
PRELIMINARY LOCAL CLIMATOLOGICAL DATA (WS FORM: F-6) , PAGE 2
STATION: MARFA
MONTH: NOVEMBER
YEAR: 2023
LATITUDE: 30 22 N
LONGITUDE: 104 1 W
[TEMPERATURE DATA] [PRECIPITATION DATA] SYMBOLS USED IN COLUMN 16
AVERAGE MONTHLY: 51.3 TOTAL FOR MONTH: 1.06 1 = FOG OR MIST
DPTR FM NORMAL: 0.0 DPTR FM NORMAL: M 2 = FOG REDUCING VISIBILITY
HIGHEST: 85 ON 6 GRTST 24HR 0.38 ON 9- 9 TO 1/4 MILE OR LESS
LOWEST: 23 ON 23 3 = THUNDER
SNOW, ICE PELLETS, HAIL 4 = ICE PELLETS
TOTAL MONTH: M 5 = HAIL
GRTST 24HR M ON M 6 = FREEZING RAIN OR DRIZZLE
GRTST DEPTH: M ON M 7 = DUSTSTORM OR SANDSTORM:
VSBY 1/2 MILE OR LESS
8 = SMOKE OR HAZE
[NO. OF DAYS WITH] [WEATHER - DAYS WITH] 9 = BLOWING SNOW
X = TORNADO
MAX 32 OR BELOW: 0 0.01 INCH OR MORE: 5
MAX 90 OR ABOVE: 0 0.10 INCH OR MORE: 4
MIN 32 OR BELOW: 11 0.50 INCH OR MORE: 0
MIN 0 OR BELOW: 0 1.00 INCH OR MORE: 0
[HDD (BASE 65) ]
TOTAL THIS MO. 405 CLEAR (SCALE 0-3) 19
DPTR FM NORMAL M PTCLDY (SCALE 4-7) 6
TOTAL FM JUL 1 488 CLOUDY (SCALE 8-10) 5
DPTR FM NORMAL M
[CDD (BASE 65) ]
TOTAL THIS MO. 0
DPTR FM NORMAL M [PRESSURE DATA]
TOTAL FM JAN 1 1119 HIGHEST SLP M ON M
DPTR FM NORMAL M LOWEST SLP M ON M
[REMARKS]
#FINAL-11-23#