000
CXUS52 KMHX 010600
CF6MRH
PRELIMINARY LOCAL CLIMATOLOGICAL DATA (WS FORM: F-6)
STATION: BEAUFORT/SMITH FIELD NC
MONTH: APRIL
YEAR: 2021
LATITUDE: 34 43 N
LONGITUDE: 76 39 W
TEMPERATURE IN F: :PCPN: SNOW: WIND :SUNSHINE: SKY :PK WND
================================================================================
1 2 3 4 5 6A 6B 7 8 9 10 11 12 13 14 15 16 17 18
12Z AVG MX 2MIN
DY MAX MIN AVG DEP HDD CDD WTR SNW DPTH SPD SPD DIR MIN PSBL S-S WX SPD DR
================================================================================
1 66 45 56 -1 9 0 0.10 0.0 0 14.9 29 330 M M 9 1 35 340
2 49 31 40 -17 25 0 0.00 0.0 0 13.7 25 340 M M 0 33 340
3 57 33 45 -13 20 0 0.00 0.0 0 9.1 22 10 M M 0 29 10
4 66 46 56 -2 9 0 0.00 0.0 0 12.8 22 220 M M 0 27 220
5 72 51 62 4 3 0 0.00 0.0 0 8.1 17 20 M M 0 24 10
6 74 55 65 7 0 0 0.00 0.0 0 7.6 15 220 M M 0 18 260
7 77 55 66 7 0 1 0.00 0.0 0 6.2 17 220 M M 0 21 250
8 77 53 65 6 0 0 0.00 0.0 0 4.7 13 120 M M 1 16 120
9 76 61 69 10 0 4 0.00 0.0 0 6.3 14 200 M M 0 17 200
10 74 62 68 8 0 3 0.03 0.0 0 9.1 16 230 M M 3 1 21 200
11 71 64 68 8 0 3 0.11 0.0 0 15.0 26 230 M M 2 1 35 220
12 80 56 68 8 0 3 0.00 0.0 0 7.8 17 330 M M 0 28 220
13 70 53 62 2 3 0 0.00 0.0 0 10.3 21 20 M M 3 27 20
14 68 48 58 -3 7 0 0.00 0.0 0 8.8 20 210 M M 2 1 26 220
15 76 58 67 6 0 2 0.45 0.0 0 10.3 26 220 M M 7 1 35 230
16 64 49 57 -4 8 0 0.00 0.0 0 10.6 18 340 M M 0 24 340
17 66 52 59 -3 6 0 0.00 0.0 0 6.0 14 40 M M 0 19 50
18 71 53 62 0 3 0 0.00 0.0 0 4.6 14 110 M M 5 18 120
19 74 50 62 0 3 0 0.28 0.0 0 8.2 26 340 M M 2 1 31 330
20 71 45 58 -4 7 0 0.00 0.0 0 3.5 13 110 M M 0 16 140
21 74 53 64 2 1 0 0.00 0.0 0 14.9 30 330 M M 1 36 340
22 58 42 50 -13 15 0 0.00 0.0 0 12.5 29 330 M M 0 37 330
23 63 41 52 -11 13 0 0.00 0.0 0 9.9 20 220 M M 0 23 230
24 69 50 60 -3 5 0 T 0.0 0 8.9 23 180 M M 4 31 180
25 72 54 63 -1 2 0 T 0.0 0 10.4 24 230 M M 6 34 230
26 71 50 61 -3 4 0 0.00 0.0 0 6.0 15 110 M M 2 18 10
27 73 54 64 0 1 0 0.00 0.0 0 11.0 22 210 M M 0 27 210
28 75 64 70 6 0 5 0.00 0.0 0 15.9 25 210 M M 0 33 210
29 76 66 71 6 0 6 0.00 0.0 0 19.6 29 220 M M 0 37 210
30 83 66 75 10 0 10 0.00 0.0 0 14.6 24 230 M M 1 32 230
================================================================================
SM 2113 1560 144 37 0.97 0.0 301.3 M 48
================================================================================
AV 70.4 52.0 10.0 FASTST M M 2 MAX(MPH)
MISC ----> 30 330 # 37 330
================================================================================
NOTES:
# LAST OF SEVERAL OCCURRENCES
COLUMN 17 PEAK WIND IN M.P.H.
PRELIMINARY LOCAL CLIMATOLOGICAL DATA (WS FORM: F-6) , PAGE 2
STATION: BEAUFORT/SMITH FIELD NC
MONTH: APRIL
YEAR: 2021
LATITUDE: 34 43 N
LONGITUDE: 76 39 W
[TEMPERATURE DATA] [PRECIPITATION DATA] SYMBOLS USED IN COLUMN 16
AVERAGE MONTHLY: 61.2 TOTAL FOR MONTH: 0.97 1 = FOG OR MIST
DPTR FM NORMAL: 0.2 DPTR FM NORMAL: -2.58 2 = FOG REDUCING VISIBILITY
HIGHEST: 83 ON 30 GRTST 24HR 0.45 ON 15-15 TO 1/4 MILE OR LESS
LOWEST: 31 ON 2 3 = THUNDER
SNOW, ICE PELLETS, HAIL 4 = ICE PELLETS
TOTAL MONTH: 0.0 INCH 5 = HAIL
GRTST 24HR 0.0 6 = FREEZING RAIN OR DRIZZLE
GRTST DEPTH: 0 7 = DUSTSTORM OR SANDSTORM:
VSBY 1/2 MILE OR LESS
8 = SMOKE OR HAZE
[NO. OF DAYS WITH] [WEATHER - DAYS WITH] 9 = BLOWING SNOW
X = TORNADO
MAX 32 OR BELOW: 0 0.01 INCH OR MORE: 5
MAX 90 OR ABOVE: 0 0.10 INCH OR MORE: 4
MIN 32 OR BELOW: 1 0.50 INCH OR MORE: 0
MIN 0 OR BELOW: 0 1.00 INCH OR MORE: 0
[HDD (BASE 65) ]
TOTAL THIS MO. 144 CLEAR (SCALE 0-3) 23
DPTR FM NORMAL -8 PTCLDY (SCALE 4-7) 6
TOTAL FM JUL 1 2182 CLOUDY (SCALE 8-10) 1
DPTR FM NORMAL -342
[CDD (BASE 65) ]
TOTAL THIS MO. 37
DPTR FM NORMAL 4 [PRESSURE DATA]
TOTAL FM JAN 1 51 HIGHEST SLP M ON M
DPTR FM NORMAL 16 LOWEST SLP 29.57 ON 11
[REMARKS]
#FINAL-04-21#