000
CXUS54 KHUN 021816
CF6MSL
PRELIMINARY LOCAL CLIMATOLOGICAL DATA (WS FORM: F-6)
STATION: MUSCLE SHOALS
MONTH: JULY
YEAR: 2022
LATITUDE: 34 45 N
LONGITUDE: 87 37 W
TEMPERATURE IN F: :PCPN: SNOW: WIND :SUNSHINE: SKY :PK WND
================================================================================
1 2 3 4 5 6A 6B 7 8 9 10 11 12 13 14 15 16 17 18
12Z AVG MX 2MIN
DY MAX MIN AVG DEP HDD CDD WTR SNW DPTH SPD SPD DIR MIN PSBL S-S WX SPD DR
================================================================================
1 94 70 82 1 0 17 0.62 0.0 0 3.7 23 300 M M 2 13 31 350
2 96 73 85 4 0 20 0.00 0.0 0 4.0 13 240 M M 1 16 250
3 97 75 86 5 0 21 0.00 0.0 0 6.5 21 280 M M 3 26 290
4 98 73 86 5 0 21 0.00 0.0 0 3.5 13 270 M M 2 3 17 250
5 98 74 86 5 0 21 0.00 0.0 0 4.1 13 340 M M 2 13 17 340
6 94 75 85 4 0 20 0.28 0.0 0 3.6 20 300 M M 4 138 26 290
7 96 74 85 4 0 20 0.00 0.0 0 3.4 14 230 M M 2 13 18 240
8 101 76 89 8 0 24 0.00 0.0 0 6.0 15 270 M M 1 18 22 290
9 98 75 87 6 0 22 1.11 0.0 0 5.4 24 320 M M 5 13 39 320
10 91 72 82 1 0 17 0.01 0.0 0 4.2 10 30 M M 7 1 16 360
11 94 68 81 -1 0 16 0.00 0.0 0 2.6 12 70 M M 2 12 19 40
12 96 73 85 3 0 20 0.21 0.0 0 4.2 23 70 M M 2 13 32 80
13 86 71 79 -3 0 14 1.19 0.0 0 3.8 26 60 M M 7 13 40 60
14 93 70 82 0 0 17 0.00 0.0 0 2.0 12 70 M M 1 12 14 80
15 94 67 81 -1 0 16 0.00 0.0 0 1.3 12 80 M M 0 1 14 50
16 95 72 84 2 0 19 0.00 0.0 0 3.1 12 200 M M 1 18 190
17 95 72 84 2 0 19 0.00 0.0 0 5.7 14 200 M M 1 23 200
18 84 74 79 -3 0 14 0.12 0.0 0 6.8 17 260 M M 5 13 25 260
19 90 72 81 -1 0 16 0.19 0.0 0 7.4 22 240 M M 4 1 31 250
20 97 73 85 3 0 20 0.00 0.0 0 10.0 18 250 M M 1 25 240
21 96 79 88 6 0 23 0.00 0.0 0 7.6 17 190 M M 3 3 24 180
22 95 71 83 1 0 18 0.00 0.0 0 4.4 13 210 M M 0 16 220
23 94 70 82 0 0 17 0.01 0.0 0 3.2 20 210 M M 2 1 26 200
24 95 74 85 3 0 20 0.00 0.0 0 6.2 14 210 M M 4 19 210
25 95 75 85 3 0 20 0.00 0.0 0 5.1 12 330 M M 1 16 340
26 95 75 85 3 0 20 0.00 0.0 0 7.5 15 190 M M 2 22 250
27 97 78 88 6 0 23 0.00 0.0 0 8.1 16 240 M M 1 23 260
28 98 77 88 6 0 23 0.08 0.0 0 6.6 21 270 M M 2 3 30 270
29 97 75 86 4 0 21 0.00 0.0 0 4.0 17 300 M M 4 3 22 280
30 92 76 84 2 0 19 0.07 0.0 0 3.2 20 210 M M 4 138 24 210
31 91 73 82 0 0 17 0.07 0.0 0 5.5 32 290 M M 6 38 43 310
================================================================================
SM 2932 2272 0 595 3.96 0.0 152.7 M 82
================================================================================
AV 94.6 73.3 4.9 FASTST M M 3 MAX(MPH)
MISC ----> 32 290 43 310
================================================================================
NOTES:
# LAST OF SEVERAL OCCURRENCES
COLUMN 17 PEAK WIND IN M.P.H.
PRELIMINARY LOCAL CLIMATOLOGICAL DATA (WS FORM: F-6) , PAGE 2
STATION: MUSCLE SHOALS
MONTH: JULY
YEAR: 2022
LATITUDE: 34 45 N
LONGITUDE: 87 37 W
[TEMPERATURE DATA] [PRECIPITATION DATA] SYMBOLS USED IN COLUMN 16
AVERAGE MONTHLY: 83.9 TOTAL FOR MONTH: 3.96 1 = FOG OR MIST
DPTR FM NORMAL: 2.4 DPTR FM NORMAL: -0.82 2 = FOG REDUCING VISIBILITY
HIGHEST: 101 ON 8 GRTST 24HR 1.40 ON 12-13 TO 1/4 MILE OR LESS
LOWEST: 67 ON 15 3 = THUNDER
SNOW, ICE PELLETS, HAIL 4 = ICE PELLETS
TOTAL MONTH: 0.0 INCH 5 = HAIL
GRTST 24HR 0.0 6 = FREEZING RAIN OR DRIZZLE
GRTST DEPTH: 0 7 = DUSTSTORM OR SANDSTORM:
VSBY 1/2 MILE OR LESS
8 = SMOKE OR HAZE
[NO. OF DAYS WITH] [WEATHER - DAYS WITH] 9 = BLOWING SNOW
X = TORNADO
MAX 32 OR BELOW: 0 0.01 INCH OR MORE: 12
MAX 90 OR ABOVE: 29 0.10 INCH OR MORE: 7
MIN 32 OR BELOW: 0 0.50 INCH OR MORE: 3
MIN 0 OR BELOW: 0 1.00 INCH OR MORE: 2
[HDD (BASE 65) ]
TOTAL THIS MO. 0 CLEAR (SCALE 0-3) 21
DPTR FM NORMAL 0 PTCLDY (SCALE 4-7) 10
TOTAL FM JUL 1 0 CLOUDY (SCALE 8-10) 0
DPTR FM NORMAL 0
[CDD (BASE 65) ]
TOTAL THIS MO. 595
DPTR FM NORMAL 83 [PRESSURE DATA]
TOTAL FM JAN 1 1403 HIGHEST SLP 30.17 ON 31
DPTR FM NORMAL 183 LOWEST SLP 29.78 ON 20
[REMARKS]
#FINAL-07-22#