000
CXUS53 KMKX 050215 CCB
CF6MSN
PRELIMINARY LOCAL CLIMATOLOGICAL DATA (WS FORM: F-6)
STATION: MADISON WI
MONTH: SEPTEMBER
YEAR: 2023
LATITUDE: 43 7 N
LONGITUDE: 89 20 W
TEMPERATURE IN F: :PCPN: SNOW: WIND :SUNSHINE: SKY :PK WND
================================================================================
1 2 3 4 5 6A 6B 7 8 9 10 11 12 13 14 15 16 17 18
12Z AVG MX 2MIN
DY MAX MIN AVG DEP HDD CDD WTR SNW DPTH SPD SPD DIR MIN PSBL S-S WX SPD DR
================================================================================
1 82 50 66 -1 0 1 0.00 0.0 0 6.7 17 170 M M 2 23 170
2 89 66 78 11 0 13 0.00 0.0 0 7.7 15 200 M M 5 26 220
3 94 70 82 16 0 17 0.00 0.0 0 7.9 16 200 M M 1 23 200
4 92 68 80 14 0 15 0.00 0.0 0 8.3 16 180 M M 1 25 220
5 87 74 81 15 0 16 T 0.0 0 11.8 22 170 M M 6 29 160
6 82 65 74 8 0 9 0.02 0.0 0 7.7 16 310 M M 8 13 28 310
7 68 58 63 -2 2 0 0.00 0.0 0 7.4 15 10 M M 9 21 350
8 67 51 59 -6 6 0 0.02 0.0 0 2.7 8 80 M M 8 128 12 80
9 77 46 62 -2 3 0 0.00 0.0 0 1.9 10 170 M M 3 1 16 150
10 79 57 68 4 0 3 T 0.0 0 6.3 15 10 M M 6 20 20
11 67 55 61 -3 4 0 0.32 0.0 0 6.4 13 10 M M 9 1 17 350
12 70 49 60 -4 5 0 0.20 0.0 0 5.0 16 320 M M 7 13 31 330
13 66 47 57 -6 8 0 0.00 0.0 0 4.3 12 30 M M 6 12 15 20
14 72 42 57 -6 8 0 0.00 0.0 0 3.5 12 180 M M 1 1 16 160
15 77 50 64 2 1 0 0.00 0.0 0 5.1 14 190 M M 5 21 200
16 71 54 63 1 2 0 0.04 0.0 0 1.7 9 170 M M 8 1 12 320
17 73 49 61 -1 4 0 0.01 0.0 0 5.1 16 10 M M 6 1 26 20
18 72 45 59 -2 6 0 0.01 0.0 0 3.4 12 130 M M 5 13 17 110
19 70 56 63 2 2 0 0.36 0.0 0 9.8 20 170 M M 8 13 26 170
20 78 56 67 7 0 2 0.00 0.0 0 4.4 15 190 M M 6 20 180
21 79 62 71 11 0 6 0.04 0.0 0 5.2 20 150 M M 8 1 26 130
22 77 62 70 10 0 5 T 0.0 0 9.1 20 130 M M 8 28 150
23 80 60 70 11 0 5 T 0.0 0 12.8 20 120 M M 8 33 100
24 77 60 69 10 0 4 0.07 0.0 0 11.1 18 130 M M 6 3 23 120
25 76 62 69 11 0 4 0.83 0.0 0 9.2 20 120 M M 9 13 25 150
26 68 61 65 7 0 0 0.83 0.0 0 9.5 16 70 M M 10 13 21 60
27 69 62 66 8 0 1 0.17 0.0 0 9.5 18 100 M M 10 1 25 110
28 68 56 62 5 3 0 T 0.0 0 4.7 10 80 M M 10 1 13 100
29 75 49 62 5 3 0 0.00 0.0 0 6.5 15 150 M M 6 128 21 160
30 84 60 72 16 0 7 0.00 0.0 0 7.3 15 170 M M 5 18 19 160
================================================================================
SM 2286 1702 57 108 2.92 0.0 202.0 M 190
================================================================================
AV 76.2 56.7 6.7 FASTST M M 6 MAX(MPH)
MISC ----> 22 170 33 100
================================================================================
NOTES:
# LAST OF SEVERAL OCCURRENCES
COLUMN 17 PEAK WIND IN M.P.H.
PRELIMINARY LOCAL CLIMATOLOGICAL DATA (WS FORM: F-6) , PAGE 2
STATION: MADISON WI
MONTH: SEPTEMBER
YEAR: 2023
LATITUDE: 43 7 N
LONGITUDE: 89 20 W
[TEMPERATURE DATA] [PRECIPITATION DATA] SYMBOLS USED IN COLUMN 16
AVERAGE MONTHLY: 66.5 TOTAL FOR MONTH: 2.92 1 = FOG OR MIST
DPTR FM NORMAL: 4.5 DPTR FM NORMAL: -0.51 2 = FOG REDUCING VISIBILITY
HIGHEST: 94 ON 3 GRTST 24HR 1.51 ON 25-26 TO 1/4 MILE OR LESS
LOWEST: 42 ON 14 3 = THUNDER
SNOW, ICE PELLETS, HAIL 4 = ICE PELLETS
TOTAL MONTH: 0.0 INCH 5 = HAIL
GRTST 24HR 0.0 6 = FREEZING RAIN OR DRIZZLE
GRTST DEPTH: 0 7 = DUSTSTORM OR SANDSTORM:
VSBY 1/2 MILE OR LESS
8 = SMOKE OR HAZE
[NO. OF DAYS WITH] [WEATHER - DAYS WITH] 9 = BLOWING SNOW
X = TORNADO
MAX 32 OR BELOW: 0 0.01 INCH OR MORE: 13
MAX 90 OR ABOVE: 2 0.10 INCH OR MORE: 6
MIN 32 OR BELOW: 0 0.50 INCH OR MORE: 2
MIN 0 OR BELOW: 0 1.00 INCH OR MORE: 0
[HDD (BASE 65) ]
TOTAL THIS MO. 57 CLEAR (SCALE 0-3) 5
DPTR FM NORMAL -94 PTCLDY (SCALE 4-7) 12
TOTAL FM JUL 1 71 CLOUDY (SCALE 8-10) 13
DPTR FM NORMAL -109
[CDD (BASE 65) ]
TOTAL THIS MO. 108
DPTR FM NORMAL 49 [PRESSURE DATA]
TOTAL FM JAN 1 754 HIGHEST SLP M ON M
DPTR FM NORMAL 132 LOWEST SLP 29.66 ON 6
[REMARKS]
#FINAL-09-23#