000
CXUS53 KMPX 032158
CLAMSP
CLIMATE REPORT
NATIONAL WEATHER SERVICE TWIN CITIES/CHANHASSEN MN
358 PM CST MON JAN 03 2022
...................................
...THE TWIN CITIES MN CLIMATE SUMMARY FOR THE YEAR OF 2021...
CLIMATE NORMAL PERIOD 1991 TO 2020
CLIMATE RECORD PERIOD 1871 TO 2022
WEATHER OBSERVED NORMAL DEPART LAST YEAR`S
VALUE DATE(S) VALUE FROM VALUE
NORMAL
..............................................................
TEMPERATURE (F)
RECORD
HIGH 108 07/14/1936
LOW -41 01/21/1888
HIGHEST 99 06/05 59 40
LOWEST -19 02/14 32 -51
MEAN 49.4 46.9 2.5
DAYS MAX >= 90 27 12.5 14.5
DAYS MAX <= 32 57 72.3 -15.3
DAYS MIN <= 32 137 147.3 -10.3
DAYS MIN <= 0 15 22.1 -7.1
PRECIPITATION (INCHES)
RECORD
MAXIMUM 41.36 2019
MINIMUM 11.59 1910
TOTALS 25.96 31.62 -5.66
DAYS >= .01 99 118.8 -19.8
DAYS >= .10 56 61.8 -5.8
DAYS >= .50 20 19.7 0.3
DAYS >= 1.00 3 6.5 -3.5
GREATEST
24 HR. TOTAL 1.59
STORM TOTAL 1.59
(MM/DD(HH))
SNOWFALL (INCHES)
RECORDS
TOTAL 101.5 5
TOTALS 40.9 51.2 -10.3
SINCE 7/1 22.7 19.0 3.7
DAYS >= TRACE 54 38.2 15.8
DAYS >= 1.0 11 14.6 -3.6
GREATEST
SNOW DEPTH 12 12/11
24 HR TOTAL 11.0 12/10 TO 12/10
STORM TOTAL 11.0
(MM/DD(HH))
DEGREE DAYS
HEATING TOTAL 6722 7399 -677
SINCE 7/1 2433 2869 -436
COOLING TOTAL 1184 830 354
SINCE 1/1 1184 830 354
..............................................................
WIND (MPH)
HIGHEST WIND SPEED/DIRECTION 40/240 DATE 06/09
HIGHEST GUST SPEED/DIRECTION 65/300 DATE 09/17
- INDICATES NEGATIVE NUMBERS.
R INDICATES RECORD WAS SET OR TIED.
MM INDICATES DATA IS MISSING.
T INDICATES TRACE AMOUNT.
$$