000
CXUS53 KILX 010900
CF6MTO
PRELIMINARY LOCAL CLIMATOLOGICAL DATA (WS FORM: F-6)
STATION: MATTOON IL AIRPORT
MONTH: OCTOBER
YEAR: 2021
LATITUDE: 39 28 N
LONGITUDE: 88 17 W
TEMPERATURE IN F: :PCPN: SNOW: WIND :SUNSHINE: SKY :PK WND
================================================================================
1 2 3 4 5 6A 6B 7 8 9 10 11 12 13 14 15 16 17 18
12Z AVG MX 2MIN
DY MAX MIN AVG DEP HDD CDD WTR SNW DPTH SPD SPD DIR MIN PSBL S-S WX SPD DR
================================================================================
1 85 64 75 13 0 10 0.00 M M 7.9 15 130 M M 1 8 22 120
2 73 66 70 8 0 5 M M M 8.1 14 190 M M 10 1 20 180
3 77 64 71 10 0 6 M M M 6.9 22 320 M M 7 1 32 290
4 80 61 71 10 0 6 0.00 M M 7.0 14 330 M M 4 1 17 310
5 77 59 68 8 0 3 T M M 6.5 12 30 M M 5 1 16 50
6 73 63 68 8 0 3 0.04 M M 6.7 13 120 M M 4 18 16 80
7 75 62 69 10 0 4 1.92 M M 5.8 17 100 M M 9 123 22 100
8 78 61 70 11 0 5 0.00 M M 3.3 8 260 M M 2 18 12 280
9 82 62 72 13 0 7 0.00 M M 8.8 15 150 M M 2 22 180
10 86 67 77 19 0 12 0.00 M M 11.3 20 190 M M 0 30 190
11 78 62 70 12 0 5 0.44 M M 12.4 26 170 M M 5 13 39 170
12 75 53 64 7 1 0 0.00 M M 6.7 16 240 M M 4 18 27 220
13 73 54 64 7 1 0 0.13 M M 9.1 17 160 M M 3 1 27 160
14 74 62 68 12 0 3 0.81 M M 6.4 20 320 M M 8 1 25 320
15 65 50 58 2 7 0 0.93 M M 9.0 25 340 M M 10 12 36 310
16 61 45 53 -3 12 0 0.00 M M 10.6 23 300 M M 1 30 300
17 69 45 57 2 8 0 0.00 M M 8.2 18 300 M M 0 24 310
18 72 43 58 3 7 0 0.00 M M 5.3 14 190 M M 0 19 190
19 69 47 58 4 7 0 0.00 M M 6.9 15 210 M M 0 23 170
20 73 51 62 8 3 0 0.00 M M 9.6 18 170 M M 1 26 170
21 64 51 58 4 7 0 T M M 12.3 21 280 M M 9 30 280
22 58 44 51 -2 14 0 T M M 6.6 15 300 M M 7 1 18 300
23 60 44 52 -1 13 0 T M M 4.6 10 110 M M 9 1 14 120
24 72 52 62 10 3 0 1.15 M M 9.6 20 190 M M 9 13 34 210
25 63 42 53 1 12 0 0.01 M M 16.8 32 350 M M 8 1 42 350
26 58 38 48 -3 17 0 0.00 M M 5.2 15 60 M M 1 24 70
27 61 39 50 -1 15 0 0.00 M M 9.8 17 110 M M 0 25 120
28 53 47 50 0 15 0 0.51 M M 10.0 18 120 M M 9 1 28 110
29 60 52 56 6 9 0 0.13 M M 11.9 21 330 M M 10 1 28 330
30 55 47 51 1 14 0 0.07 M M 13.8 22 330 M M 10 1 29 310
31 54 37 46 -3 19 0 0.00 M M 9.4 17 310 M M 3 24 290
================================================================================
SM 2153 1634 184 69 6.14 M 266.5 M 151
================================================================================
AV 69.5 52.7 8.6 FASTST M M 5 MAX(MPH)
MISC ----> 32 350 42 350
================================================================================
NOTES:
# LAST OF SEVERAL OCCURRENCES
COLUMN 17 PEAK WIND IN M.P.H.
PRELIMINARY LOCAL CLIMATOLOGICAL DATA (WS FORM: F-6) , PAGE 2
STATION: MATTOON IL AIRPORT
MONTH: OCTOBER
YEAR: 2021
LATITUDE: 39 28 N
LONGITUDE: 88 17 W
[TEMPERATURE DATA] [PRECIPITATION DATA] SYMBOLS USED IN COLUMN 16
AVERAGE MONTHLY: 61.1 TOTAL FOR MONTH: 6.14 1 = FOG OR MIST
DPTR FM NORMAL: 5.5 DPTR FM NORMAL: 3.03 2 = FOG REDUCING VISIBILITY
HIGHEST: 86 ON 10 GRTST 24HR 1.92 ON 7- 7 TO 1/4 MILE OR LESS
LOWEST: 37 ON 31 3 = THUNDER
SNOW, ICE PELLETS, HAIL 4 = ICE PELLETS
TOTAL MONTH: M 5 = HAIL
GRTST 24HR M ON M 6 = FREEZING RAIN OR DRIZZLE
GRTST DEPTH: M ON M 7 = DUSTSTORM OR SANDSTORM:
VSBY 1/2 MILE OR LESS
8 = SMOKE OR HAZE
[NO. OF DAYS WITH] [WEATHER - DAYS WITH] 9 = BLOWING SNOW
X = TORNADO
MAX 32 OR BELOW: 0 0.01 INCH OR MORE: 11
MAX 90 OR ABOVE: 0 0.10 INCH OR MORE: 8
MIN 32 OR BELOW: 0 0.50 INCH OR MORE: 5
MIN 0 OR BELOW: 0 1.00 INCH OR MORE: 2
[HDD (BASE 65) ]
TOTAL THIS MO. 184 CLEAR (SCALE 0-3) 13
DPTR FM NORMAL -132 PTCLDY (SCALE 4-7) 9
TOTAL FM JUL 1 205 CLOUDY (SCALE 8-10) 9
DPTR FM NORMAL -177
[CDD (BASE 65) ]
TOTAL THIS MO. 69
DPTR FM NORMAL 44 [PRESSURE DATA]
TOTAL FM JAN 1 1338 HIGHEST SLP 30.25 ON 31
DPTR FM NORMAL 222 LOWEST SLP 29.41 ON 28
[REMARKS]
#FINAL-10-21#