000
CXUS51 KBTV 010800
CF6MVL
PRELIMINARY LOCAL CLIMATOLOGICAL DATA (WS FORM: F-6)
STATION: MORRISVILLE VT
MONTH: JANUARY
YEAR: 2022
LATITUDE: 44 31 N
LONGITUDE: 72 37 W
TEMPERATURE IN F: :PCPN: SNOW: WIND :SUNSHINE: SKY :PK WND
================================================================================
1 2 3 4 5 6A 6B 7 8 9 10 11 12 13 14 15 16 17 18
12Z AVG MX 2MIN
DY MAX MIN AVG DEP HDD CDD WTR SNW DPTH SPD SPD DIR MIN PSBL S-S WX SPD DR
================================================================================
1 40 32 36 18 29 0 0.02 M M 2.5 8 20 M M 10 12 10 20
2 34 10 22 4 43 0 0.13 M M 10.0 20 360 M M 10 1 26 30
3 11 -4 4 -14 61 0 T M M 5.5 23 10 M M 0 29 10
4 23 -8 8 -9 57 0 T M M 1.2 6 330 M M 5 18 7 260
5 32 10 21 4 44 0 0.00 M M 2.9 12 140 M M 3 8 14 140
6 33 20 27 10 38 0 T M M 3.1 12 230 M M 8 1 20 250
7 26 9 18 1 47 0 0.10 M M 6.5 15 330 M M 10 1 23 340
8 17 -2 8 -8 57 0 T M M 4.4 16 30 M M 3 8 21 20
9 38 15 27 11 38 0 0.26 M M 4.1 18 210 M M 10 16 27 220
10 28 2 15 -1 50 0 T M M 8.4 17 290 M M 8 29 300
11 2 -13 -5 -21 70 0 T M M 5.2 16 340 M M 4 8 22 320
12 25 -10 8 -8 57 0 T M M 5.5 16 180 M M 9 19 200
13 33 22 28 12 37 0 T M M 1.0 7 170 M M 10 1 8 160
14 30 -7 12 -4 53 0 0.01 M M 12.3 21 340 M M 8 18 33 330
15 -4 -17 -10 -25 75 0 0.00 M M 9.8 22 340 M M 4 8 30 340
16 20 -21 0 -15 65 0 0.00 M M 2.6 9 170 M M 0 12 170
17 35 17 26 11 39 0 0.53 M M 5.8 20 110 M M 10 1 38 110
18 23 -12 6 -9 59 0 0.01 M M 8.5 22 330 M M 6 1 32 300
19 36 -15 11 -4 54 0 T M M 2.7 10 200 M M 8 18 17 200
20 37 -11 13 -2 52 0 T M M 10.9 21 340 M M 4 28 310
21 7 -20 -6 -21 71 0 0.00 M M 1.2 6 10 M M 0 M M
22 17 -28 -5 -20 70 0 T M M 1.1 10 180 M M 1 12 170
23 27 4 16 1 49 0 T M M 7.5 15 10 M M 8 1 19 220
24 16 -16 0 -15 65 0 0.02 M M 1.3 6 160 M M 4 18 7 360
25 28 3 16 1 49 0 0.04 M M 3.6 18 360 M M 7 1 23 340
26 11 -21 -5 -20 70 0 T M M 7.8 18 20 M M 2 1 20 10
27 22 -26 -2 -17 67 0 T M M 2.8 13 200 M M 2 18 17 140
28 25 -7 9 -6 56 0 0.01 M M 4.9 17 10 M M 7 1 23 330
29 4 -7 -1 -16 66 0 0.00 M M 10.2 23 340 M M 6 34 330
30 16 -10 3 -12 62 0 0.00 M M 3.5 22 330 M M 0 36 330
31 24 -10 7 -8 58 0 T M M 1.0 7 20 M M 5 1 9 10
================================================================================
SM 716 -121 1708 0 1.13 M 157.8 M 172
================================================================================
AV 23.1 -3.9 5.1 FASTST M M 6 MAX(MPH)
MISC ----> # 23 10 38 110
================================================================================
NOTES:
# LAST OF SEVERAL OCCURRENCES
COLUMN 17 PEAK WIND IN M.P.H.
PRELIMINARY LOCAL CLIMATOLOGICAL DATA (WS FORM: F-6) , PAGE 2
STATION: MORRISVILLE VT
MONTH: JANUARY
YEAR: 2022
LATITUDE: 44 31 N
LONGITUDE: 72 37 W
[TEMPERATURE DATA] [PRECIPITATION DATA] SYMBOLS USED IN COLUMN 16
AVERAGE MONTHLY: 9.6 TOTAL FOR MONTH: 1.13 1 = FOG OR MIST
DPTR FM NORMAL: -6.1 DPTR FM NORMAL: -1.11 2 = FOG REDUCING VISIBILITY
HIGHEST: 40 ON 1 GRTST 24HR 0.69 ON 17-17 TO 1/4 MILE OR LESS
LOWEST: -28 ON 22 3 = THUNDER
SNOW, ICE PELLETS, HAIL 4 = ICE PELLETS
TOTAL MONTH: M 5 = HAIL
GRTST 24HR M ON M 6 = FREEZING RAIN OR DRIZZLE
GRTST DEPTH: M ON M 7 = DUSTSTORM OR SANDSTORM:
VSBY 1/2 MILE OR LESS
8 = SMOKE OR HAZE
[NO. OF DAYS WITH] [WEATHER - DAYS WITH] 9 = BLOWING SNOW
X = TORNADO
MAX 32 OR BELOW: 23 0.01 INCH OR MORE: 10
MAX 90 OR ABOVE: 0 0.10 INCH OR MORE: 4
MIN 32 OR BELOW: 31 0.50 INCH OR MORE: 1
MIN 0 OR BELOW: 20 1.00 INCH OR MORE: 0
[HDD (BASE 65) ]
TOTAL THIS MO. 1708 CLEAR (SCALE 0-3) 9
DPTR FM NORMAL 180 PTCLDY (SCALE 4-7) 11
TOTAL FM JUL 1 4388 CLOUDY (SCALE 8-10) 11
DPTR FM NORMAL -314
[CDD (BASE 65) ]
TOTAL THIS MO. 0
DPTR FM NORMAL 0 [PRESSURE DATA]
TOTAL FM JAN 1 0 HIGHEST SLP 30.70 ON 21
DPTR FM NORMAL 0 LOWEST SLP 28.95 ON 17
[REMARKS]
#FINAL-01-22#