000
CXUS54 KFWD 010830
CF6MWL
PRELIMINARY LOCAL CLIMATOLOGICAL DATA (WS FORM: F-6)
STATION: MINERAL WELLS
MONTH: NOVEMBER
YEAR: 2022
LATITUDE: 32 46 N
LONGITUDE: 98 4 W
TEMPERATURE IN F: :PCPN: SNOW: WIND :SUNSHINE: SKY :PK WND
================================================================================
1 2 3 4 5 6A 6B 7 8 9 10 11 12 13 14 15 16 17 18
12Z AVG MX 2MIN
DY MAX MIN AVG DEP HDD CDD WTR SNW DPTH SPD SPD DIR MIN PSBL S-S WX SPD DR
================================================================================
1 78 52 65 5 0 0 0.00 M M 7.0 15 130 M M 0 21 140
2 77 53 65 5 0 0 0.00 M M 8.8 20 130 M M 3 1 28 140
3 84 62 73 14 0 8 0.00 M M 12.2 23 160 M M 7 1 34 160
4 87 46 67 8 0 2 T M M 13.1 37 290 M M 5 52 290
5 73 38 56 -3 9 0 0.00 M M 10.0 18 150 M M 0 27 180
6 86 50 68 10 0 3 0.00 M M 8.1 15 200 M M 0 21 200
7 82 51 67 9 0 2 T M M 4.6 14 140 M M 4 19 130
8 77 66 72 14 0 7 0.00 M M 8.3 16 160 M M 6 1 22 140
9 83 64 74 17 0 9 0.00 M M 10.8 23 150 M M 3 1 32 170
10 76 64 70 13 0 5 T M M 9.3 17 160 M M 6 30 160
11 67 36 52 -4 13 0 0.38 M M 15.0 29 360 M M 9 13 37 10
12 55 29 42 -14 23 0 0.00 M M 6.9 16 350 M M 0 22 330
13 55 29 42 -14 23 0 0.00 M M 6.4 15 130 M M 0 8 21 150
14 46 38 42 -14 23 0 0.34 M M 8.6 20 300 M M 8 1 27 310
15 51 31 41 -14 24 0 0.00 M M 10.0 17 330 M M 3 24 350
16 58 34 46 -9 19 0 0.00 M M 3.1 12 10 M M 2 16 20
17 62 29 46 -8 19 0 0.00 M M 4.9 13 210 M M 2 8 19 200
18 47 31 39 -15 26 0 T M M 7.6 16 30 M M 5 14 23 360
19 46 30 38 -16 27 0 T T 0 6.1 14 350 M M 6 4 17 360
20 52 25 39 -14 26 0 0.01 M M 3.7 12 180 M M 3 16 180
21 52 40 46 -7 19 0 T M M 6.0 10 160 M M 8 14 170
22 56 38 47 -6 18 0 0.00 M M 4.5 14 140 M M 7 1 18 140
23 59 51 55 3 10 0 0.04 M M 8.3 16 140 M M 10 1 22 120
24 60 52 56 4 9 0 0.39 M M 7.7 18 360 M M 10 13 26 20
25 55 48 52 0 13 0 0.04 M M 8.5 17 360 M M 10 18 23 10
26 50 43 47 -4 18 0 1.52 M M 8.2 18 240 M M 9 13 25 260
27 63 38 51 0 14 0 0.00 M M 6.0 16 290 M M 0 1 20 310
28 74 34 54 3 11 0 0.00 M M 8.8 21 190 M M 1 1 29 180
29 82 39 61 11 4 0 T M M 11.3 35 350 M M 1 1 46 340
30 52 30 41 -9 24 0 0.00 M M 8.2 21 350 M M 0 27 350
================================================================================
SM 1945 1271 372 36 2.72 T 242.0 M 128
================================================================================
AV 64.8 42.4 8.1 FASTST M M 4 MAX(MPH)
MISC ----> 37 290 52 290
================================================================================
NOTES:
# LAST OF SEVERAL OCCURRENCES
COLUMN 17 PEAK WIND IN M.P.H.
PRELIMINARY LOCAL CLIMATOLOGICAL DATA (WS FORM: F-6) , PAGE 2
STATION: MINERAL WELLS
MONTH: NOVEMBER
YEAR: 2022
LATITUDE: 32 46 N
LONGITUDE: 98 4 W
[TEMPERATURE DATA] [PRECIPITATION DATA] SYMBOLS USED IN COLUMN 16
AVERAGE MONTHLY: 53.6 TOTAL FOR MONTH: 2.72 1 = FOG OR MIST
DPTR FM NORMAL: -1.4 DPTR FM NORMAL: 0.31 2 = FOG REDUCING VISIBILITY
HIGHEST: 87 ON 4 GRTST 24HR 1.55 ON 25-26 TO 1/4 MILE OR LESS
LOWEST: 25 ON 20 3 = THUNDER
SNOW, ICE PELLETS, HAIL 4 = ICE PELLETS
TOTAL MONTH: T 5 = HAIL
GRTST 24HR T ON 19-19 6 = FREEZING RAIN OR DRIZZLE
GRTST DEPTH: 0 7 = DUSTSTORM OR SANDSTORM:
VSBY 1/2 MILE OR LESS
8 = SMOKE OR HAZE
[NO. OF DAYS WITH] [WEATHER - DAYS WITH] 9 = BLOWING SNOW
X = TORNADO
MAX 32 OR BELOW: 0 0.01 INCH OR MORE: 7
MAX 90 OR ABOVE: 0 0.10 INCH OR MORE: 4
MIN 32 OR BELOW: 8 0.50 INCH OR MORE: 1
MIN 0 OR BELOW: 0 1.00 INCH OR MORE: 1
[HDD (BASE 65) ]
TOTAL THIS MO. 372 CLEAR (SCALE 0-3) 14
DPTR FM NORMAL 53 PTCLDY (SCALE 4-7) 11
TOTAL FM JUL 1 423 CLOUDY (SCALE 8-10) 5
DPTR FM NORMAL 7
[CDD (BASE 65) ]
TOTAL THIS MO. 36
DPTR FM NORMAL 17 [PRESSURE DATA]
TOTAL FM JAN 1 3272 HIGHEST SLP 30.53 ON 16
DPTR FM NORMAL 786 LOWEST SLP 29.60 ON 4
[REMARKS]
#FINAL-11-22#