000
CXUS54 KLZK 011230
CF6MWT
PRELIMINARY LOCAL CLIMATOLOGICAL DATA (WS FORM: F-6)
STATION: MOUNT IDA
MONTH: MARCH
YEAR: 2023
LATITUDE: 34 32 N
LONGITUDE: 93 35 W
TEMPERATURE IN F: :PCPN: SNOW: WIND :SUNSHINE: SKY :PK WND
================================================================================
1 2 3 4 5 6A 6B 7 8 9 10 11 12 13 14 15 16 17 18
12Z AVG MX 2MIN
DY MAX MIN AVG DEP HDD CDD WTR SNW DPTH SPD SPD DIR MIN PSBL S-S WX SPD DR
================================================================================
1 71 50 61 12 4 0 0.73 M M 1.8 10 240 M M 5 12 19 230
2 71 56 64 15 1 0 1.21 0.0 M 2.2 22 110 M M 10 1 33 130
3 60 43 52 2 13 0 0.62 M M 6.0 14 290 M M 9 1 23 270
4 67 34 51 1 14 0 0.01 M M 0.5 6 20 M M 1 1 8 350
5 75 37 56 6 9 0 0.01 M M 2.6 12 140 M M 0 20 130
6 80 54 67 17 0 2 0.00 0.0 M 3.1 13 200 M M 1 21 200
7 75 48 62 11 3 0 0.00 0.0 M 3.3 9 100 M M 4 1 15 70
8 56 49 53 2 12 0 0.28 M M 1.4 10 110 M M 9 1 14 70
9 62 50 56 5 9 0 1.91 M M 2.7 12 300 M M 10 1 17 290
10 65 41 53 1 12 0 0.01 M M 3.5 6 100 M M 2 1 M M
11 55 48 52 0 13 0 0.22 M M 3.8 12 110 M M 9 18 15 110
12 61 48 55 3 10 0 0.00 M M 2.6 8 20 M M 7 M M
13 57 36 47 -5 18 0 0.00 0.0 M 3.3 13 300 M M 1 8 19 320
14 55 33 44 -9 21 0 0.00 0.0 M 1.5 9 110 M M 1 14 110
15 59 29 44 -9 21 0 0.00 0.0 0 5.1 14 110 M M 0 18 21 110
16 64 42 53 0 12 0 1.58 0.0 0 6.1 16 300 M M 10 1 28 290
17 53 34 44 -10 21 0 0.00 0.0 M 6.6 15 330 M M 2 27 300
18 49 29 39 -15 26 0 0.00 0.0 0 4.6 16 280 M M 0 28 290
19 49 25 37 -17 28 0 0.00 0.0 M 2.3 10 290 M M 0 15 300
20 56 21 39 -15 26 0 T 0.0 M 3.8 13 120 M M 3 18 19 130
21 62 41 52 -3 13 0 0.07 0.0 0 3.8 12 130 M M 10 18 21 150
22 78 62 70 15 0 5 0.01 0.0 M 5.6 13 180 M M 7 1 21 190
23 82 68 75 20 0 10 0.00 0.0 M 5.2 14 180 M M 5 24 170
24 73 49 61 5 4 0 3.03 0.0 0 3.8 14 110 M M 7 12 23 250
25 74 43 59 3 6 0 0.00 0.0 M 1.3 12 220 M M 1 1 19 230
26 80 38 59 3 6 0 0.00 0.0 M 2.3 12 290 M M 1 20 300
27 70 42 56 0 9 0 0.00 0.0 M 1.5 9 120 M M 1 8 11 60
28 67 42 55 -2 10 0 0.00 0.0 M 2.2 12 320 M M 2 20 300
29 69 34 52 -5 13 0 0.00 0.0 M 1.8 10 110 M M 2 18 15 110
30 73 52 63 6 2 0 0.01 0.0 M 5.0 14 120 M M 8 8 22 130
31 80 59 70 12 0 5 0.56 0.0 M 4.8 16 240 M M 5 1 33 230
================================================================================
SM 2048 1337 336 22 10.26 0.0 104.1 M 133
================================================================================
AV 66.1 43.1 3.4 FASTST M M 4 MAX(MPH)
MISC ----> 22 110 # 33 130
================================================================================
NOTES:
# LAST OF SEVERAL OCCURRENCES
COLUMN 17 PEAK WIND IN M.P.H.
PRELIMINARY LOCAL CLIMATOLOGICAL DATA (WS FORM: F-6) , PAGE 2
STATION: MOUNT IDA
MONTH: MARCH
YEAR: 2023
LATITUDE: 34 32 N
LONGITUDE: 93 35 W
[TEMPERATURE DATA] [PRECIPITATION DATA] SYMBOLS USED IN COLUMN 16
AVERAGE MONTHLY: 54.6 TOTAL FOR MONTH: 10.26 1 = FOG OR MIST
DPTR FM NORMAL: 1.3 DPTR FM NORMAL: 5.25 2 = FOG REDUCING VISIBILITY
HIGHEST: 82 ON 23 GRTST 24HR 3.03 ON 24-24 TO 1/4 MILE OR LESS
LOWEST: 21 ON 20 3 = THUNDER
SNOW, ICE PELLETS, HAIL 4 = ICE PELLETS
TOTAL MONTH: 0.0 INCH 5 = HAIL
GRTST 24HR 0.0 6 = FREEZING RAIN OR DRIZZLE
GRTST DEPTH: 0 7 = DUSTSTORM OR SANDSTORM:
VSBY 1/2 MILE OR LESS
8 = SMOKE OR HAZE
[NO. OF DAYS WITH] [WEATHER - DAYS WITH] 9 = BLOWING SNOW
X = TORNADO
MAX 32 OR BELOW: 0 0.01 INCH OR MORE: 15
MAX 90 OR ABOVE: 0 0.10 INCH OR MORE: 9
MIN 32 OR BELOW: 4 0.50 INCH OR MORE: 7
MIN 0 OR BELOW: 0 1.00 INCH OR MORE: 4
[HDD (BASE 65) ]
TOTAL THIS MO. 336 CLEAR (SCALE 0-3) 15
DPTR FM NORMAL -42 PTCLDY (SCALE 4-7) 9
TOTAL FM JUL 1 2518 CLOUDY (SCALE 8-10) 7
DPTR FM NORMAL -375
[CDD (BASE 65) ]
TOTAL THIS MO. 22
DPTR FM NORMAL 7 [PRESSURE DATA]
TOTAL FM JAN 1 26 HIGHEST SLP 30.55 ON 19
DPTR FM NORMAL 7 LOWEST SLP 29.20 ON 3
[REMARKS]
#FINAL-03-23#