000
CXUS55 KBOI 011002
CF6MYL
PRELIMINARY LOCAL CLIMATOLOGICAL DATA (WS FORM: F-6)
STATION: MCCALL ID
MONTH: JUNE
YEAR: 2021
LATITUDE: 44 52 N
LONGITUDE: 116 6 W
TEMPERATURE IN F: :PCPN: SNOW: WIND :SUNSHINE: SKY :PK WND
================================================================================
1 2 3 4 5 6A 6B 7 8 9 10 11 12 13 14 15 16 17 18
12Z AVG MX 2MIN
DY MAX MIN AVG DEP HDD CDD WTR SNW DPTH SPD SPD DIR MIN PSBL S-S WX SPD DR
================================================================================
1 81 44 63 11 2 0 0.00 M M 4.5 14 280 M M 0 18 270
2 88 46 67 15 0 2 0.00 M M 4.0 13 250 M M 0 19 290
3 89 48 69 17 0 4 0.02 M M 3.0 28 250 M M 1 3 42 280
4 83 51 67 15 0 2 0.00 M M 5.6 18 200 M M 0 27 190
5 71 46 59 6 6 0 0.00 M M 8.1 22 190 M M 0 29 240
6 62 38 50 -3 15 0 0.00 M M 7.0 22 190 M M 2 28 190
7 68 31 50 -3 15 0 0.00 M M 5.2 16 190 M M 0 1 23 150
8 69 45 57 4 8 0 T M M 4.6 14 200 M M 5 22 190
9 67 48 58 5 7 0 0.06 M M 7.4 16 350 M M 7 26 30
10 49 35 42 -12 23 0 0.66 M M 5.7 21 300 M M 8 1 32 300
11 62 35 49 -5 16 0 0.00 M M 6.1 22 200 M M 5 26 150
12 70 47 59 5 6 0 0.00 M M 4.6 16 180 M M 5 23 160
13 89 44 67 13 0 2 0.00 M M 4.7 21 170 M M 0 29 200
14 83 49 66 11 0 1 0.00 M M 4.9 15 190 M M 0 22 190
15 74 51 63 8 2 0 0.00 M M 9.4 24 190 M M 2 41 180
16 73 41 57 2 8 0 0.00 M M 5.4 14 360 M M 0 21 350
17 79 40 60 5 5 0 0.00 M M 4.0 14 10 M M 0 19 360
18 84 44 64 8 1 0 0.00 M M 3.8 14 320 M M 0 19 330
19 81 48 65 9 0 0 0.00 M M 4.5 15 260 M M 0 22 260
20 78 50 64 8 1 0 0.00 M M 8.1 20 260 M M 1 27 260
21 84 46 65 8 0 0 0.00 M M 2.3 13 280 M M 0 17 260
22 86 50 68 11 0 3 0.11 M M 6.3 47 190 M M 1 38 58 190
23 81 49 65 8 0 0 0.00 M M 4.2 21 20 M M 2 12 31 30
24 83 48 66 8 0 1 0.00 M M 5.1 16 290 M M 1 22 310
25 80 53 67 9 0 2 0.00 M M 7.3 20 270 M M 2 26 290
26 87 54 71 13 0 6 0.00 M M 6.9 16 70 M M 0 24 90
27 91 54 73 14 0 8 0.00 M M 5.8 16 330 M M 0 25 330
28 94 57 76 17 0 11 0.00 M M 3.9 14 270 M M 0 19 300
29 96 53 75 15 0 10 0.00 M M 3.1 15 300 M M 0 20 290
30 92 57 75 15 0 10 T M M 5.1 29 180 M M 1 3 40 190
================================================================================
SM 2374 1402 115 62 0.85 M 160.6 M 43
================================================================================
AV 79.1 46.7 5.4 FASTST M M 1 MAX(MPH)
MISC ----> 47 190 58 190
================================================================================
NOTES:
# LAST OF SEVERAL OCCURRENCES
COLUMN 17 PEAK WIND IN M.P.H.
PRELIMINARY LOCAL CLIMATOLOGICAL DATA (WS FORM: F-6) , PAGE 2
STATION: MCCALL ID
MONTH: JUNE
YEAR: 2021
LATITUDE: 44 52 N
LONGITUDE: 116 6 W
[TEMPERATURE DATA] [PRECIPITATION DATA] SYMBOLS USED IN COLUMN 16
AVERAGE MONTHLY: 62.9 TOTAL FOR MONTH: 0.85 1 = FOG OR MIST
DPTR FM NORMAL: 7.6 DPTR FM NORMAL: -1.18 2 = FOG REDUCING VISIBILITY
HIGHEST: 96 ON 29 GRTST 24HR 0.72 ON 9-10 TO 1/4 MILE OR LESS
LOWEST: 31 ON 7 3 = THUNDER
SNOW, ICE PELLETS, HAIL 4 = ICE PELLETS
TOTAL MONTH: M 5 = HAIL
GRTST 24HR M ON M 6 = FREEZING RAIN OR DRIZZLE
GRTST DEPTH: M ON M 7 = DUSTSTORM OR SANDSTORM:
VSBY 1/2 MILE OR LESS
8 = SMOKE OR HAZE
[NO. OF DAYS WITH] [WEATHER - DAYS WITH] 9 = BLOWING SNOW
X = TORNADO
MAX 32 OR BELOW: 0 0.01 INCH OR MORE: 4
MAX 90 OR ABOVE: 4 0.10 INCH OR MORE: 2
MIN 32 OR BELOW: 1 0.50 INCH OR MORE: 1
MIN 0 OR BELOW: 0 1.00 INCH OR MORE: 0
[HDD (BASE 65) ]
TOTAL THIS MO. 115 CLEAR (SCALE 0-3) 25
DPTR FM NORMAL -184 PTCLDY (SCALE 4-7) 5
TOTAL FM JUL 1 8530 CLOUDY (SCALE 8-10) 0
DPTR FM NORMAL -138
[CDD (BASE 65) ]
TOTAL THIS MO. 62
DPTR FM NORMAL 54 [PRESSURE DATA]
TOTAL FM JAN 1 62 HIGHEST SLP 30.25 ON 16
DPTR FM NORMAL 54 LOWEST SLP 29.66 ON 7
[REMARKS]
#FINAL-06-21#