000
CXUS53 KBIS 010930
CF6N60
PRELIMINARY LOCAL CLIMATOLOGICAL DATA (WS FORM: F-6)
STATION: GARRISON (AMOS) ND
MONTH: FEBRUARY
YEAR: 2021
LATITUDE: 47 39 N
LONGITUDE: 101 23 W
TEMPERATURE IN F: :PCPN: SNOW: WIND :SUNSHINE: SKY :PK WND
================================================================================
1 2 3 4 5 6A 6B 7 8 9 10 11 12 13 14 15 16 17 18
12Z AVG MX 2MIN
DY MAX MIN AVG DEP HDD CDD WTR SNW DPTH SPD SPD DIR MIN PSBL S-S WX SPD DR
================================================================================
1 31 15 23 M 42 0 0.00 M M 8.4 14 170 M M 0 18 170
2 37 22 30 M 35 0 0.00 M M 11.5 17 160 M M 0 22 190
3 28 3 16 M 49 0 0.01 M M 18.0 31 310 M M 0 43 310
4 10 -1 5 M 60 0 0.00 M M 20.5 31 310 M M 0 39 310
5 9 -9 0 M 65 0 0.00 M M 18.3 30 330 M M 0 38 320
6 -4 -20 -12 M 77 0 0.00 M M 13.2 14 330 M M 0 16 330
7 -6 -27 -16 M 81 0 0.01 M M 6.1 13 320 M M 0 19 340
8 -3 -30 -16 M 81 0 0.00 M M 8.1 21 300 M M 0 26 310
9 1 -15 -7 M 72 0 0.00 M M 15.3 26 300 M M 0 36 290
10 -4 -20 -12 M 77 0 0.00 M M 10.9 20 310 M M 0 25 310
11 -11 -26 -18 M 83 0 0.00 M M 11.1 23 310 M M 0 29 320
12 -8 -30 -19 M 84 0 0.00 M M 9.7 18 310 M M 0 25 300
13 -13 -33 -23 M 88 0 0.01 M M 6.3 15 340 M M 0 19 340
14 -2 -33 -17 M 82 0 0.00 M M 4.4 10 300 M M 0 15 290
15 5 -23 -9 M 74 0 0.00 M M 8.8 20 130 M M 0 25 120
16 7 -14 -3 M 68 0 0.00 M M 11.9 18 150 M M 0 24 150
17 15 -11 2 M 63 0 0.00 M M 4.6 17 330 M M 0 21 340
18 19 -6 7 M 58 0 0.00 M M 10.3 21 310 M M 0 26 300
19 29 -15 7 M 58 0 0.00 M M 5.7 14 140 M M 0 18 150
20 45 7 26 M 39 0 0.00 M M 4.5 10 280 M M 0 18 270
21 46 12 29 M 36 0 0.00 M M 11.5 22 280 M M 0 29 290
22 50 29 40 M 25 0 0.01 M M 21.3 43 310 M M 0 58 310
23 35 24 30 M 35 0 0.10 M M 7.9 23 350 M M 0 32 360
24 33 15 24 M 41 0 0.00 M M 11.6 25 320 M M 0 32 310
25 45 13 29 M 36 0 0.00 M M 13.8 25 240 M M 0 34 250
26 46 22 34 M 31 0 0.00 M M 10.1 25 290 M M 0 37 300
27 22 1 12 M 53 0 0.00 M M 6.6 14 360 M M 0 19 350
28 32 -4 14 M 51 0 0.10 M M 5.7 14 60 M M 0 24 60
================================================================================
SM 494 -154 1644 0 0.24 M 296.1 M 0
================================================================================
AV 17.6 -5.5 10.6 FASTST M M 0 MAX(MPH)
MISC ----> 43 310 58 310
================================================================================
NOTES:
# LAST OF SEVERAL OCCURRENCES
COLUMN 17 PEAK WIND IN M.P.H.
PRELIMINARY LOCAL CLIMATOLOGICAL DATA (WS FORM: F-6) , PAGE 2
STATION: GARRISON (AMOS) ND
MONTH: FEBRUARY
YEAR: 2021
LATITUDE: 47 39 N
LONGITUDE: 101 23 W
[TEMPERATURE DATA] [PRECIPITATION DATA] SYMBOLS USED IN COLUMN 16
AVERAGE MONTHLY: 6.1 TOTAL FOR MONTH: 0.24 1 = FOG OR MIST
DPTR FM NORMAL: 0.0 DPTR FM NORMAL: 0.24 2 = FOG REDUCING VISIBILITY
HIGHEST: 50 ON 22 GRTST 24HR 0.10 ON 22-23 TO 1/4 MILE OR LESS
LOWEST: -33 ON 14,13 3 = THUNDER
SNOW, ICE PELLETS, HAIL 4 = ICE PELLETS
TOTAL MONTH: M 5 = HAIL
GRTST 24HR M ON M 6 = FREEZING RAIN OR DRIZZLE
GRTST DEPTH: M ON M 7 = DUSTSTORM OR SANDSTORM:
VSBY 1/2 MILE OR LESS
8 = SMOKE OR HAZE
[NO. OF DAYS WITH] [WEATHER - DAYS WITH] 9 = BLOWING SNOW
X = TORNADO
MAX 32 OR BELOW: 20 0.01 INCH OR MORE: 6
MAX 90 OR ABOVE: 0 0.10 INCH OR MORE: 2
MIN 32 OR BELOW: 28 0.50 INCH OR MORE: 0
MIN 0 OR BELOW: 17 1.00 INCH OR MORE: 0
[HDD (BASE 65) ]
TOTAL THIS MO. 1644 CLEAR (SCALE 0-3) 28
DPTR FM NORMAL M PTCLDY (SCALE 4-7) 0
TOTAL FM JUL 1 6263 CLOUDY (SCALE 8-10) 0
DPTR FM NORMAL M
[CDD (BASE 65) ]
TOTAL THIS MO. 0
DPTR FM NORMAL M [PRESSURE DATA]
TOTAL FM JAN 1 0 HIGHEST SLP 30.83 ON 14
DPTR FM NORMAL M LOWEST SLP 28.12 ON 8
[REMARKS]
#FINAL-02-21#