000
CXUS55 KPSR 011045
CLMNYL
CLIMATE REPORT
NATIONAL WEATHER SERVICE PHOENIX AZ
345 AM MST THU JUN 01 2023
...................................
...THE YUMA AZ CLIMATE SUMMARY FOR THE MONTH OF MAY 2023...
CLIMATE NORMAL PERIOD 1991 TO 2020
CLIMATE RECORD PERIOD 1876 TO 2023
WEATHER OBSERVED NORMAL DEPART LAST YEAR`S
VALUE DATE(S) VALUE FROM VALUE
NORMAL
..............................................................
TEMPERATURE (F)
RECORD
HIGH 120 05/30/1910
LOW 39 05/02/1915
HIGHEST 101 05/13 107 -6
LOWEST 57 05/10 56 1
05/06
05/05
AVG. MAXIMUM 92.2 94.3 -2.1
AVG. MINIMUM 65.7 66.9 -1.2
MEAN 79.0 80.6 -1.6
DAYS MAX >= 90 22 24.0 -2.0
DAYS MAX >= 100 3
DAYS MAX >= 110 0
DAYS MIN <= 32 0 0.0 0.0
DAYS MIN >= 90 0
PRECIPITATION (INCHES)
RECORD
MAXIMUM 0.90 1912
MINIMUM 0.00 2022
TOTALS 0.00R 0.06 -0.06
DAYS >= .01 0 0.5 -0.5
DAYS >= .10 0 0.2 -0.2
DAYS >= .50 0 0.0 0.0
DAYS >= 1.00 0 0.0 0.0
GREATEST
24 HR. TOTAL 0.00 04/30 TO 04/30
DEGREE DAYS
HEATING TOTAL 0 1 -1
SINCE 7/1 928 677 251
COOLING TOTAL 441 484 -43
SINCE 1/1 758 901 -143
..............................................................
WIND (MPH)
AVERAGE WIND SPEED 8.1
HIGHEST GUST SPEED/DIRECTION 37/290 DATE 05/10
AVERAGE RH (PERCENT) 32
WEATHER CONDITIONS. NUMBER OF DAYS WITH
THUNDERSTORM 0 HEAVY RAIN 0
RAIN 0 LIGHT RAIN 0
FOG W/VIS <= 1/4 MILE 0
- INDICATES NEGATIVE NUMBERS.
R INDICATES RECORD WAS SET OR TIED.
MM INDICATES DATA IS MISSING.
T INDICATES TRACE AMOUNT.
$$