000
CXUS53 KOAX 011003
CF6OAX
PRELIMINARY LOCAL CLIMATOLOGICAL DATA (WS FORM: F-6)
STATION: VALLEY NWS NE
MONTH: MARCH
YEAR: 2022
LATITUDE: 41 19 N
LONGITUDE: 96 22 W
TEMPERATURE IN F: :PCPN: SNOW: WIND :SUNSHINE: SKY :PK WND
================================================================================
1 2 3 4 5 6A 6B 7 8 9 10 11 12 13 14 15 16 17 18
12Z AVG MX 2MIN
DY MAX MIN AVG DEP HDD CDD WTR SNW DPTH SPD SPD DIR MIN PSBL S-S WX SPD DR
================================================================================
1 74 29 52 19 13 0 0.00 0.0 0 M M M M M M 24 M
2 79 31 55 21 10 0 0.00 0.0 0 M M M M M M 31 M
3 49 29 39 5 26 0 0.00 0.0 0 M M M M M M 24 M
4 63 31 47 12 18 0 0.05 0.0 0 M M M M M M 3 33 M
5 55 27 41 6 24 0 0.14 T 0 M M M M M M 13 35 M
6 34 23 29 -7 36 0 0.01 0.1 0 M M M M M M 32 M
7 39 20 30 -6 35 0 0.09 1.5 2 M M M M M M 36 M
8 51 20 36 -1 29 0 0.00 0.0 T M M M M M M 35 M
9 27 19 23 -14 42 0 T T 0 M M M M M M 25 M
10 30 19 25 -13 40 0 T T 0 M M M M M M 17 M
11 26 8 17 -21 48 0 0.00 0.0 0 M M M M M M 39 M
12 37 6 22 -16 43 0 0.00 0.0 0 M M M M M M 29 M
13 64 26 45 6 20 0 0.00 0.0 0 M M M M M M 23 M
14 59 33 46 7 19 0 0.00 0.0 0 M M M M M M 31 M
15 62 24 43 3 22 0 0.00 0.0 0 M M M M M M 12 18 M
16 74 36 55 15 10 0 0.00 0.0 0 M M M M M M 24 M
17 55 42 49 8 16 0 0.05 0.0 0 M M M M M M 31 M
18 52 32 42 1 23 0 0.09 T 0 M M M M M M 32 M
19 68 23 46 4 19 0 0.00 0.0 0 M M M M M M 24 M
20 76 34 55 13 10 0 0.00 0.0 0 M M M M M M 38 M
21 76 43 60 18 5 0 0.12 0.0 0 M M M M M M 29 M
22 43 35 39 -4 26 0 0.50 T 0 M M M M M M 49 M
23 39 35 37 -6 28 0 0.02 T 0 M M M M M M 40 M
24 43 33 38 -6 27 0 0.01 T 0 M M M M M M 23 M
25 56 31 44 0 21 0 0.00 0.0 0 M M M M M M 47 M
26 48 28 38 -7 27 0 0.00 0.0 0 M M M M M M 24 M
27 40 24 32 -13 33 0 0.00 0.0 0 M M M M M M 16 M
28 55 27 41 -4 24 0 0.00 0.0 0 M M M M M M 31 M
29 66 38 52 6 13 0 0.00 0.0 0 M M M M M M 40 M
30 54 30 42 -4 23 0 0.01 0.2 0 M M M M M M 43 M
31 46 28 37 -9 28 0 0.01 0.2 T M M M M M M 32 M
================================================================================
SM 1640 864 758 0 1.10 2.0 M M M
================================================================================
AV 52.9 27.9 M FASTST M M M MAX(MPH)
MISC ----> M M 49 9999
================================================================================
NOTES:
# LAST OF SEVERAL OCCURRENCES
COLUMN 17 PEAK WIND IN M.P.H.
PRELIMINARY LOCAL CLIMATOLOGICAL DATA (WS FORM: F-6) , PAGE 2
STATION: VALLEY NWS NE
MONTH: MARCH
YEAR: 2022
LATITUDE: 41 19 N
LONGITUDE: 96 22 W
[TEMPERATURE DATA] [PRECIPITATION DATA] SYMBOLS USED IN COLUMN 16
AVERAGE MONTHLY: 40.4 TOTAL FOR MONTH: 1.10 1 = FOG OR MIST
DPTR FM NORMAL: 0.2 DPTR FM NORMAL: -0.68 2 = FOG REDUCING VISIBILITY
HIGHEST: 79 ON 2 GRTST 24HR 0.62 ON 21-22 TO 1/4 MILE OR LESS
LOWEST: 6 ON 12 3 = THUNDER
SNOW, ICE PELLETS, HAIL 4 = ICE PELLETS
TOTAL MONTH: 2.0 INCHES 5 = HAIL
GRTST 24HR 1.6 ON 6- 7 6 = FREEZING RAIN OR DRIZZLE
GRTST DEPTH: 2 ON 7 7 = DUSTSTORM OR SANDSTORM:
VSBY 1/2 MILE OR LESS
8 = SMOKE OR HAZE
[NO. OF DAYS WITH] [WEATHER - DAYS WITH] 9 = BLOWING SNOW
X = TORNADO
MAX 32 OR BELOW: 3 0.01 INCH OR MORE: 12
MAX 90 OR ABOVE: 0 0.10 INCH OR MORE: 3
MIN 32 OR BELOW: 22 0.50 INCH OR MORE: 1
MIN 0 OR BELOW: 0 1.00 INCH OR MORE: 0
[HDD (BASE 65) ]
TOTAL THIS MO. 758 CLEAR (SCALE 0-3) 0
DPTR FM NORMAL -14 PTCLDY (SCALE 4-7) 0
TOTAL FM JUL 1 4823 CLOUDY (SCALE 8-10) 31
DPTR FM NORMAL -554
[CDD (BASE 65) ]
TOTAL THIS MO. 0
DPTR FM NORMAL -1 [PRESSURE DATA]
TOTAL FM JAN 1 0 HIGHEST SLP M ON M
DPTR FM NORMAL -1 LOWEST SLP M ON M
[REMARKS]
#FINAL-03-22#