000
CXUS53 KOAX 011532 RRA
CF6OFK
PRELIMINARY LOCAL CLIMATOLOGICAL DATA (WS FORM: F-6)
STATION: NORFOLK NE
MONTH: JANUARY
YEAR: 2023
LATITUDE: 41 58 N
LONGITUDE: 97 26 W
TEMPERATURE IN F: :PCPN: SNOW: WIND :SUNSHINE: SKY :PK WND
================================================================================
1 2 3 4 5 6A 6B 7 8 9 10 11 12 13 14 15 16 17 18
12Z AVG MX 2MIN
DY MAX MIN AVG DEP HDD CDD WTR SNW DPTH SPD SPD DIR MIN PSBL S-S WX SPD DR
================================================================================
1 44 28 36 14 29 0 0.00 0.0 0 3.0 10 330 M M 5 1 12 330
2 35 31 33 11 32 0 0.21 0.0 0 12.0 25 50 M M 8 16 39 60
3 34 24 29 7 36 0 0.44 4.7 4 16.5 25 330 M M 10 12368 32 340
4 30 26 28 6 37 0 0.01 0.1 3 15.6 22 310 M M 10 18 30 320
5 30 13 22 0 43 0 0.00 0.0 3 10.2 22 320 M M 3 29 320
6 34 11 23 1 42 0 0.00 0.0 3 4.6 10 60 M M 1 12 70
7 30 8 19 -3 46 0 0.00 0.0 2 3.1 10 330 M M 4 18 12 310
8 38 14 26 4 39 0 0.00 0.0 1 2.6 8 200 M M 1 18 11 190
9 44 21 33 11 32 0 0.00 0.0 1 7.4 13 280 M M 0 18 17 200
10 44 23 34 12 31 0 0.00 0.0 1 4.8 14 140 M M 1 17 140
11 33 25 29 7 36 0 T T 1 14.2 28 340 M M 2 18 37 350
12 28 18 23 1 42 0 T T 1 17.3 30 350 M M 10 18 39 340
13 28 16 22 0 43 0 0.00 0.0 1 7.1 14 200 M M 7 128 19 170
14 40 26 33 11 32 0 0.00 0.0 T 10.4 18 170 M M 0 26 170
15 39 25 32 10 33 0 0.00 0.0 T 5.3 15 170 M M 2 18 170
16 36 32 34 12 31 0 0.06 T T 12.9 22 300 M M 10 18 29 300
17 34 25 30 8 35 0 0.00 0.0 T 9.7 22 320 M M 9 27 330
18 28 22 25 3 40 0 0.51 6.3 6 12.6 22 50 M M 8 12 31 50
19 27 23 25 3 40 0 0.09 1.0 7 15.5 23 330 M M 10 1 30 330
20 32 16 24 2 41 0 0.00 0.0 7 4.8 10 230 M M 5 12 14 330
21 31 9 20 -2 45 0 0.00 0.0 6 3.2 8 300 M M 4 1 9 300
22 28 3 16 -6 49 0 0.00 0.0 6 4.9 12 290 M M 2 12 13 290
23 37 0 19 -3 46 0 0.00 0.0 6 5.5 20 330 M M 4 18 25 320
24 35 13 24 2 41 0 0.00 0.0 6 5.3 17 210 M M 2 128 23 210
25 30 8 19 -3 46 0 0.00 0.0 5 14.9 30 320 M M 6 8 40 330
26 35 8 22 0 43 0 T T 4 11.3 26 200 M M 7 36 210
27 40 24 32 10 33 0 0.02 0.8 4 13.7 33 320 M M 6 1 46 310
28 24 2 13 -10 52 0 0.24 2.8 6 17.7 25 350 M M 10 18 33 40
29 5 -5 0 -23 65 0 T T 6 9.8 22 350 M M 7 8 27 340
30 9 -8 1 -22 64 0 0.00 0.0 6 5.6 13 200 M M 2 8 17 200
31 18 -4 7 -16 58 0 0.00 0.0 6 8.8 16 210 M M 0 20 210
================================================================================
SM 980 477 1282 0 1.58 15.7 290.3 M 156
================================================================================
AV 31.6 15.4 9.4 FASTST M M 5 MAX(MPH)
MISC ----> 33 320 46 310
================================================================================
NOTES:
# LAST OF SEVERAL OCCURRENCES
COLUMN 17 PEAK WIND IN M.P.H.
PRELIMINARY LOCAL CLIMATOLOGICAL DATA (WS FORM: F-6) , PAGE 2
STATION: NORFOLK NE
MONTH: JANUARY
YEAR: 2023
LATITUDE: 41 58 N
LONGITUDE: 97 26 W
[TEMPERATURE DATA] [PRECIPITATION DATA] SYMBOLS USED IN COLUMN 16
AVERAGE MONTHLY: 23.5 TOTAL FOR MONTH: 1.58 1 = FOG OR MIST
DPTR FM NORMAL: 1.2 DPTR FM NORMAL: 0.97 2 = FOG REDUCING VISIBILITY
HIGHEST: 44 ON 10, 9 GRTST 24HR 0.65 ON 2-3 TO 1/4 MILE OR LESS
LOWEST: -8 ON 30 3 = THUNDER
SNOW, ICE PELLETS, HAIL 4 = ICE PELLETS
TOTAL MONTH: 15.7 INCHES 5 = HAIL
GRTST 24HR 7.3 ON 18-19 6 = FREEZING RAIN OR DRIZZLE
GRTST DEPTH: 7 ON 20,19 7 = DUSTSTORM OR SANDSTORM:
VSBY 1/2 MILE OR LESS
8 = SMOKE OR HAZE
[NO. OF DAYS WITH] [WEATHER - DAYS WITH] 9 = BLOWING SNOW
X = TORNADO
MAX 32 OR BELOW: 15 0.01 INCH OR MORE: 8
MAX 90 OR ABOVE: 0 0.10 INCH OR MORE: 4
MIN 32 OR BELOW: 31 0.50 INCH OR MORE: 1
MIN 0 OR BELOW: 4 1.00 INCH OR MORE: 0
[HDD (BASE 65) ]
TOTAL THIS MO. 1282 CLEAR (SCALE 0-3) 12
DPTR FM NORMAL -43 PTCLDY (SCALE 4-7) 11
TOTAL FM JUL 1 3935 CLOUDY (SCALE 8-10) 8
DPTR FM NORMAL -39
[CDD (BASE 65) ]
TOTAL THIS MO. 0
DPTR FM NORMAL 0 [PRESSURE DATA]
TOTAL FM JAN 1 0 HIGHEST SLP 30.63 ON 30
DPTR FM NORMAL 0 LOWEST SLP 29.39 ON 16
[REMARKS]
#FINAL-01-23#