000
CXUS54 KOUN 011740
CLMOKC
CLIMATE REPORT
NATIONAL WEATHER SERVICE NORMAN OK
1240 PM CDT SAT JUL 01 2023
...................................
...THE OKLAHOMA CITY CLIMATE SUMMARY FOR THE MONTH OF JUNE 2023...
CLIMATE NORMAL PERIOD 1991 TO 2020
CLIMATE RECORD PERIOD 1890 TO 2023
WEATHER OBSERVED NORMAL DEPART LAST YEAR`S
VALUE DATE(S) VALUE FROM VALUE
NORMAL
..............................................................
TEMPERATURE (F)
RECORD
HIGH 107 06/22/1936
LOW 46 06/02/1917
HIGHEST 98 97 1 99
LOWEST 61 56 5 59
AVG. MAXIMUM 87.1 87.5 -0.4 89.0
AVG. MINIMUM 66.5 66.2 0.3 68.5
MEAN 76.8 76.9 -0.1 78.8
DAYS MAX >= 90 10 13.8 -3.8 16
DAYS MAX <= 32 0 0.0 0.0 0
DAYS MIN <= 32 0 0.0 0.0 0
DAYS MIN <= 0 0 0.0 0.0 0
PRECIPITATION (INCHES)
RECORD
MAXIMUM 14.66 1989
MINIMUM 0.02 1914
TOTALS 3.25 4.49 -1.24 3.31
DAILY AVG. 0.11 0.15 -0.04 0.11
DAYS >= .01 11 8.6 2.4 5
DAYS >= .10 7 6.1 0.9 5
DAYS >= .50 3 3.0 0.0 2
DAYS >= 1.00 0 1.4 -1.4 2
GREATEST
24 HR. TOTAL 1.17 06/22 TO 06/23
DEGREE DAYS
COOLING TOTAL 363 356 7 419
SINCE 1/1 556 552 4 MM
..............................................................
WIND (MPH)
AVERAGE WIND SPEED 8.5
HIGHEST WIND SPEED/DIRECTION 52/340 DATE 06/17
HIGHEST GUST SPEED/DIRECTION 64/340 DATE 06/17
WEATHER CONDITIONS. NUMBER OF DAYS WITH
THUNDERSTORM 14 MIXED PRECIP 0
HEAVY RAIN 4 RAIN 6
LIGHT RAIN 15 FREEZING RAIN 0
LT FREEZING RAIN 0 HAIL 0
HEAVY SNOW 0 SNOW 0
LIGHT SNOW 0 SLEET 0
FOG 9 FOG W/VIS <= 1/4 MILE 0
HAZE 0
- INDICATES NEGATIVE NUMBERS.
R INDICATES RECORD WAS SET OR TIED.
MM INDICATES DATA IS MISSING.
T INDICATES TRACE AMOUNT.
$$
RECORDS/REMARKS
RECORD COLD MAXIMUM TEMPERATURE OF 67 DEGREES SET ON JUNE 12TH
JANUARY-JUNE 2023 PRECIPITATION TOTAL IS 18.45