000
CXUS55 KGGW 010810
CF6OLF
PRELIMINARY LOCAL CLIMATOLOGICAL DATA (WS FORM: F-6)
STATION: WOLF POINT MT
MONTH: SEPTEMBER
YEAR: 2020
LATITUDE: 48 5 N
LONGITUDE: 105 35 W
TEMPERATURE IN F: :PCPN: SNOW: WIND :SUNSHINE: SKY :PK WND
================================================================================
1 2 3 4 5 6A 6B 7 8 9 10 11 12 13 14 15 16 17 18
12Z AVG MX 2MIN
DY MAX MIN AVG DEP HDD CDD WTR SNW DPTH SPD SPD DIR MIN PSBL S-S WX SPD DR
================================================================================
1 84 37 61 -3 4 0 T M M 11.8 32 300 M M 2 8 44 300
2 91 46 69 6 0 4 0.00 M M 13.7 44 320 M M 2 54 320
3 78 44 61 -2 4 0 0.00 M M 7.7 17 290 M M 2 8 26 350
4 86 42 64 2 1 0 0.00 M M 5.6 16 300 M M 2 8 20 300
5 92 47 70 8 0 5 0.00 M M 6.5 21 360 M M 0 8 27 360
6 73 52 63 2 2 0 0.03 M M 9.8 23 320 M M 5 29 320
7 55 30 43 -18 22 0 0.48 M M 8.8 23 360 M M 7 1 30 30
8 56 24 40 -20 25 0 0.00 M M 2.6 13 290 M M 1 19 290
9 70 29 50 -10 15 0 0.00 M M 4.7 13 260 M M 1 18 230
10 78 36 57 -3 8 0 0.00 M M 2.7 10 50 M M 0 12 110
11 79 38 59 0 6 0 0.00 M M 3.8 10 70 M M 0 8 12 60
12 83 39 61 2 4 0 0.00 M M 6.4 18 50 M M 0 24 50
13 66 42 54 -4 11 0 0.00 M M 9.5 16 80 M M 0 19 80
14 79 41 60 2 5 0 0.00 M M 4.9 12 280 M M 2 8 15 280
15 72 38 55 -2 10 0 0.00 M M 4.1 16 20 M M 3 18 22 20
16 64 38 51 -6 14 0 0.00 M M 2.8 8 80 M M 2 18 11 10
17 73 37 55 -1 10 0 0.00 M M 3.3 12 80 M M 0 8 13 80
18 82 40 61 5 4 0 0.00 M M 6.9 14 110 M M 0 18 17 90
19 80 49 65 9 0 0 0.00 M M 11.3 26 280 M M 0 18 33 290
20 71 50 61 6 4 0 0.02 M M 13.7 32 270 M M 3 128 45 280
21 79 44 62 7 3 0 0.00 M M 5.6 14 250 M M 0 18 19 260
22 88 37 63 9 2 0 0.00 M M 5.9 18 80 M M 0 23 80
23 72 49 61 7 4 0 0.00 M M 3.5 12 280 M M 1 8 13 70
24 88 48 68 15 0 3 0.00 M M 8.6 31 300 M M 0 8 40 300
25 74 43 59 6 6 0 0.00 M M 7.7 21 270 M M 2 27 270
26 69 39 54 2 11 0 T M M 14.2 35 300 M M 1 3 48 270
27 67 40 54 2 11 0 0.00 M M 15.3 30 310 M M 3 43 300
28 72 34 53 1 12 0 0.00 M M 8.1 18 260 M M 0 24 240
29 80 44 62 11 3 0 0.00 M M 10.6 25 10 M M 1 33 360
30 64 31 48 -3 17 0 0.00 M M 15.1 33 330 M M 0 48 300
================================================================================
SM 2265 1208 218 12 0.53 M 235.2 M 40
================================================================================
AV 75.5 40.3 7.8 FASTST M M 1 MAX(MPH)
MISC ----> 44 320 54 320
================================================================================
NOTES:
# LAST OF SEVERAL OCCURRENCES
COLUMN 17 PEAK WIND IN M.P.H.
PRELIMINARY LOCAL CLIMATOLOGICAL DATA (WS FORM: F-6) , PAGE 2
STATION: WOLF POINT MT
MONTH: SEPTEMBER
YEAR: 2020
LATITUDE: 48 5 N
LONGITUDE: 105 35 W
[TEMPERATURE DATA] [PRECIPITATION DATA] SYMBOLS USED IN COLUMN 16
AVERAGE MONTHLY: 57.9 TOTAL FOR MONTH: 0.53 1 = FOG OR MIST
DPTR FM NORMAL: 0.8 DPTR FM NORMAL: -0.48 2 = FOG REDUCING VISIBILITY
HIGHEST: 92 ON 5 GRTST 24HR 0.51 ON 6- 7 TO 1/4 MILE OR LESS
LOWEST: 24 ON 8 3 = THUNDER
SNOW, ICE PELLETS, HAIL 4 = ICE PELLETS
TOTAL MONTH: M 5 = HAIL
GRTST 24HR M ON M 6 = FREEZING RAIN OR DRIZZLE
GRTST DEPTH: M ON M 7 = DUSTSTORM OR SANDSTORM:
VSBY 1/2 MILE OR LESS
8 = SMOKE OR HAZE
[NO. OF DAYS WITH] [WEATHER - DAYS WITH] 9 = BLOWING SNOW
X = TORNADO
MAX 32 OR BELOW: 0 0.01 INCH OR MORE: 3
MAX 90 OR ABOVE: 2 0.10 INCH OR MORE: 1
MIN 32 OR BELOW: 4 0.50 INCH OR MORE: 0
MIN 0 OR BELOW: 0 1.00 INCH OR MORE: 0
[HDD (BASE 65) ]
TOTAL THIS MO. 218 CLEAR (SCALE 0-3) 27
DPTR FM NORMAL -45 PTCLDY (SCALE 4-7) 3
TOTAL FM JUL 1 241 CLOUDY (SCALE 8-10) 0
DPTR FM NORMAL -82
[CDD (BASE 65) ]
TOTAL THIS MO. 12
DPTR FM NORMAL -15 [PRESSURE DATA]
TOTAL FM JAN 1 504 HIGHEST SLP M ON M
DPTR FM NORMAL 56 LOWEST SLP 29.47 ON 2
[REMARKS]
#FINAL-09-20#